Campiña-No se requiere un especial cuidado respecto a la situación meteorológica.   -   No hay avisos

Informes Estilo NOAA


Informe 2021 Marzo
                   Monthly Climatological Summary for mar. 2021

Name: tiempoensevilla.es   City: Sevilla   State: España
Elevation: 6 m  Lat: N 37° 22' 59"   Lon: W 005° 59' 08"

                  Temperature (°C), Rain (mm), Wind Speed (km/h)

                                      Heat  Cool        Avg
    Mean                              Deg   Deg         Wind                 Dom
Day Temp  High   Time   Low    Time   Days  Days  Rain  Speed High   Time    Dir
----------------------------------------------------------------------------------
01  15,9  20,3   17:19  12,1   03:54   2,7   0,3   0,0   5,6  29,0   12:31   ENE
02  16,8  21,7   16:41  12,9   08:26   2,1   0,6   0,0   2,6  17,7   17:04   NNO
03  16,2  21,5   17:05  11,8   09:04   2,8   0,7   0,0   3,7  17,7   15:32   ENE
04  15,4  20,1   16:00  11,5   07:10   3,1   0,2   0,0   4,6  19,3   20:47   ENE
05  13,4  15,4   00:06  11,4   10:40   4,9   0,0  12,0   6,4  27,4   17:58   ENE
06  14,1  17,8   14:47  11,4   02:55   4,2   0,0   0,8   5,4  24,1   11:26   ENE
07  14,9  19,7   14:39  13,1   09:15   3,5   0,1   1,8   2,6  29,0   17:13   OSO
08  13,5  16,8   16:49  10,4   08:07   4,8   0,0   0,0   3,7  24,1   14:44   OSO
09  14,1  18,8   17:10   9,4   08:46   4,2   0,0   0,0   3,9  19,3   15:08    NE
10  15,0  21,2   17:18   9,7   08:19   3,7   0,4   0,0   4,0  20,9   20:50    NO
11  15,6  22,9   17:21   8,9   07:50   3,4   0,7   0,0   4,3  20,9   18:42   ONO
12  16,4  21,9   15:01  11,4   07:35   2,6   0,7   0,0   6,4  29,0   14:20     N
13  15,6  22,4   17:20   9,8   07:42   3,3   0,7   0,0   5,1  22,5   19:12     N
14  16,6  22,4   17:23  10,3   07:25   2,7   1,1   0,0   7,3  40,2   14:14   ENE
15  17,8  23,8   16:29  11,8   08:13   2,2   1,6   0,0   7,5  27,4   10:59   ENE
16  18,1  24,3   16:04  11,5   05:49   2,1   1,9   0,0   7,7  30,6   11:37     E
17  17,8  24,2   17:17  11,8   05:57   2,2   1,7   0,0   8,7  35,4   13:26     E
18  16,4  22,2   16:01  11,6   05:09   2,7   0,8   0,0  11,1  41,8   11:25   ENE
19  14,4  18,9   16:34  10,0   07:41   3,9   0,0   0,0   8,9  37,0   16:11    NE
20  13,6  17,7   17:25   9,7   07:20   4,7   0,0   0,8  11,9  48,3   10:40   ENE
21  13,2  19,5   18:35   8,3   07:10   5,1   0,0   0,0   6,3  24,0   10:23   NNE
22  15,0  22,3   17:01   8,2   07:43   3,9   0,7   0,0  ----  26,0   18:51   ONO
23  15,3  23,5   16:19   8,7   07:00   3,8   0,9   0,0  ----  27,0   18:29   OSO
24  15,7  23,7   17:29  11,1   05:44   3,5   1,0   0,0  ----  24,0   18:51    SO
25  15,6  23,0   17:26  10,8   08:24   3,5   0,8   0,0  ----  19,0   15:48   OSO
26  17,1  24,8   17:29   9,9   07:39   2,9   1,7   0,0  ----  18,0   08:41     N
27  19,5  26,7   17:11  13,3   06:45   1,4   2,6   0,0  ----  26,0   10:19   ENE
28  19,6  26,6   18:18  14,6   05:43   1,0   2,2   0,0  ----  24,0   03:53   ESE
29  20,6  26,8   17:09  16,1   09:13   0,5   2,8   0,0  ----  26,0   06:42     E
30  20,9  27,6   15:58  16,4   09:14   0,3   3,0   0,0  ----  35,0   00:50     E
31  23,1  30,6   16:14  17,1   07:14   0,1   4,9   0,0  ----  35,0   12:29     E
----------------------------------------------------------------------------------
    16,4  30,6    31     8,2    22    91,8  32,1  15,4   6,1  48,3    20      NE

Max >=  30,0  1
Max <=  20,0  8
Min <=  30,0 31
Min <=   0,0  0
Max Rain: 12,0 on day 5
Days of Rain: 4 (>= 0,2 mm)  1 (>= 2,0 mm)  0 (>= 20,0 mm)
Heat Base: 18,3  Cool Base: 18,3  Method: Integration