No se requiere un especial cuidado respecto a la situación meteorológica.   -   No hay avisos

Informes Estilo NOAA


Informe 2016 Julio
                   Monthly Climatological Summary for jul 2016

Name: tiempoensevilla.es   City: Sevilla   State: España
Elevation: 6 m  Lat: N 37° 23' 01"   Lon: W 005° 59' 08"

                  Temperature (°C), Rain (mm), Wind Speed (km/h)

                                      Heat  Cool        Avg
    Mean                              Deg   Deg         Wind                 Dom
Day Temp  High   Time   Low    Time   Days  Days  Rain  Speed High   Time    Dir
----------------------------------------------------------------------------------
 1  26,8  33,8   17:32  20,6   07:02   0,0   8,5   0,0   2,1  25,7   18:31   SSO
 2  28,9  38,4   18:37  20,9   06:31   0,0  10,6   0,0   0,6  14,5   02:11    SO
 3  30,4  37,6   14:06  24,6   07:54   0,0  12,1   0,0   4,0  37,0   17:03    SO
 4  27,0  31,8   17:26  22,5   08:07   0,0   8,7   0,0   3,9  25,7   12:54    SO
 5  26,9  33,2   17:57  21,8   05:39   0,0   8,6   0,0   3,0  25,7   16:45   SSO
 6  27,2  33,1   19:03  22,3   05:42   0,0   8,9   0,0   2,0  25,7   19:37    SO
 7  26,5  30,5   19:41  23,7   08:24   0,0   8,2   0,0   2,6  27,4   15:22    SO
 8  29,3  38,4   18:29  20,9   05:33   0,0  11,0   0,0   2,1  29,0   14:56    NE
 9  32,5  41,5   19:38  26,3   03:03   0,0  14,2   0,0   1,9  33,8   20:29    SO
10  31,5  38,6   18:25  25,9   06:40   0,0  13,2   0,0   2,5  29,0   19:56    SO
11  30,7  36,8   16:29  26,2   06:46   0,0  12,4   0,0   2,8  29,0   18:54   SSO
12  31,4  38,4   17:48  24,2   08:28   0,0  13,1   0,0   2,0  19,3   18:25    NO
13  30,7  37,3   17:32  25,4   07:19   0,0  12,4   0,0   2,2  29,0   18:43    SO
14  29,8  37,5   19:38  23,8   07:20   0,0  11,5   0,0   2,3  24,1   18:32   NNE
15  30,7  38,2   17:56  24,9   07:14   0,0  12,4   0,0   3,5  29,0   18:29     S
16  30,2  38,4   17:28  23,4   07:16   0,0  11,9   0,0   3,5  20,9   10:56     S
17  30,0  37,6   17:45  23,1   07:00   0,0  11,7   0,0   3,4  24,1   19:30   SSO
18  30,6  37,7   18:08  22,8   08:02   0,0  12,3   0,0   3,3  22,5   18:39   SSO
19  31,6  40,1   17:14  25,6   06:16   0,0  13,3   0,0   3,0  27,4   14:34   ENE
20  31,4  35,4   18:41  26,6   23:57   0,0  13,1   0,0   3,9  30,6   15:14    SO
21  29,6  37,0   16:51  23,2   07:27   0,0  11,3   0,0   2,9  33,8   18:40   SSO
22  28,2  34,3   16:51  22,6   07:27   0,0   9,9   0,0   5,0  30,6   18:08   OSO
23  28,7  37,5   17:59  22,7   07:27   0,0  10,4   0,0   1,8  22,5   20:50    SO
24  30,8  39,3   19:05  24,1   07:34   0,0  12,5   0,0   3,0  25,7   22:12   ONO
----------------------------------------------------------------------------------
    29,6  41,5     9    20,6     1     0,0 272,2   0,0   2,8  37,0     3      SO

Max >=  30,0: 24
Max <=  20,0:  0
Min <=  30,0: 24
Min <=   0,0:  0
Max Rain: 0,0 on day 0
Days of Rain: 0 (>= 0,2 mm)  0 (>= 2,0 mm)  0 (>= 20,0 mm)
Heat Base: 18,3  Cool Base: 18,3  Method: Integration