Campiña-No se requiere un especial cuidado respecto a la situación meteorológica.   -   No hay avisos

Informes Estilo NOAA


Informe 2021 Octubre
                   Monthly Climatological Summary for oct. 2021

Name: tiempoensevilla.es   City: Sevilla   State: España
Elevation: 6 m  Lat: N 37° 22' 59"   Lon: W 005° 59' 08"

                  Temperature (°C), Rain (mm), Wind Speed (km/h)

                                      Heat  Cool        Avg
    Mean                              Deg   Deg         Wind                 Dom
Day Temp  High   Time   Low    Time   Days  Days  Rain  Speed High   Time    Dir
----------------------------------------------------------------------------------
01  24,1  31,6   18:43  19,2   08:42   0,0   5,8   0,0   4,1  23,0   21:36   OSO
02  23,8  30,1   17:16  19,6   08:21   0,0   5,5   0,0   5,0  29,0   17:24   OSO
03  20,1  24,1   17:52  17,0   08:27   0,2   2,0   1,6   7,4  37,0   13:03     O
04  19,8  26,0   18:32  15,2   08:48   0,8   2,3   0,0   5,0  19,0   11:28   NNE
05  21,5  28,3   18:54  15,8   08:31   0,4   3,7   0,0   4,6  21,0   10:48    NE
06  24,9  32,3   17:27  19,4   08:26   0,0   6,6   0,0   6,8  31,0   11:53   ENE
07  24,7  31,9   19:11  18,7   08:28   0,0   6,4   0,0   5,6  24,0   12:37    NE
08  23,8  31,9   17:31  17,4   09:03   0,1   5,6   0,0   3,7  23,0   19:43   OSO
09  22,8  29,6   18:58  16,8   08:34   0,1   4,6   0,0   3,3  16,0   00:13     O
10  24,3  31,1   17:35  18,0   08:01   0,0   6,0   0,0   6,3  27,0   12:54     E
11  24,3  31,2   17:43  18,1   08:38   0,0   6,0   0,0   7,6  32,0   12:26     E
12  23,5  30,2   18:09  18,6   08:34   0,0   5,2   0,0   5,9  24,0   20:11    NE
13  23,1  30,9   18:10  17,2   09:17   0,1   4,8   0,0   3,8  19,0   23:07   ONO
14  23,0  29,9   18:19  17,4   08:33   0,1   4,7   0,0   5,2  19,0   10:29   ENE
15  22,5  29,5   17:58  16,7   06:31   0,3   4,4   0,0   4,2  16,0   02:37   NNO
16  22,2  28,9   16:35  17,3   08:34   0,1   3,9   0,0   3,7  24,0   19:25   OSO
17  23,6  29,9   18:02  18,2   08:24   0,0   5,2   0,0   2,6  19,0   00:12   ENE
18  25,2  30,9   17:03  20,4   08:43   0,0   6,9   0,0   4,0  19,0   14:02   ENE
19  24,8  31,4   16:40  19,1   07:32   0,0   6,5   0,0   4,2  26,0   19:26    NE
20  23,8  30,0   17:50  18,7   08:43   0,0   5,5   0,0   4,1  16,0   06:19   NNE
21  22,8  28,2   18:34  19,1   09:32   0,0   4,5   0,0   3,7  19,0   19:50   NNO
22  20,1  26,2   18:28  15,3   08:18   0,7   2,5   0,0   4,3  18,0   00:09    NO
23  20,5  25,8   17:55  15,5   06:54   0,6   2,8   0,0   3,3  18,0   10:20   NNE
24  20,3  26,8   16:37  13,7   08:41   1,0   2,9   0,0   4,4  21,0   09:48   NNE
25  20,3  26,2   17:06  14,4   08:19   0,9   2,9   0,0   3,6  21,0   09:43    NE
26  20,4  26,2   16:18  15,1   09:24   0,6   2,7   0,0   5,4  26,0   18:04   ENE
----------------------------------------------------------------------------------
    22,7  32,3     6    13,7    24     6,0 119,9   1,6   4,7  37,0     3     NNE

Max >=  30,0 12
Max <=  20,0  0
Min <=  30,0 26
Min <=   0,0  0
Max Rain: 1,6 on day 3
Days of Rain: 1 (>= 0,2 mm)  0 (>= 2,0 mm)  0 (>= 20,0 mm)
Heat Base: 18,3  Cool Base: 18,3  Method: Integration