Avisos AEMET Campiña SevillanaSin Avisos+ INFO
Sevilla, Andalucía, España
Idioma: es English Français Deutsch Italiano Português Español
 

Informes Estilo NOAA


Informe 2024 Abril
                   Monthly Climatological Summary for abr. 2024

Name: tiempoensevilla.es   City: Sevilla   State: España
Elevation: 6 m  Lat: N 37° 22' 59"   Lon: W 005° 59' 08"

                  Temperature (°C), Rain (mm), Wind Speed (km/h)

                                      Heat  Cool        Avg
    Mean                              Deg   Deg         Wind                 Dom
Day Temp  High   Time   Low    Time   Days  Days  Rain  Speed High   Time    Dir
----------------------------------------------------------------------------------
01  14,1  19,4   17:26   9,1   07:53   4,3   0,1   0,2   4,6  32,0   16:51   OSO
02  15,4  20,9   17:44  10,2   07:54   3,4   0,5   0,0   4,7  26,0   18:06     O
03  16,8  22,4   18:47  13,7   09:56   2,2   0,7   1,6   1,6  13,0   15:36    NE
04  19,2  26,2   18:07  12,4   07:44   1,8   2,7   0,0   3,5  21,0   12:27    NE
05  21,6  30,9   18:48  13,8   08:42   1,0   4,4   0,0   5,1  23,0   11:03   ENE
06  21,7  26,9   16:09  17,1   07:30   0,1   3,5   0,0   3,8  16,0   07:57     N
07  21,9  26,6   18:29  18,7   08:19   0,0   3,6   0,0   5,6  27,0   21:19   ONO
08  17,5  21,4   20:05  13,3   07:49   1,3   0,5   2,2   6,4  34,0   15:37     O
09  16,7  22,7   18:12  11,4   07:05   2,7   1,1   0,0  10,3  42,0   15:10    NE
10  19,2  25,5   17:53  11,9   07:46   1,7   2,6   0,0   9,0  32,0   11:14   ENE
11  22,8  29,3   18:30  16,5   08:04   0,2   4,7   0,0   8,7  42,0   13:32   ENE
12  20,9  27,8   18:10  14,1   07:00   0,9   3,5   0,0   7,1  27,0   12:09   ENE
13  21,4  29,1   18:14  13,9   07:54   0,7   3,8   0,0   6,3  27,0   21:55   ENE
14  22,4  29,6   17:36  15,1   07:14   0,5   4,6   0,0   5,7  24,0   12:50    NE
15  23,3  31,3   18:43  16,4   08:49   0,2   5,2   0,0   2,7  21,0   19:01     O
16  24,9  32,6   17:53  18,3   07:53   0,0   6,6   0,0   3,1  26,0   20:21   ONO
17  22,5  29,8   16:29  17,4   08:05   0,0   4,2   0,0   4,0  29,0   18:55    SO
18  20,1  25,9   17:49  16,6   06:57   0,5   2,3   0,0   6,1  21,0   02:38   OSO
19  20,7  26,8   17:30  15,4   07:45   0,5   3,0   0,0   3,8  23,0   17:57   SSO
20  18,9  22,5   17:13  16,7   22:39   0,4   1,0   0,0   6,5  27,0   20:25     O
21  19,7  25,9   17:53  15,6   04:55   0,9   2,3   0,0   3,7  23,0   20:37   ONO
----------------------------------------------------------------------------------
    20,1  32,6    16     9,1     1    23,3  60,9   4,0   5,4  42,0     9       N

Max >=  30,0  3
Max <=  20,0  1
Min <=  30,0 21
Min <=   0,0  0
Max Rain: 2,2 on day 8
Days of Rain: 3 (>= 0,2 mm)  1 (>= 2,0 mm)  0 (>= 20,0 mm)
Heat Base: 18,3  Cool Base: 18,3  Method: Integration