Avisos AEMET Campiña SevillanaSin Avisos+ INFO
Sevilla, Andalucía, España
Idioma: es English Français Deutsch Italiano Português Español
 

Informes Estilo NOAA


Informe 2022 Agosto
                   Monthly Climatological Summary for ago. 2022

Name: tiempoensevilla.es   City: Sevilla   State: España
Elevation: 6 m  Lat: N 37° 22' 59"   Lon: W 005° 59' 08"

                  Temperature (°C), Rain (mm), Wind Speed (km/h)

                                      Heat  Cool        Avg
    Mean                              Deg   Deg         Wind                 Dom
Day Temp  High   Time   Low    Time   Days  Days  Rain  Speed High   Time    Dir
----------------------------------------------------------------------------------
01  31,2  39,1   18:19  25,8   07:56   0,0  12,9   0,0   4,2  31,0   19:15    SO
02  31,6  39,4   18:23  25,7   03:57   0,0  13,3   0,0   3,1  32,0   19:00   OSO
03  30,9  38,2   17:40  25,1   07:34   0,0  12,6   0,0   2,8  27,0   21:00   OSO
04  28,8  35,7   19:14  23,9   07:59   0,0  10,5   0,0   4,1  27,0   20:09   OSO
05  29,0  35,7   18:40  23,8   05:15   0,0  10,7   0,0   3,7  27,0   20:49   OSO
06  28,0  34,1   17:40  23,3   08:20   0,0   9,7   0,0   4,6  24,0   16:44    SO
07  26,1  32,6   17:05  21,9   07:06   0,0   7,8   0,0   5,2  29,0   17:49    SO
08  24,9  30,6   18:06  20,6   07:04   0,0   6,6   0,0   4,3  26,0   16:01    SO
09  26,8  34,3   16:57  20,8   07:54   0,0   8,5   0,0   3,4  27,0   21:55   OSO
10  27,2  31,9   16:36  23,6   07:30   0,0   8,9   0,0   4,4  26,0   15:47   OSO
11  26,8  34,3   18:09  22,3   03:40   0,0   8,5   0,0   3,7  19,0   14:25   OSO
12  29,6  37,6   19:18  22,9   04:08   0,0  11,3   0,0   2,6  19,0   17:52   OSO
13  29,3  32,5   18:25  27,4   13:23   0,0  11,0   1,2   6,3  42,0   09:37    NE
----------------------------------------------------------------------------------
    28,5  39,4     2    20,6     8     0,0 132,3   1,2   4,0  42,0    13     OSO

Max >=  30,0 13
Max <=  20,0  0
Min <=  30,0 13
Min <=   0,0  0
Max Rain: 1,2 on day 13
Days of Rain: 1 (>= 0,2 mm)  0 (>= 2,0 mm)  0 (>= 20,0 mm)
Heat Base: 18,3  Cool Base: 18,3  Method: Integration