No se requiere un especial cuidado respecto a la situación meteorológica.   -   No hay avisos

Informes Estilo NOAA

Seleccione un año o mes para ver el informe
2015: Ene Feb Mar Abr May Jun Jul Ago Sep Oct Nov Dic
2014: Ene Feb Mar Abr May Jun Jul Ago Sep Oct Nov Dic
2013: Ene Feb Mar Abr May Jun Jul Ago Sep Oct Nov Dic
2012: Ene Feb Mar Abr May Jun Jul Ago Sep Oct Nov Dic
2011: Ene Feb Mar Abr May Jun Jul Ago Sep Oct Nov Dic
2010: Ene Feb Mar Abr May Jun Jul Ago Sep Oct Nov Dic

Informe 2015 Abril
                   Monthly Climatological Summary for abr 2015

Name: tiempoensevilla.es   City: Sevilla   State: España
Elevation: 6 m  Lat: N 37° 23' 01"   Lon: W 005° 59' 08"

                  Temperature (°C), Rain (mm), Wind Speed (km/h)

                                      Heat  Cool        Avg
    Mean                              Deg   Deg         Wind                 Dom
Day Temp  High   Time   Low    Time   Days  Days  Rain  Speed High   Time    Dir
----------------------------------------------------------------------------------
 1  24,4  32,0   17:25  17,1   07:52   0,1   6,2   0,0   3,9  25,7   10:36    NE
 2  21,9  28,8   17:26  14,6   07:02   0,6   4,2   0,0   3,5  22,5   13:21    NE
 3  20,3  26,6   18:01  14,6   08:10   0,9   2,9   0,0   1,9  22,5   16:32    SO
 4  20,9  28,6   17:25  14,7   07:39   1,0   3,5   0,0   1,3  37,0   22:34   SSO
 5  19,3  25,1   17:18  15,3   07:44   0,6   1,7   0,0   2,7  32,2   18:08   SSO
 6  18,8  23,6   15:34  15,4   08:18   0,9   1,4  19,6   2,6  27,4   16:39   ESE
 7  17,9  22,3   15:11  13,3   07:48   1,3   0,9   0,0   4,8  38,6   16:47     E
 8  15,9  19,1   18:21  13,3   15:07   2,5   0,0   2,0   5,3  37,0   11:37   ENE
 9  15,7  18,7   13:48  13,3   08:17   2,6   0,0  10,0   1,7  17,7   17:32     N
10  17,4  23,1   17:41  12,6   07:24   2,1   1,2   0,0   1,5  20,9   21:47   NNO
11  16,2  20,3   16:02  13,3   09:40   2,2   0,2   0,0   1,4  29,0   17:46   SSO
12  17,7  23,1   18:42  11,8   07:56   2,1   1,5   0,0   2,9  27,4   15:37     E
13  20,3  27,7   18:06  13,8   08:51   1,3   3,2   0,0   2,1  19,3   12:08     E
14  19,7  24,3   18:26  15,5   07:33   0,5   1,9   0,0   3,3  32,2   19:37    SO
15  16,4  20,4   13:06  14,8   18:46   2,1   0,1   9,4   1,0  35,4   15:30    SO
16  17,3  22,2   17:42  13,9   08:44   1,8   0,8   8,8   1,7  25,7   18:07   SSO
17  18,3  25,1   18:39  13,0   07:58   2,0   2,0   0,0   1,7  17,7   12:08   NNO
18  19,1  23,9   16:54  14,1   08:03   0,9   1,7   0,0   2,6  27,4   20:04     O
19  18,2  24,1   19:18  13,3   07:45   1,5   1,4   0,0   1,7  16,1   10:42   NNO
20  20,0  27,4   18:18  13,7   08:11   1,2   2,9   0,0   3,0  25,7   23:28    NE
21  20,7  27,3   18:29  14,9   08:27   0,6   3,1   0,0   3,0  27,4   11:10     E
22  19,6  23,6   16:39  16,9   04:23   0,3   1,6   0,0   2,5  25,7   16:48   SSO
23  20,0  27,9   18:41  13,8   07:26   1,3   3,1   0,0   1,2  22,5   20:45    NO
24  18,1  22,3   15:26  14,1   08:09   1,3   1,1   0,0   2,0  20,9   13:27   SSO
25  17,8  20,8   18:38  15,3   02:51   1,1   0,6   0,0   2,4  27,4   18:49   SSO
26  17,8  21,6   16:33  15,8   07:21   1,0   0,5   1,2   4,5  37,0   16:27    SO
----------------------------------------------------------------------------------
    18,8  32,0     1    11,8    12    33,8  47,7  51,0   2,5  38,6     7     ESE

Max >=  30,0:  1
Max <=  20,0:  2
Min <=  30,0: 26
Min <=   0,0:  0
Max Rain: 19,6 on day 6
Days of Rain: 6 (>= 0,2 mm)  5 (>= 2,0 mm)  0 (>= 20,0 mm)
Heat Base: 18,3  Cool Base: 18,3  Method: Integration