No se requiere un especial cuidado respecto a la situación meteorológica.   -   No hay avisos

Informes Estilo NOAA


Informe 2016 Septiembre
                   Monthly Climatological Summary for sep 2016

Name: tiempoensevilla.es   City: Sevilla   State: España
Elevation: 6 m  Lat: N 37° 23' 01"   Lon: W 005° 59' 08"

                  Temperature (°C), Rain (mm), Wind Speed (km/h)

                                      Heat  Cool        Avg
    Mean                              Deg   Deg         Wind                 Dom
Day Temp  High   Time   Low    Time   Days  Days  Rain  Speed High   Time    Dir
----------------------------------------------------------------------------------
 1  27,9  34,4   18:24  22,4   02:58   0,0   9,6   0,0   2,9  22,5   13:25   SSO
 2  30,0  37,6   17:52  24,2   07:49   0,0  11,7   0,0   2,6  22,5   14:10     S
 3  31,1  39,6   18:22  24,7   09:16   0,0  12,8   0,0   2,2  20,9   22:29     N
 4  33,1  41,2   18:14  25,3   07:44   0,0  14,8   0,0   1,4  24,1   00:26    NO
 5  33,9  45,2   18:13  25,3   08:34   0,0  15,6   0,0   1,8  20,9   14:09    NE
 6  32,8  42,1   15:59  25,1   08:40   0,0  14,5   0,0   1,8  20,9   18:53   SSO
 7  28,3  34,7   15:30  23,9   23:56   0,0  10,0   0,0   3,2  29,0   20:50   SSO
 8  25,9  33,4   17:06  21,1   07:35   0,0   7,6   0,0   2,5  30,6   18:38   SSO
 9  25,4  31,9   17:37  20,6   08:31   0,0   7,1   0,0   2,3  24,1   19:24   SSO
10  25,8  33,3   17:03  19,3   08:04   0,0   7,5   0,0   2,2  22,5   19:06    SO
11  26,7  34,0   17:40  20,3   08:30   0,0   8,4   0,0   2,1  20,9   20:09   SSO
12  26,7  32,8   16:40  22,3   07:40   0,0   8,4   0,0   3,5  32,2   18:29    SO
13  23,2  27,4   18:52  19,2   14:01   0,0   4,9  11,2   3,6  35,4   12:22    SO
14  20,9  25,1   18:57  17,3   08:07   0,1   2,7   0,0   2,7  24,1   14:04   ONO
15  21,4  27,1   18:02  16,7   07:39   0,3   3,3   0,0   2,1  32,2   18:44    NO
16  23,6  29,4   18:38  18,5   07:53   0,0   5,3   0,0   1,4  17,7   12:55    NE
17  26,6  33,4   18:24  19,7   08:54   0,0   8,3   0,0   2,8  24,1   16:28    NE
18  25,9  33,5   17:50  19,8   07:47   0,0   7,6   0,0   1,6  19,3   08:56   NNE
19  23,4  29,0   15:43  19,2   08:12   0,0   5,1   0,0   2,5  27,4   16:28    SO
20  23,8  30,1   17:36  20,6   08:07   0,0   5,5   0,0   2,5  29,0   17:13   SSO
21  22,5  29,9   17:24  17,9   06:59   0,0   4,2   0,0   2,4  22,5   19:53   SSO
22  21,2  25,6   16:27  18,2   05:26   0,0   2,9   0,0   2,5  32,2   14:03   SSO
23  22,5  29,2   17:12  17,2   08:14   0,1   4,4   0,0   0,9  16,1   17:28   SSO
24  24,5  31,4   16:29  18,2   08:36   0,0   6,2   0,0   1,3  24,1   17:38   OSO
25  24,9  31,6   18:53  19,6   07:48   0,0   6,6   0,0   0,6  12,9   14:04    SO
26  26,2  33,1   18:16  21,4   03:23   0,0   7,9   0,0   1,2  20,9   19:45    SO
27  27,1  34,4   18:10  21,6   07:59   0,0   8,8   0,0   2,1  20,9   21:47     E
28  26,0  32,3   16:25  21,2   07:59   0,0   7,1   0,0   3,4  35,4   14:27     E
----------------------------------------------------------------------------------
    26,1  45,2     5    16,7    15     0,5 218,8  11,2   2,2  35,4    13     SSO

Max >=  30,0: 20
Max <=  20,0:  0
Min <=  30,0: 28
Min <=   0,0:  0
Max Rain: 11,2 on day 13
Days of Rain: 1 (>= 0,2 mm)  1 (>= 2,0 mm)  0 (>= 20,0 mm)
Heat Base: 18,3  Cool Base: 18,3  Method: Integration