Avisos AEMET Campiña SevillanaSin Avisos+ INFO
Sevilla, Andalucía, España
Idioma: es English Français Deutsch Italiano Português Español
 

Informes Estilo NOAA


Informe 2022 Noviembre
                   Monthly Climatological Summary for nov. 2022

Name: tiempoensevilla.es   City: Sevilla   State: España
Elevation: 6 m  Lat: N 37° 22' 59"   Lon: W 005° 59' 08"

                  Temperature (°C), Rain (mm), Wind Speed (km/h)

                                      Heat  Cool        Avg
    Mean                              Deg   Deg         Wind                 Dom
Day Temp  High   Time   Low    Time   Days  Days  Rain  Speed High   Time    Dir
----------------------------------------------------------------------------------
01  20,3  26,2   16:44  15,7   08:36   0,5   2,5   0,0   2,6  16,0   19:53   NNO
02  20,5  26,0   15:28  16,2   08:39   0,3   2,5   0,0   2,9  21,0   18:04   OSO
03  18,5  22,3   15:21  15,3   07:18   0,9   1,1   0,0   4,5  19,0   19:24   OSO
04  20,6  26,0   16:36  17,2   04:44   0,3   2,6   0,0   4,6  24,0   17:54     O
05  17,9  24,3   17:12  12,4   08:29   1,9   1,4   0,0   3,9  19,0   10:10    NE
06  16,8  24,8   17:05  10,5   08:30   2,8   1,3   0,0   3,0  14,0   06:45   NNE
07  16,8  24,2   16:36  10,8   08:14   2,6   1,2   0,0   3,8  21,0   17:42   ONO
08  17,6  21,6   12:58  14,1   04:55   1,3   0,6   0,0   2,9  24,0   13:55   OSO
09  18,3  21,7   13:57  16,5   04:03   0,7   0,7  13,2   2,2  19,0   14:58    SO
10  17,7  23,0   17:03  13,8   08:32   1,7   1,1   0,0   6,9  27,0   15:31   ENE
11  18,4  23,4   16:50  13,7   06:45   1,5   1,6   0,0   8,5  37,0   09:26   ENE
12  19,3  25,3   15:06  14,2   08:34   1,1   2,1   0,0   3,0  19,0   16:12   NNO
13  17,9  23,7   15:00  13,1   07:56   1,7   1,3   0,0   4,1  21,0   16:17    NO
14  17,8  22,1   15:44  14,9   06:21   1,3   0,9   0,0   3,1  19,0   18:49   OSO
15  18,9  22,7   14:56  16,8   01:19   0,5   1,1   3,4   8,1  39,0   13:29   OSO
16  18,8  20,2   16:26  17,2   08:45   0,2   0,6   2,0   5,4  27,0   01:38   OSO
17  19,4  22,2   16:32  18,0   06:35   0,0   1,2   0,0   8,5  31,0   18:39   OSO
18  16,5  18,8   16:22  13,6   23:33   1,8   0,0   1,6   6,9  35,0   15:22    NO
19  14,5  18,4   16:20  11,2   08:18   3,8   0,0   0,0   7,1  34,0   13:47    NO
20  15,0  19,7   15:53  10,7   08:23   3,4   0,1   0,0   2,8  14,0   16:47   OSO
21  15,3  20,1   15:42  11,9   08:25   3,2   0,2   0,0   5,3  35,0   18:01   OSO
22  15,6  18,1   17:52  13,4   05:05   2,7   0,0   0,0   5,3  24,0   19:57   OSO
23  18,1  22,2   15:38  15,1   08:53   1,0   0,8   0,0   5,9  27,0   12:22   OSO
24  18,1  20,9   14:00  16,2   09:26   0,7   0,5   0,0   3,4  18,0   15:35    SO
25  17,5  21,1   14:58  14,6   23:25   1,3   0,6   0,0   5,4  29,0   15:02    NE
26  16,1  22,4   16:34  11,9   08:51   2,8   0,6   0,0   7,2  26,0   01:04   ENE
27  15,1  21,9   15:53  10,0   07:17   3,7   0,5   0,0   5,2  19,0   00:49    NE
----------------------------------------------------------------------------------
    17,7  26,2     1    10,0    27    43,7  27,1  20,2   4,9  39,0    15     ONO

Max >=  30,0  0
Max <=  20,0  4
Min <=  30,0 27
Min <=   0,0  0
Max Rain: 13,2 on day 9
Days of Rain: 4 (>= 0,2 mm)  3 (>= 2,0 mm)  0 (>= 20,0 mm)
Heat Base: 18,3  Cool Base: 18,3  Method: Integration