Campiña-Keine besondere Aufmerksamkeit notwendig.   -   Es gibt keine Warnungen.

NOAA-Style Climate Reports


Report for 2021 April
                   Monthly Climatological Summary for abr. 2021

Name: tiempoensevilla.es   City: Sevilla   State: España
Elevation: 6 m  Lat: N 37° 22' 59"   Lon: W 005° 59' 08"

                  Temperature (°C), Rain (mm), Wind Speed (km/h)

                                      Heat  Cool        Avg
    Mean                              Deg   Deg         Wind                 Dom
Day Temp  High   Time   Low    Time   Days  Days  Rain  Speed High   Time    Dir
----------------------------------------------------------------------------------
01  19,6  22,8   17:24  16,7   08:19   0,2   1,5   0,0   9,2  37,0   09:25   OSO
02  18,0  22,4   18:34  14,8   06:57   1,3   1,0   0,0   5,5  27,0   20:46     O
03  17,4  23,8   17:13  12,2   08:29   2,2   1,3   3,8   4,3  31,0   21:39     O
04  18,1  25,4   18:44  13,6   08:39   1,8   1,7   0,0   4,1  24,0   19:57   SSO
05  19,4  26,4   18:02  15,2   08:02   1,2   2,3   0,0   4,0  19,0   20:38     O
06  20,7  27,8   18:25  14,5   08:25   0,9   3,3   0,0   3,6  27,0   20:01     O
07  19,7  25,7   16:20  14,8   08:43   0,8   2,2   0,0   6,9  32,0   17:59    SO
08  19,0  23,9   15:46  15,1   08:52   0,9   1,6   0,0   5,9  29,0   18:46   NNE
09  18,8  24,3   18:08  14,9   08:21   1,2   1,7   0,0   4,5  26,0   22:56    NO
10  18,3  22,9   15:58  15,2   05:51   1,1   1,1   0,0   7,7  40,0   17:34   OSO
11  18,2  23,0   16:29  14,9   07:39   1,3   1,2   3,8   6,6  29,0   17:19   OSO
12  18,9  26,1   17:49  14,3   07:01   1,5   2,2   0,0   5,3  27,0   23:40    NE
13  20,0  26,4   18:32  14,1   08:11   0,9   2,6   0,0   5,7  29,0   20:53    NO
14  18,9  22,1   14:27  15,8   08:18   0,4   1,0   0,0   4,8  21,0   00:58   SSO
15  17,7  21,8   15:35  15,3   07:02   1,2   0,6   2,8   5,4  26,0   16:36    NE
16  17,9  22,8   17:34  14,1   08:01   1,5   1,0   0,0   6,3  27,0   18:46   NNE
17  18,8  25,2   17:23  15,3   03:02   1,2   1,6   0,0   4,6  27,0   18:59   OSO
----------------------------------------------------------------------------------
    18,8  27,8     6    12,2     3    19,6  27,9  10,4   5,6  40,0    10       O

Max >=  30,0  0
Max <=  20,0  0
Min <=  30,0 17
Min <=   0,0  0
Max Rain: 3,8 on day 3
Days of Rain: 3 (>= 0,2 mm)  3 (>= 2,0 mm)  0 (>= 20,0 mm)
Heat Base: 18,3  Cool Base: 18,3  Method: Integration