Campiña-Pas de vigilance météorologique particuliére.   -   Il n'y a aucun avertissement

Rapports style NOAA


Rapport 2020 janvier
                   Monthly Climatological Summary for ene. 2020

Name: tiempoensevilla.es   City: Sevilla   State: España
Elevation: 6 m  Lat: N 37 22 59   Lon: W 005 59 08

                  Temperature (°C), Rain (mm), Wind Speed (km/h)

                                      Heat  Cool        Avg
    Mean                              Deg   Deg         Wind                 Dom
Day Temp  High   Time   Low    Time   Days  Days  Rain  Speed High   Time    Dir
----------------------------------------------------------------------------------
01  11,5  17,3   16:53   7,7   09:20   6,8   0,0   0,0   3,3  16,1   06:48    NE
02  11,0  16,3   16:14   6,9   09:04   7,3   0,0   0,0   3,2  16,1   05:51   NNE
03  11,3  14,9   16:35   8,4   07:40   7,0   0,0   0,0   2,9  12,9   12:52   NNE
04  10,4  14,2   16:44   7,2   06:37   7,9   0,0   0,0   5,4  27,4   12:02    NE
05  11,7  16,5   16:23   8,0   08:45   6,6   0,0   0,0   6,6  25,7   11:12    NE
06  10,6  16,4   15:58   6,5   07:22   7,7   0,0   0,0   4,1  16,1   09:04   NNE
07  11,4  18,3   17:14   6,6   07:38   6,9   0,0   0,0   4,4  20,9   11:33    NE
08  11,6  19,2   17:10   5,7   08:18   6,7   0,0   0,0   4,0  20,9   11:38   NNE
09  10,7  16,2   17:10   6,3   05:17   7,6   0,0   0,0   2,6  12,9   11:37     N
10  11,2  15,9   17:28   7,3   10:01   7,1   0,0   0,0   3,4  20,9   14:17   NNE
11  11,2  16,3   17:00   7,2   08:28   7,1   0,0   0,0   4,7  22,5   12:15    NE
12  10,3  17,2   16:43   5,1   07:41   8,0   0,0   0,0   3,8  17,7   10:34   NNE
13   9,7  15,8   17:07   4,7   08:46   8,6   0,0   0,0   3,4  19,3   10:09   NNE
14  10,0  15,2   16:32   5,5   08:42   8,3   0,0   0,0   3,1  16,1   09:38   NNE
15  11,6  18,1   16:24   6,4   07:46   6,7   0,0   0,0   3,6  25,7   16:33   NNO
16  12,7  18,7   16:00   8,3   09:26   5,6   0,0   0,0   3,8  17,7   16:05   NNE
17  13,5  17,8   17:11  11,3   07:53   4,8   0,0   0,0   2,6  14,5   14:04    NE
18  13,0  16,2   18:23  10,1   07:52   5,3   0,0   4,4   4,2  25,7   22:57    SO
19  12,9  16,7   15:36  10,2   08:59   5,4   0,0   0,0   9,5  45,1   20:32   NNE
20  10,0  13,1   16:57   7,0   09:16   8,3   0,0   0,0  12,7  53,1   16:18   ENE
21  10,8  12,9   15:59   8,6   08:29   7,5   0,0   0,0   6,4  27,4   11:50    NE
22  10,1  11,8   17:20   8,9   08:01   8,2   0,0   8,6   4,9  19,3   11:26     E
23  10,5  11,8   19:43   9,8   09:50   7,8   0,0  30,0   3,6  19,3   13:40   ENE
24  11,7  14,5   14:00  10,3   03:13   6,6   0,0  11,2   3,8  27,4   19:58   ESE
25  11,9  14,9   17:27  10,5   09:37   6,4   0,0   9,4   2,4  17,7   17:44    SE
26  11,6  15,9   16:34   7,6   09:10   6,7   0,0   0,0   1,8  14,5   16:40    SO
----------------------------------------------------------------------------------
    11,3  19,2     8     4,7    13   182,9   0,0  63,6   4,4  53,1    20      NE

Max >=  30,0  0
Max <=  20,0 26
Min <=  30,0 26
Min <=   0,0  0
Max Rain: 30,0 on day 23
Days of Rain: 5 (>= 0,2 mm)  5 (>= 2,0 mm)  1 (>= 20,0 mm)
Heat Base: 18,3  Cool Base: 18,3  Method: Integration