Campiña-Situação meteorológica que não inspira cuidado.   -   Não há avisos

Relatórios estilo NOAA


Relatório 2020 Maio
                   Monthly Climatological Summary for may. 2020

Name: tiempoensevilla.es   City: Sevilla   State: España
Elevation: 6 m  Lat: N 37 22 59   Lon: W 005 59 08

                  Temperature (°C), Rain (mm), Wind Speed (km/h)

                                      Heat  Cool        Avg
    Mean                              Deg   Deg         Wind                 Dom
Day Temp  High   Time   Low    Time   Days  Days  Rain  Speed High   Time    Dir
----------------------------------------------------------------------------------
01  20,7  28,2   18:25  14,8   07:21   0,9   3,4   0,0   3,5  22,5   20:00    SO
02  24,1  32,5   18:33  17,1   06:33   0,2   5,9   0,0   3,6  19,3   09:27     N
03  27,2  35,6   19:17  18,5   07:56   0,0   8,9   0,0   4,5  20,9   09:02    NE
04  23,7  28,2   00:00  19,2   23:42   0,0   5,4   0,0   8,7  45,1   12:58   OSO
05  21,8  28,8   19:14  17,7   08:33   0,1   3,6   0,0   4,7  24,1   20:56     O
06  23,5  29,9   19:51  17,6   05:01   0,1   5,3   0,0   5,4  22,5   10:20   NNE
07  24,8  30,7   16:48  19,7   08:40   0,0   6,5   0,0   6,4  25,7   18:33   ONO
08  21,5  26,0   13:54  17,8   23:57   0,0   3,2   0,0   8,1  40,2   16:38   OSO
09  18,0  22,0   16:24  15,5   07:44   1,1   0,8   4,0   7,8  35,4   15:21    SO
10  17,8  22,7   15:52  14,9   06:53   1,2   0,7   5,0   7,9  41,8   16:04   OSO
11  18,5  22,2   16:24  15,2   04:06   1,0   1,2   3,0   9,9  48,3   13:50    SO
12  16,9  19,7   17:21  13,4   10:12   1,5   0,1  11,0   6,3  30,6   15:08    SO
13  16,2  21,7   15:55  13,1   06:26   2,6   0,5   2,8   6,7  35,4   16:10   SSO
14  14,1  16,9   15:31  12,6   08:21   4,2   0,0  23,6   6,7  40,2   15:56     S
15  17,3  24,6   17:42  12,1   06:33   2,2   1,2   1,0   5,9  29,0   18:28     E
16  19,0  24,9   15:50  15,4   08:50   1,0   1,6   0,0   4,7  29,0   18:31   OSO
17  19,6  26,4   17:26  15,3   05:52   0,9   2,1   0,0   3,4  22,5   20:16    SO
18  22,6  30,3   19:15  16,4   07:53   0,4   4,7   0,0   3,6  19,3   16:04    NO
19  25,4  32,4   17:25  17,6   07:45   0,0   7,1   0,0   3,5  20,9   22:29   NNO
20  26,2  33,8   18:49  19,8   07:36   0,0   7,9   0,0   4,2  19,3   18:12    SO
21  27,3  35,4   17:39  20,5   07:20   0,0   9,0   0,0   3,9  24,1   18:27    SO
22  28,1  36,1   17:32  20,9   07:36   0,0   9,8   0,0   4,6  20,9   22:19   ONO
23  30,0  36,9   18:10  23,4   07:02   0,0  11,7   0,0   5,1  24,1   21:40   NNE
24  28,6  36,4   18:52  21,8   07:10   0,0  10,3   0,0   4,5  30,6   20:59    SO
25  28,0  36,6   18:26  21,3   07:09   0,0   9,7   0,0   6,2  27,4   18:48   ONO
----------------------------------------------------------------------------------
    22,4  36,9    23    12,1    15    17,4 120,6  50,4   5,6  48,3    11     OSO

Max >=  30,0 11
Max <=  20,0  2
Min <=  30,0 25
Min <=   0,0  0
Max Rain: 23,6 on day 14
Days of Rain: 7 (>= 0,2 mm)  6 (>= 2,0 mm)  1 (>= 20,0 mm)
Heat Base: 18,3  Cool Base: 18,3  Method: Integration