Campiña-Situação meteorológica que não inspira cuidado.   -   Não há avisos

Relatórios estilo NOAA


Relatório 2021 Janeiro
                   Monthly Climatological Summary for ene. 2021

Name: tiempoensevilla.es   City: Sevilla   State: España
Elevation: 6 m  Lat: N 37 22 59   Lon: W 005 59 08

                  Temperature (°C), Rain (mm), Wind Speed (km/h)

                                      Heat  Cool        Avg
    Mean                              Deg   Deg         Wind                 Dom
Day Temp  High   Time   Low    Time   Days  Days  Rain  Speed High   Time    Dir
----------------------------------------------------------------------------------
01  10,2  13,8   16:24   7,1   08:54   8,1   0,0   0,0   5,2  24,1   01:03     O
02   8,3  13,5   17:05   4,4   08:55  10,0   0,0   0,0   3,0  17,7   14:34   NNO
03   7,1  12,4   15:43   2,2   09:02  11,2   0,0   0,0   3,5  20,9   17:18    SO
04   7,4  12,4   16:39   2,1   08:39  10,9   0,0   0,0   2,6  16,1   15:02     O
05   8,2  11,4   15:05   5,2   08:13  10,1   0,0   0,0   5,3  19,3   14:23   ENE
06   7,6  11,9   15:37   4,4   05:11  10,7   0,0   5,6   7,4  25,7   14:32   ENE
07   7,8   8,9   16:19   7,1   23:55  10,5   0,0   8,0  10,2  30,6   19:33   ENE
08   7,5   8,5   17:14   6,8   01:39  10,8   0,0  40,6  11,4  32,2   05:31    NE
09   7,3  10,3   16:03   4,1   08:43  11,0   0,0   1,4   5,0  27,4   15:20     O
10   6,3   9,6   16:22   3,9   07:10  12,0   0,0   0,2   3,3  16,1   03:19     E
11   8,0  13,2   17:54   4,4   08:47  10,3   0,0   0,0   3,9  22,5   13:49    NE
12   6,8  12,1   16:55   2,4   08:45  11,5   0,0   0,0   4,9  20,9   11:53    NE
13   7,4  15,6   16:57   2,6   06:44  10,9   0,0   0,0   3,8  14,5   07:29    NE
14   7,0  13,9   16:59   1,6   07:23  11,3   0,0   0,0   2,6  16,1   09:06   NNE
15   8,0  15,9   16:24   2,4   07:35  10,3   0,0   0,0   2,6  14,5   05:03    NE
16   9,3  16,5   16:55   3,5   08:34   9,0   0,0   0,0   4,7  24,1   15:37    NE
17  10,0  18,1   17:22   3,8   07:02   8,3   0,0   0,0   4,5  20,9   10:17    NE
18   9,2  16,2   16:37   4,3   08:27   9,1   0,0   0,0   2,9  14,5   11:07    NE
19   9,4  14,3   16:49   4,6   05:31   8,9   0,0   0,0   2,9  16,1   22:46   NNE
20  13,2  15,3   17:16  11,7   01:45   5,1   0,0   7,6   9,2  45,1   12:33    SO
21  13,6  17,5   15:33  10,3   07:36   4,7   0,0   0,2   7,5  35,4   14:58    SO
22  15,3  17,4   16:16  13,1   23:57   3,0   0,0   4,2  10,9  49,9   14:38     O
23  13,3  17,1   14:30   9,8   09:40   5,0   0,0   0,2   8,6  40,2   15:34   OSO
24  15,9  18,4   16:01  13,1   23:56   2,4   0,0   0,0   8,0  32,2   04:56     O
25  15,4  19,2   15:18  12,4   02:50   3,0   0,0   0,6   6,3  32,2   13:35     O
26  16,0  18,1   18:15  14,6   08:09   2,3   0,0   0,2   3,0  19,3   00:53   OSO
27  16,6  21,1   15:49  13,3   10:05   2,2   0,5   0,2   3,7  17,7   13:39   ENE
----------------------------------------------------------------------------------
    10,1  21,1    27     1,6    14   222,6   0,5  69,0   5,4  49,9    22     NNO

Max >=  30,0  0
Max <=  20,0 26
Min <=  30,0 27
Min <=   0,0  0
Max Rain: 40,6 on day 8
Days of Rain: 12 (>= 0,2 mm)  5 (>= 2,0 mm)  1 (>= 20,0 mm)
Heat Base: 18,3  Cool Base: 18,3  Method: Integration