No particular awareness of the weather is required.   -   There are no Weather-warnings

NOAA-Style Climate Reports

Select a Year or Month report
2015: Jan Feb Mar Apr May Jun Jul Aug Sep Oct Nov Dec
2014: Jan Feb Mar Apr May Jun Jul Aug Sep Oct Nov Dec
2013: Jan Feb Mar Apr May Jun Jul Aug Sep Oct Nov Dec
2012: Jan Feb Mar Apr May Jun Jul Aug Sep Oct Nov Dec
2011: Jan Feb Mar Apr May Jun Jul Aug Sep Oct Nov Dec
2010: Jan Feb Mar Apr May Jun Jul Aug Sep Oct Nov Dec

Report for 2015 February
                   Monthly Climatological Summary for feb 2015

Name: tiempoensevilla.es   City: Sevilla   State: Espaņa
Elevation: 6 m  Lat: N 37° 23' 01"   Lon: W 005° 59' 08"

                  Temperature (°C), Rain (mm), Wind Speed (km/h)

                                      Heat  Cool        Avg
    Mean                              Deg   Deg         Wind                 Dom
Day Temp  High   Time   Low    Time   Days  Days  Rain  Speed High   Time    Dir
----------------------------------------------------------------------------------
 1   9,9  14,3   15:20   5,9   08:44   8,4   0,0   0,0   3,1  25,7   16:22    NO
 2   9,3  13,2   17:02   5,2   08:57   9,0   0,0   0,2   3,2  35,4   17:16    SO
 3  12,1  14,4   15:43  10,4   08:10   6,2   0,0   0,6   3,9  33,8   20:43   OSO
 4  10,1  12,7   16:04   7,4   23:42   8,2   0,0   0,6   5,6  35,4   16:14    NO
 5   8,7  12,8   16:34   4,9   07:39   9,6   0,0   0,0   3,1  25,7   17:00   NNO
 6   8,8  13,6   16:05   3,8   09:15   9,5   0,0   0,0   0,6  16,1   17:34   SSO
 7   8,6  11,7   15:49   6,3   04:09   9,7   0,0   1,4   0,4  24,1   23:09   ENE
 8   9,1  13,7   16:39   4,6   08:25   9,2   0,0   0,0   3,9  29,0   13:22    NE
 9  10,3  17,6   15:52   5,0   06:12   8,0   0,0   0,0   5,2  30,6   16:01   ENE
10  11,8  16,4   16:10   8,3   07:45   6,5   0,0   0,0   3,2  20,9   11:19   ENE
11  12,0  16,4   16:20   7,4   06:05   6,3   0,0   0,4   2,4  16,1   06:53   NNE
12  13,2  17,9   16:24   9,8   09:23   5,1   0,0   0,0   0,8  17,7   13:45   NNO
13  11,2  16,6   18:08   6,3   08:07   7,1   0,0   0,0   1,8  19,3   18:09   SSO
14  13,1  17,1   14:44   9,2   06:42   5,2   0,0   0,0   3,4  29,0   14:29    SO
15  13,7  15,3   14:28  12,0   23:58   4,6   0,0   0,6   3,0  32,2   01:51    SO
16  11,2  13,9   16:54   8,7   06:32   7,1   0,0   0,0   0,1  14,5   19:44    NO
17  12,7  16,5   16:27   9,2   08:33   5,6   0,0   0,0  10,7  53,1   13:51   NNE
18  13,6  18,7   17:00   9,2   06:58   4,7   0,0   0,0   4,9  37,0   11:54   ENE
19  13,4  18,4   16:34   8,8   08:26   4,9   0,0   0,0   3,8  27,4   10:38    NE
20  12,5  18,0   17:06   6,4   07:29   5,8   0,0   0,0   1,4  14,5   12:06     N
21  13,0  18,4   17:20   9,3   08:29   5,3   0,0   1,0   1,9  17,7   15:49   SSO
22  12,6  17,3   16:40   7,8   08:38   5,7   0,0   0,0   1,5  24,1   01:26    SO
23  13,1  17,6   16:15   8,7   06:41   5,2   0,0   0,2   1,6  29,0   15:10   OSO
24  13,0  17,4   16:25   8,6   07:49   5,3   0,0   0,0   3,0  30,6   17:36    NO
25  13,0  18,7   17:09   9,1   06:47   5,3   0,0   0,0   2,1  19,3   17:23     O
26  14,3  20,9   15:26   9,3   07:14   4,2   0,3   0,0   2,7  27,4   22:52     O
----------------------------------------------------------------------------------
    11,7  20,9    26     3,8     6   171,7   0,3   5,0   3,0  53,1    17     NNO

Max >=  30,0:  0
Max <=  20,0: 25
Min <=  30,0: 26
Min <=   0,0:  0
Max Rain: 1,4 on day 7
Days of Rain: 8 (>= 0,2 mm)  0 (>= 2,0 mm)  0 (>= 20,0 mm)
Heat Base: 18,3  Cool Base: 18,3  Method: Integration