NOAA-Style Climate Reports

Select a Year or Month report
2014: Jan Feb Mar Apr May Jun Jul Aug Sep Oct Nov Dec
2013: Jan Feb Mar Apr May Jun Jul Aug Sep Oct Nov Dec
2012: Jan Feb Mar Apr May Jun Jul Aug Sep Oct Nov Dec
2011: Jan Feb Mar Apr May Jun Jul Aug Sep Oct Nov Dec
2010: Jan Feb Mar Apr May Jun Jul Aug Sep Oct Nov Dec

Report for 2014 July
                   Monthly Climatological Summary for jul 2014

Name: tiempoensevilla.es   City: Sevilla   State: Espaņa
Elevation: 6 m  Lat: N 37° 23' 01"   Lon: W 005° 59' 08"

                  Temperature (°C), Rain (mm), Wind Speed (km/h)

                                      Heat  Cool        Avg
    Mean                              Deg   Deg         Wind                 Dom
Day Temp  High   Time   Low    Time   Days  Days  Rain  Speed High   Time    Dir
----------------------------------------------------------------------------------
 1  23,5  29,4   16:51  18,3   06:12   0,0   5,2   0,0   4,2  32,2   17:26    SO
 2  22,4  27,0   16:43  18,5   07:29   0,0   4,1   0,0   4,5  33,8   18:43   OSO
 3  22,7  27,3   17:01  18,1   07:12   0,0   4,4   0,0   4,0  32,2   17:42   SSO
 4  24,5  33,3   17:47  18,8   06:16   0,0   6,2   0,0   2,7  35,4   19:42    SO
 5  25,8  32,1   17:52  19,9   05:59   0,0   7,5   0,0   3,8  29,0   19:31   SSO
 6  23,3  28,1   16:28  19,1   07:23   0,0   5,0   0,0   5,3  30,6   17:21    SO
 7  24,2  29,8   16:39  20,2   07:39   0,0   5,9   0,0   4,5  30,6   18:15   SSO
 8  28,1  37,1   18:30  20,7   04:56   0,0   9,8   0,0   3,4  20,9   19:53   NNE
 9  29,1  36,0   17:01  22,9   08:09   0,0  10,8   0,0   3,4  27,4   17:23   SSO
10  27,6  34,8   18:32  21,7   04:54   0,0   9,3   0,0   3,6  30,6   19:13   SSO
11  27,0  34,1   17:35  21,4   05:45   0,0   8,7   0,0   4,1  29,0   15:41   SSO
12  25,7  31,6   16:03  21,1   07:24   0,0   7,4   0,0   4,8  32,2   16:50   SSO
13  25,1  31,2   16:43  21,0   04:11   0,0   6,8   0,0   4,9  27,4   17:25   SSO
14  28,4  38,2   17:55  20,7   05:38   0,0  10,1   0,0   2,1  20,9   01:38   SSO
15  30,6  38,1   19:06  23,1   07:36   0,0  12,3   0,0   2,8  20,9   17:46   SSO
16  31,4  39,7   19:36  24,1   05:39   0,0  13,1   0,0   2,7  22,5   23:07    SO
17  31,3  37,9   18:18  24,5   06:32   0,0  13,0   0,0   2,5  22,5   17:05   SSO
18  26,1  31,2   18:53  21,7   23:54   0,0   7,8   0,0   5,5  29,0   17:24   SSO
19  23,2  27,6   16:40  19,3   06:09   0,0   4,9   0,0   4,7  29,0   17:45    SO
20  24,4  30,9   17:50  20,1   07:39   0,0   6,1   0,0   3,1  30,6   18:53    SO
21  28,1  37,1   19:16  21,3   03:51   0,0   9,8   0,0   2,3  27,4   21:33    NO
22  29,1  37,1   18:20  21,9   07:33   0,0  10,8   0,0   3,1  20,9   20:24   SSO
23  28,1  34,7   18:13  22,3   04:02   0,0   9,8   0,0   3,9  27,4   18:56     S
----------------------------------------------------------------------------------
    26,5  39,7    16    18,1     3     0,0 188,8   0,0   3,7  35,4     4     SSO

Max >=  30,0: 17
Max <=  20,0:  0
Min <=  30,0: 23
Min <=   0,0:  0
Max Rain: 0,0 on day 0
Days of Rain: 0 (>= 0,2 mm)  0 (>= 2,0 mm)  0 (>= 20,0 mm)
Heat Base: 18,3  Cool Base: 18,3  Method: Integration