No particular awareness of the weather is required.   -   There are no Weather-warnings

NOAA-Style Climate Reports


Report for 2014 November
                   Monthly Climatological Summary for nov 2014

Name: tiempoensevilla.es   City: Sevilla   State: Espaņa
Elevation: 6 m  Lat: N 37° 23' 01"   Lon: W 005° 59' 08"

                  Temperature (°C), Rain (mm), Wind Speed (km/h)

                                      Heat  Cool        Avg
    Mean                              Deg   Deg         Wind                 Dom
Day Temp  High   Time   Low    Time   Days  Days  Rain  Speed High   Time    Dir
----------------------------------------------------------------------------------
 1  20,2  25,8   16:32  15,3   06:21   0,7   2,7   0,0   3,4  19,3   14:42   NNE
 2  19,0  23,3   16:38  14,3   08:00   0,9   1,6   0,0   2,3  20,9   14:32   ONO
 3  18,5  22,0   15:32  15,4   08:35   0,7   0,9   0,4   3,4  33,8   22:51    SO
 4  16,5  19,7   01:13  13,2   23:30   1,9   0,1   8,4   4,9  43,5   13:21     O
 5  14,4  18,9   16:12   9,9   07:52   3,9   0,0   0,0   1,6  20,9   11:52   NNO
 6  15,1  20,9   16:53  10,1   06:14   3,4   0,2   0,0   1,0  17,7   16:42   OSO
 7  17,7  19,7   15:37  15,8   08:05   1,0   0,3   2,0   1,5  25,7   13:19    SO
 8  16,4  19,3   15:44  14,3   08:14   2,0   0,1   5,0   1,4  20,9   19:23    SO
 9  14,8  18,1   16:04  12,1   08:19   3,5   0,0   0,0   1,7  24,1   16:47   ONO
10  13,6  17,4   15:41   9,8   08:04   4,7   0,0   0,2   1,3  17,7   17:47   SSO
11  17,2  20,5   14:24  13,4   00:15   1,5   0,3  30,6   4,3  41,8   14:58    SO
12  18,0  21,7   14:57  15,6   04:37   1,0   0,8   0,2   1,1  20,9   14:01    SO
13  18,5  20,7   14:39  16,8   04:01   0,5   0,7   5,2   3,6  25,7   11:28     S
14  17,7  20,8   14:35  14,2   23:32   1,1   0,5  11,8   3,5  37,0   03:09    SO
15  15,8  19,7   15:43  12,4   07:35   2,6   0,1   0,2   1,2  24,1   14:44   OSO
16  15,3  18,8   15:07  12,0   07:49   3,0   0,0   0,0   0,0   9,7   00:22   ONO
17  14,7  19,8   15:45  11,1   05:35   3,7   0,1   0,0   0,1  11,3   13:20     N
18  13,9  18,1   15:44   9,6   08:25   4,4   0,0   0,0   0,3  16,1   11:03    NE
19  16,9  23,1   16:28  12,4   08:04   2,4   1,0   0,0   0,5  19,3   15:45    NE
20  17,9  23,6   15:01  14,2   03:15   1,5   1,1   0,0   3,4  25,7   10:36    NE
21  18,6  24,4   14:59  14,6   05:54   1,3   1,6   0,0   2,5  19,3   11:45   NNE
22  18,6  23,2   15:58  15,7   08:30   0,9   1,1   0,0   4,0  19,3   09:34   NNE
23  18,1  22,3   14:49  16,1   07:58   0,9   0,6   2,2   0,7  14,5   22:22   ESE
----------------------------------------------------------------------------------
    16,8  25,8     1     9,6    18    47,5  13,8  66,2   2,1  43,5     4       O

Max >=  30,0:  0
Max <=  20,0: 10
Min <=  30,0: 23
Min <=   0,0:  0
Max Rain: 30,6 on day 11
Days of Rain: 11 (>= 0,2 mm)  7 (>= 2,0 mm)  1 (>= 20,0 mm)
Heat Base: 18,3  Cool Base: 18,3  Method: Integration