No particular awareness of the weather is required.   -   There are no Weather-warnings

NOAA-Style Climate Reports


Report for 2016 November
                   Monthly Climatological Summary for nov 2016

Name: tiempoensevilla.es   City: Sevilla   State: Espaņa
Elevation: 6 m  Lat: N 37° 23' 01"   Lon: W 005° 59' 08"

                  Temperature (°C), Rain (mm), Wind Speed (km/h)

                                      Heat  Cool        Avg
    Mean                              Deg   Deg         Wind                 Dom
Day Temp  High   Time   Low    Time   Days  Days  Rain  Speed High   Time    Dir
----------------------------------------------------------------------------------
 1  19,9  26,1   16:33  15,4   08:54   0,8   2,4   0,0   2,0  16,1   08:18    NE
 2  19,9  25,5   15:45  15,8   07:50   0,6   2,2   0,0   1,3  14,5   04:01   NNE
 3  20,2  27,0   16:48  15,7   07:17   0,7   2,7   0,2   1,8  27,4   23:30   NNE
 4  19,1  20,3   14:39  17,8   09:39   0,0   0,8   2,4   1,3  17,7   10:28     E
 5  18,5  22,2   15:59  15,9   23:48   0,7   0,9   8,6   3,8  33,8   14:04    SO
 6  14,8  18,2   16:42  11,4   08:34   3,5   0,0   0,0   1,4  17,7   18:54     O
 7  13,0  17,6   16:20   9,2   08:04   5,3   0,0   0,0   1,9  22,5   17:14    NO
 8  12,6  17,1   16:17   8,8   08:06   5,7   0,0   0,0   0,6  14,5   14:55   SSO
 9  13,9  18,9   16:18   9,1   08:28   4,5   0,0   1,2   2,0  24,1   14:56    SO
10  15,3  19,1   15:42  12,3   08:06   3,1   0,0   0,0   1,8  27,4   13:34     N
11  13,4  19,0   15:59   8,8   07:30   4,9   0,0   0,0   0,9  14,5   08:37    NE
12  14,3  19,3   16:30   9,6   07:56   4,1   0,1   0,0   0,4  11,3   11:51    NE
13  15,5  21,3   16:39  11,9   08:07   3,1   0,3   0,0   1,1  16,1   11:50    NE
14  16,1  22,3   17:03  11,1   04:17   3,0   0,8   0,0   5,6  37,0   15:18   ENE
15  15,5  19,7   16:45  12,1   05:39   3,0   0,2   0,0   5,9  33,8   10:00   ENE
16  14,8  20,2   16:27  10,7   06:21   3,8   0,3   0,0   2,3  20,9   12:27    NE
17  14,6  22,2   17:39   8,8   08:19   4,2   0,5   0,0   1,7  19,3   11:10    NE
18  14,1  20,2   15:42   8,5   08:23   4,4   0,2   0,0   1,5  12,9   16:55    NE
19  15,3  19,6   16:25  12,0   08:12   3,1   0,1   0,0   1,1  19,3   18:11    SO
20  14,1  18,0   16:02  10,8   09:03   4,2   0,0   9,0   3,5  30,6   21:07   SSO
21  16,4  17,8   07:26  13,8   23:25   1,8   0,0  19,2   0,3  24,1   00:01    SO
22  13,3  16,7   16:42  10,9   08:52   5,0   0,0   0,0   0,0   1,6   02:04   ---
23  12,5  16,6   16:03   9,8   08:55   5,8   0,0   0,0   0,5  17,7   18:06   OSO
24  10,6  15,1   15:54   7,1   08:20   7,7   0,0   0,0   1,8  27,4   15:05   OSO
25  12,3  14,8   14:23  10,2   00:00   6,0   0,0  22,8   4,8  27,4   15:09     S
26  13,8  16,6   15:03  12,5   00:05   4,5   0,0   5,2   3,6  29,0   00:38     S
27  12,3  14,3   13:08  11,2   23:54   6,0   0,0  20,4   2,4  20,9   11:53   ENE
28  11,9  16,4   16:09   9,1   07:36   6,4   0,0   0,2   0,2   9,7   10:09   OSO
29  12,7  17,6   15:12   8,8   07:50   5,6   0,0   0,2   2,6  20,9   09:39   ENE
----------------------------------------------------------------------------------
    14,9  27,0     3     7,1    24   111,5  11,5  89,4   2,0  37,0    14     ENE

Max >=  30,0:  0
Max <=  20,0: 19
Min <=  30,0: 29
Min <=   0,0:  0
Max Rain: 22,8 on day 25
Days of Rain: 11 (>= 0,2 mm)  7 (>= 2,0 mm)  2 (>= 20,0 mm)
Heat Base: 18,3  Cool Base: 18,3  Method: Integration