Campiña-No se requiere un especial cuidado respecto a la situación meteorológica.   -   No hay avisos

Informes Estilo NOAA


Informe 2020 Diciembre
                   Monthly Climatological Summary for dic. 2020

Name: tiempoensevilla.es   City: Sevilla   State: España
Elevation: 6 m  Lat: N 37 22 59   Lon: W 005 59 08

                  Temperature (°C), Rain (mm), Wind Speed (km/h)

                                      Heat  Cool        Avg
    Mean                              Deg   Deg         Wind                 Dom
Day Temp  High   Time   Low    Time   Days  Days  Rain  Speed High   Time    Dir
----------------------------------------------------------------------------------
01  14,9  20,2   15:46  11,3   08:49   3,6   0,2   0,0   3,8  19,3   06:01    NE
02  13,8  20,1   16:47   9,1   08:40   4,6   0,1   0,0   2,6  20,9   23:59   NNE
03  12,6  17,6   16:54   9,2   08:04   5,7   0,0   0,0   6,1  22,5   00:09   ENE
04  11,2  14,3   13:20   7,6   23:58   7,1   0,0   2,0   8,9  37,0   10:13     O
05   8,9  12,7   15:55   5,9   05:12   9,4   0,0   0,0   4,5  19,3   00:15     O
06  10,0  13,6   16:04   6,7   05:01   8,3   0,0   0,0   4,2  24,1   17:13     O
07  13,2  17,5   16:36   9,9   06:07   5,1   0,0   0,6   6,9  37,0   14:04     O
08  14,1  16,5   16:25  11,7   23:59   4,2   0,0   0,6   8,5  33,8   15:47   ONO
09  10,7  13,2   16:01   7,8   08:47   7,6   0,0   0,6   4,1  17,7   02:00   ONO
10  14,6  18,4   15:21  11,2   00:00   3,7   0,0   1,0   6,2  30,6   13:53   OSO
11  17,8  20,3   16:29  16,4   04:50   0,8   0,2   0,0   9,0  35,4   13:29     O
12  18,1  21,7   16:13  15,7   23:58   0,9   0,7   0,0   6,2  27,4   01:08     O
13  15,9  18,0   14:25  13,6   07:23   2,4   0,0   0,0   3,8  20,9   13:49    NE
14  15,1  17,8   15:30  13,4   05:18   3,2   0,0   2,2   2,5  17,7   16:10    SO
15  13,8  17,6   15:26  10,6   10:50   4,5   0,0   0,4   1,7  14,5   13:55   OSO
16  12,5  14,2   00:00   9,8   08:51   5,8   0,0   6,0   2,4  17,7   13:19     S
17  13,5  16,6   16:04  11,8   09:36   4,8   0,0   0,2   2,1  14,5   13:36   NNE
18  11,3  14,1   16:54   8,9   09:53   7,0   0,0   0,0   3,1  16,1   10:19    NE
19  11,7  14,1   22:33   9,3   04:50   6,6   0,0   5,4   1,5  17,7   23:16    NE
20  14,1  18,4   17:40  11,4   09:18   4,2   0,0   1,2   3,1  19,3   02:46   NNE
21  13,0  17,9   17:06   8,9   08:22   5,3   0,0   0,0   5,4  22,5   11:38   ENE
22  14,0  19,9   16:35  10,1   07:37   4,4   0,1   0,0   4,1  19,3   05:26    NE
23  12,6  15,6   16:01   9,8   08:35   5,7   0,0   0,0   2,4  14,5   10:32   NNE
24  14,1  18,3   16:55  10,9   05:59   4,2   0,0   0,0   0,6   8,0   23:23     N
25  12,5  16,7   15:24   9,2   23:52   5,8   0,0   0,0   8,5  43,5   13:38   ENE
26   8,8  12,8   16:14   5,2   08:28   9,5   0,0   0,0  10,9  46,7   10:55     E
27   8,0  13,7   16:43   3,7   08:46  10,3   0,0   0,0   6,2  20,9   20:27   NNE
28  12,0  15,7   15:06   6,8   02:15   6,3   0,0   0,0   8,1  33,8   10:27     O
29   9,9  14,6   15:55   5,4   09:07   8,4   0,0   0,0   4,8  29,0   14:22   ONO
30   8,8  13,8   16:16   4,4   08:28   9,5   0,0   0,0   2,7  16,1   13:16   NNE
31   8,1  13,2   15:40   3,6   08:33  10,2   0,0   0,0   4,2  24,1   19:03   ONO
----------------------------------------------------------------------------------
    12,6  21,7    12     3,6    31   179,1   1,3  20,2   4,8  46,7    26      NO

Max >=  30,0  0
Max <=  20,0 27
Min <=  30,0 31
Min <=   0,0  0
Max Rain: 6,0 on day 16
Days of Rain: 11 (>= 0,2 mm)  4 (>= 2,0 mm)  0 (>= 20,0 mm)
Heat Base: 18,3  Cool Base: 18,3  Method: Integration