Campiña-No se requiere un especial cuidado respecto a la situación meteorológica.   -   No hay avisos

Informes Estilo NOAA


Informe 2020 Noviembre
                   Monthly Climatological Summary for nov. 2020

Name: tiempoensevilla.es   City: Sevilla   State: España
Elevation: 6 m  Lat: N 37 22 59   Lon: W 005 59 08

                  Temperature (°C), Rain (mm), Wind Speed (km/h)

                                      Heat  Cool        Avg
    Mean                              Deg   Deg         Wind                 Dom
Day Temp  High   Time   Low    Time   Days  Days  Rain  Speed High   Time    Dir
----------------------------------------------------------------------------------
01  20,3  27,6   16:24  14,3   07:00   0,9   2,9   0,0   3,0  19,3   11:29    NE
02  21,1  29,1   16:52  15,3   07:39   0,6   3,4   0,0   4,5  20,9   10:40    NE
03  19,8  23,4   13:52  16,8   06:51   0,2   1,7   0,0   3,5  17,7   16:21   NNE
04  18,3  20,8   14:53  16,1   06:28   0,5   0,5   0,2   3,5  20,9   11:36     S
05  17,3  20,9   16:39  14,3   04:04   1,5   0,4  14,0   7,3  29,0   13:18     E
06  19,1  23,7   14:24  16,0   02:18   0,5   1,3   0,0   6,0  37,0   23:39     E
07  17,1  21,4   14:58  14,0   03:33   1,8   0,6  15,8   4,1  27,4   01:41    SO
08  17,1  22,2   15:41  12,9   07:02   2,0   0,8   0,0   3,2  19,3   16:48   OSO
09  17,6  21,9   16:17  14,7   06:09   1,4   0,6   0,6   1,9  11,3   04:35     S
10  16,9  21,7   16:35  13,0   08:08   2,1   0,7   0,0   6,0  27,4   12:26   ENE
11  17,2  22,7   14:30  12,9   08:23   2,2   1,1   0,0   6,5  24,1   15:11    NE
12  17,0  22,3   16:11  13,3   08:56   2,0   0,8   0,0   6,1  27,4   11:52    NE
13  17,4  22,8   16:18  13,1   08:07   2,1   1,2   0,0   4,3  19,3   07:04    NE
14  18,5  20,4   16:47  17,1   08:53   0,3   0,5   3,2   4,2  22,5   11:44    SO
15  19,9  25,3   16:05  16,2   09:02   0,5   2,1   0,2   2,6  16,1   08:59   ENE
16  18,7  23,3   16:18  15,6   07:36   0,7   1,1   0,0   1,3  11,3   07:26    NO
17  18,6  24,1   16:54  14,4   07:24   1,3   1,5   0,2   3,0  19,3   09:49    NE
18  18,5  24,6   16:45  14,4   08:42   1,3   1,6   0,0   5,3  20,9   10:45    NE
19  18,9  25,8   16:00  13,8   07:26   1,4   2,0   0,0   5,5  29,0   14:50   ENE
20  18,1  24,3   16:37  13,3   07:17   1,7   1,5   0,0   6,7  29,0   15:09   ENE
21  16,7  22,9   16:57  12,2   08:50   2,6   0,9   0,0   5,1  22,5   18:41    NE
22  15,7  21,1   15:17  11,8   08:01   3,0   0,4   0,0   7,2  35,4   15:47   ENE
23  13,8  19,5   16:05   9,3   08:23   4,6   0,1   0,0   5,5  20,9   06:51    NE
24  13,2  17,2   15:52   8,9   08:33   5,1   0,0   0,0   4,9  17,7   07:38    NE
25  13,2  17,8   11:51  11,3   08:40   5,1   0,0  18,8   4,4  37,0   12:01     S
26  12,5  14,8   16:11  11,5   23:38   5,8   0,0   8,6   5,0  33,8   15:47   SSE
27  12,4  15,2   14:00  10,3   03:47   5,9   0,0   0,0   2,5  16,1   01:05   NNE
28  13,3  16,9   16:12  10,0   09:38   5,0   0,0   0,2   2,0  14,5   21:56     S
29  14,7  15,7   17:03  13,8   05:29   3,6   0,0   6,2   3,9  22,5   07:22    SE
30  15,3  18,8   16:28  13,2   09:17   3,0   0,0   0,0   5,6  24,1   12:38   ENE
----------------------------------------------------------------------------------
    16,9  29,1     2     8,9    24    68,7  27,7  68,0   4,5  37,0     6     ENE

Max >=  30,0  0
Max <=  20,0  8
Min <=  30,0 30
Min <=   0,0  0
Max Rain: 18,8 on day 25
Days of Rain: 11 (>= 0,2 mm)  6 (>= 2,0 mm)  0 (>= 20,0 mm)
Heat Base: 18,3  Cool Base: 18,3  Method: Integration