Campiña-No se requiere un especial cuidado respecto a la situación meteorológica.   -   No hay avisos

Informes Estilo NOAA


Informe 2020 Septiembre
                   Monthly Climatological Summary for sep. 2020

Name: tiempoensevilla.es   City: Sevilla   State: Espaņa
Elevation: 6 m  Lat: N 37 22 59   Lon: W 005 59 08

                  Temperature (°C), Rain (mm), Wind Speed (km/h)

                                      Heat  Cool        Avg
    Mean                              Deg   Deg         Wind                 Dom
Day Temp  High   Time   Low    Time   Days  Days  Rain  Speed High   Time    Dir
----------------------------------------------------------------------------------
01  25,9  31,5   17:51  21,8   07:17   0,0   7,6   0,0   5,5  30,6   19:09   OSO
02  25,2  34,4   19:18  19,6   07:57   0,0   6,9   0,0   3,7  19,3   20:17    SO
03  28,1  35,3   18:20  21,2   07:23   0,0   9,8   0,0   8,3  38,6   16:59   ESE
04  28,7  34,8   17:45  22,8   08:27   0,0  10,4   0,0   7,4  32,2   13:46   ESE
05  28,4  36,8   18:27  21,7   08:01   0,0  10,1   0,0   4,7  22,5   08:00   NNE
06  28,5  36,2   18:21  22,0   08:03   0,0  10,2   0,0   6,2  27,4   19:43     O
07  28,3  35,8   18:29  22,5   07:24   0,0  10,0   0,0   5,9  24,1   19:22   OSO
08  27,4  34,3   17:44  22,0   06:58   0,0   9,1   0,0   5,6  27,4   21:04   NNO
09  27,6  34,3   18:31  21,7   08:14   0,0   9,3   0,0   4,8  20,9   09:11     N
10  27,5  35,4   17:46  21,8   07:06   0,0   9,2   0,0   4,3  20,9   00:04     O
11  27,6  34,8   19:15  21,2   08:32   0,0   9,3   0,0   4,5  22,5   00:51    NO
12  29,0  37,7   16:27  22,2   08:50   0,0  10,7   0,0   5,5  22,5   15:24     E
13  29,1  35,6   17:51  25,1   08:48   0,0  10,6   0,0   5,2  25,7   20:12    NO
14  27,1  31,9   15:08  24,3   08:44   0,0   8,8   0,0   6,7  32,2   18:53     O
15  26,4  31,5   19:02  22,9   07:15   0,0   8,1   0,0   4,1  20,9   14:53   OSO
16  24,7  29,7   16:16  21,1   05:37   0,0   6,4   0,0   4,2  22,5   18:51   OSO
17  24,4  28,2   17:14  22,6   07:22   0,0   6,1   0,0   6,0  35,4   17:27    SO
18  22,7  25,8   13:23  19,9   14:18   0,0   4,4   3,4   9,6  54,7   14:08    SO
19  21,7  26,1   17:02  19,1   08:13   0,0   3,4   0,4   4,5  24,1   17:53    SO
20  22,1  27,8   17:35  17,8   08:48   0,0   3,8   0,0   3,9  20,9   20:25     O
21  24,5  30,8   17:40  21,1   05:47   0,0   6,2   0,0   4,1  20,9   19:42   NNO
22  24,4  29,0   16:53  19,9   08:31   0,0   6,1   0,0   5,7  27,4   19:20     O
23  23,3  28,7   17:51  19,3   07:13   0,0   5,0   0,0   5,0  27,4   13:27   OSO
24  24,9  31,1   17:04  20,9   08:13   0,0   6,6   0,0   4,5  30,6   17:35     N
25  23,3  28,6   18:02  18,9   08:44   0,0   5,0   0,0   6,8  27,4   20:03   NNE
26  22,1  28,7   18:47  17,2   08:35   0,2   3,9   0,0   5,8  20,9   12:40   NNE
27  23,2  29,0   18:26  18,8   08:27   0,0   4,9   0,0   5,1  22,5   14:49     N
28  23,8  30,3   17:10  17,9   08:10   0,0   5,5   0,0   5,0  25,7   15:30    NE
29  24,7  33,2   18:49  17,3   08:15   0,0   6,4   0,0   4,5  19,3   08:52   NNE
30  22,7  29,0   18:11  18,2   08:02   0,0   4,4   0,0   4,9  25,7   18:49   OSO
----------------------------------------------------------------------------------
    25,6  37,7    12    17,2    26     0,2 218,2   3,8   5,4  54,7    18     ONO

Max >=  30,0 19
Max <=  20,0  0
Min <=  30,0 30
Min <=   0,0  0
Max Rain: 3,4 on day 18
Days of Rain: 2 (>= 0,2 mm)  1 (>= 2,0 mm)  0 (>= 20,0 mm)
Heat Base: 18,3  Cool Base: 18,3  Method: Integration