Campiña-No se requiere un especial cuidado respecto a la situación meteorológica.   -   No hay avisos

Informes Estilo NOAA


Informe 2020 Julio
                   Monthly Climatological Summary for jul. 2020

Name: tiempoensevilla.es   City: Sevilla   State: España
Elevation: 6 m  Lat: N 37 22 59   Lon: W 005 59 08

                  Temperature (°C), Rain (mm), Wind Speed (km/h)

                                      Heat  Cool        Avg
    Mean                              Deg   Deg         Wind                 Dom
Day Temp  High   Time   Low    Time   Days  Days  Rain  Speed High   Time    Dir
----------------------------------------------------------------------------------
01  26,1  32,9   18:13  21,9   07:15   0,0   7,8   0,0   6,3  25,7   16:54   SSO
02  28,2  36,4   18:43  21,2   07:12   0,0   9,9   0,0   5,7  32,2   18:05    SO
03  27,9  34,3   17:04  21,4   08:10   0,0   9,6   0,0   5,6  25,7   18:33     O
04  28,4  38,1   20:14  20,4   06:59   0,0  10,1   0,0   4,7  20,9   16:56     O
05  31,4  39,2   16:55  25,0   07:01   0,0  13,1   0,0   5,6  29,0   19:50     O
06  31,8  40,9   17:43  24,3   05:55   0,0  13,0   0,0   4,9  29,0   20:25    SO
07  33,0  40,8   17:14  25,8   07:40   0,0  14,7   0,0   3,7  20,9   18:34    SO
08  29,7  35,4   16:32  23,1   23:56   0,0  11,4   0,0   8,2  37,0   18:02    SO
09  24,7  30,9   18:23  20,8   06:57   0,0   6,4   0,0   6,7  29,0   18:47   SSO
10  27,1  34,9   17:32  20,6   06:09   0,0   8,8   0,0   5,1  24,1   16:50    SO
11  30,2  37,8   15:46  23,6   07:40   0,0  11,9   0,0   6,2  25,7   16:34    SO
12  31,1  37,4   18:50  25,6   07:08   0,0  12,8   0,0   5,3  25,7   16:34    SO
13  29,5  36,6   17:22  24,2   07:23   0,0  11,2   0,0   7,2  29,0   18:43    SO
14  29,8  37,0   18:19  24,6   07:40   0,0  11,5   0,0   7,3  37,0   19:29    SO
15  30,9  39,1   17:40  24,6   07:37   0,0  12,6   0,0   7,1  33,8   17:41   NNE
16  32,5  40,3   17:47  25,1   07:31   0,0  14,2   0,0   7,5  30,6   15:01     E
17  32,2  39,1   17:52  26,2   07:27   0,0  13,9   0,0   6,2  29,0   19:28   OSO
18  30,4  36,2   17:04  25,7   08:21   0,0  12,1   0,0   7,1  30,6   17:28   OSO
19  29,9  37,4   17:55  23,8   07:27   0,0  11,6   0,0   6,0  24,1   13:45    SO
20  32,4  41,9   18:35  24,6   06:32   0,0  14,1   0,0   5,5  33,8   18:57   ONO
21  29,2  33,1   00:00  24,4   11:04   0,0  10,9   1,4   7,2  27,4   16:33   OSO
22  28,2  33,9   17:36  24,6   06:34   0,0   9,9   0,0   5,6  27,4   19:13   OSO
23  30,3  38,4   17:30  23,6   07:00   0,0  12,0   0,0   5,7  29,0   17:40    SO
24  31,9  39,1   18:39  25,6   05:30   0,0  13,6   0,0   5,1  25,7   18:27    SO
25  32,4  39,6   17:30  26,1   07:34   0,0  14,1   0,0   4,3  24,1   19:34    SO
26  32,8  41,6   18:02  25,8   05:56   0,0  14,5   0,0   4,5  32,2   23:31    SO
27  30,2  35,7   17:26  25,8   09:39   0,0  11,9   0,0   7,9  32,2   00:43    SO
28  29,7  37,2   20:18  23,8   07:41   0,0  11,4   0,0   4,8  27,4   16:50    SO
29  29,2  37,1   18:41  23,1   07:35   0,0  10,9   0,0   5,7  25,7   15:36    SO
30  30,8  37,0   17:34  26,2   08:04   0,0  12,5   0,0   6,0  27,4   16:51   OSO
31  30,6  37,5   18:41  25,3   05:30   0,0  12,3   0,0   4,2  24,1   17:27    SO
----------------------------------------------------------------------------------
    30,1  41,9    20    20,4     4     0,0 364,7   1,4   5,9  37,0     8      SO

Max >=  30,0 31
Max <=  20,0  0
Min <=  30,0 31
Min <=   0,0  0
Max Rain: 1,4 on day 21
Days of Rain: 1 (>= 0,2 mm)  0 (>= 2,0 mm)  0 (>= 20,0 mm)
Heat Base: 18,3  Cool Base: 18,3  Method: Integration