Temperatura máxima Desde: 14-07-2020 12:00 Hasta: 19:59 Aviso por: Temperatura máxima Nivel: Amarillo info button
español:
Temperatura máxima: 38 ºC.

Esté atento. Manténgase informado de la predicción meteorológica más actualizada. Algunas actividades al aire libre pueden verse alteradas.

english:
Maximum temperature: 38 ºC.

Be aware, keep up to date with the latest weather forecast. Expect some minor disruption to outdoor activities. 

Informes Estilo NOAA


Informe 2020 Abril
                   Monthly Climatological Summary for abr. 2020

Name: tiempoensevilla.es   City: Sevilla   State: España
Elevation: 6 m  Lat: N 37 22 59   Lon: W 005 59 08

                  Temperature (°C), Rain (mm), Wind Speed (km/h)

                                      Heat  Cool        Avg
    Mean                              Deg   Deg         Wind                 Dom
Day Temp  High   Time   Low    Time   Days  Days  Rain  Speed High   Time    Dir
----------------------------------------------------------------------------------
01  13,4  16,7   14:53  10,8   09:17   4,9   0,0   2,2   4,0  25,7   17:41    SO
02  13,3  17,4   19:57  10,4   09:59   5,0   0,0   3,8   3,6  20,9   02:46   SSE
03  15,7  22,1   18:43   9,4   08:49   3,5   0,9   0,0   4,6  24,1   17:56     E
04  16,2  20,3   18:07  11,4   08:17   2,5   0,4   0,0   5,7  24,1   13:48    NE
05  16,8  22,3   16:35  11,9   07:27   2,5   1,0   0,0   6,4  32,2   17:20    SO
06  16,4  20,1   17:31  13,9   08:06   2,1   0,2   2,6   3,2  22,5   21:33    SO
07  18,8  23,4   16:46  14,5   06:57   1,0   1,5   0,0   2,6  19,3   18:18   ONO
08  19,0  23,8   17:16  14,4   07:19   1,3   1,9   0,0   3,9  17,7   15:54   NNO
09  18,1  20,6   15:41  16,4   10:00   0,7   0,5   0,0   3,7  22,5   17:58   OSO
10  19,0  24,4   19:24  15,1   08:23   1,1   1,8   0,0   2,7  14,5   15:01    SE
11  19,3  24,6   19:04  15,3   08:19   0,9   1,8   0,0   5,9  27,4   14:30   ESE
12  18,4  23,8   18:10  12,8   08:46   1,4   1,5   0,0   5,9  29,0   21:26   OSO
13  17,8  22,3   17:19  14,8   07:41   1,4   0,9   0,0   7,4  35,4   18:41    SO
14  17,7  22,0   18:12  13,7   07:38   1,4   0,8   3,6   5,0  33,8   14:47     S
15  16,5  19,7   14:36  13,1   09:36   1,9   0,1  13,2   8,7  43,5   14:30   SSO
16  17,3  21,6   13:57  13,9   07:27   1,6   0,6   0,0   7,0  43,5   17:37    SO
17  18,4  21,9   17:54  15,2   07:45   1,0   1,1   0,0   4,5  24,1   15:36    SO
18  19,2  24,9   18:32  13,6   08:31   1,2   2,1   0,0   3,7  22,5   21:25   ONO
19  19,9  24,4   17:59  15,7   07:53   0,4   2,1   5,6   6,1  32,2   18:07   ONO
20  15,1  20,3   16:20  11,8   23:17   3,3   0,2   7,4   7,8  45,1   18:59   OSO
21  15,1  19,8   18:58  11,8   06:56   3,4   0,1   3,2   3,8  22,5   18:58   SSO
22  17,2  22,8   18:16  12,3   08:12   1,9   0,9   0,0   3,5  24,1   20:12    SO
23  19,4  25,6   17:09  13,5   07:56   1,4   2,6   0,0   6,3  27,4   17:54   ENE
24  20,0  25,2   16:15  15,1   07:18   0,7   2,4   0,4   5,2  29,0   22:31   NNE
25  17,8  21,3   18:23  15,6   08:48   0,9   0,4   2,4   6,0  27,4   14:33   OSO
26  17,6  21,2   16:02  15,5   08:45   1,2   0,6   0,0   5,4  27,4   19:14    SO
27  15,9  20,4   18:38  12,8   12:03   2,6   0,2  14,4   3,6  20,9   21:20     S
28  17,3  22,8   19:27  13,4   07:47   2,0   1,0   0,0   4,4  22,5   20:47   OSO
29  18,0  23,2   17:01  12,8   06:31   1,6   1,3   0,0   5,7  29,0   17:41    SO
30  18,4  24,0   16:51  14,6   08:06   1,4   1,6   0,0   5,1  30,6   17:07   OSO
----------------------------------------------------------------------------------
    17,4  25,6    23     9,4     3    56,2  30,5  58,8   5,0  45,1    20      SO

Max >=  30,0  0
Max <=  20,0  4
Min <=  30,0 30
Min <=   0,0  0
Max Rain: 14,4 on day 27
Days of Rain: 11 (>= 0,2 mm)  10 (>= 2,0 mm)  0 (>= 20,0 mm)
Heat Base: 18,3  Cool Base: 18,3  Method: Integration