Campiña-No se requiere un especial cuidado respecto a la situación meteorológica.   -   No hay avisos

Informes Estilo NOAA


Informe 2019 Diciembre
                   Monthly Climatological Summary for dic. 2019

Name: tiempoensevilla.es   City: Sevilla   State: Espaņa
Elevation: 6 m  Lat: N 37 22 59   Lon: W 005 59 08

                  Temperature (°C), Rain (mm), Wind Speed (km/h)

                                      Heat  Cool        Avg
    Mean                              Deg   Deg         Wind                 Dom
Day Temp  High   Time   Low    Time   Days  Days  Rain  Speed High   Time    Dir
----------------------------------------------------------------------------------
01  13,8  16,3   13:51  11,3   09:47   4,5   0,0   3,2   4,7  27,4   13:19    SO
02  13,5  16,9   16:44  11,2   06:59   4,8   0,0   0,0   7,3  33,8   11:21   ENE
03  14,1  18,7   16:27  10,2   07:32   4,2   0,0   0,0   5,5  29,0   12:41    NE
04  13,2  16,4   16:06  10,2   23:58   5,1   0,0   0,0   3,5  19,3   17:09     S
05  12,3  17,4   16:24   8,1   07:46   6,0   0,0   0,0   6,5  33,8   14:18    NE
06  14,3  19,8   16:42  10,1   07:35   4,1   0,1   0,0   6,3  29,0   12:03    NE
07  14,0  20,0   17:23   9,2   09:30   4,4   0,1   0,0   3,2  16,1   07:59   NNE
08  13,1  18,3   16:57   8,3   08:29   5,2   0,0   0,0   3,0  16,1   07:26   NNE
09  14,8  18,0   15:37  12,6   23:59   3,5   0,0   0,0   2,0  14,5   16:25   ENE
10  13,4  19,8   16:14   9,1   08:23   4,9   0,1   0,0   4,1  22,5   10:35    NE
11  11,8  16,7   17:20   7,3   09:02   6,5   0,0   0,0   3,0  16,1   14:58    NO
12  12,1  17,0   14:57   7,4   08:11   6,2   0,0   0,0   5,1  29,0   16:58   OSO
13  15,5  17,6   16:46  13,3   08:23   2,8   0,0   0,0   7,5  30,6   10:57   OSO
14  15,6  16,9   16:55  14,5   06:27   2,7   0,0   0,0   3,4  19,3   12:45    NO
15  14,5  17,4   14:31  11,9   06:49   3,8   0,0   0,0   2,6  12,9   11:58   SSO
16  15,3  21,0   14:11  12,8   02:35   3,2   0,2   5,2   8,9  57,9   15:37     S
17  12,7  16,1   17:12  10,6   06:49   5,6   0,0   0,0   5,3  24,1   02:27     O
18  12,2  16,0   17:37   8,3   07:37   6,1   0,0   0,0   4,2  24,1   20:47    SE
19  15,7  17,8   23:55  13,3   05:03   2,6   0,0  39,8  14,2  49,9   21:01   SSO
20  17,9  18,5   16:24  17,3   02:27   0,4   0,0  38,8  19,3  59,5   02:24    SO
21  17,8  19,1   17:14  15,3   23:56   0,5   0,0   2,0  15,1  49,9   15:43    SO
22  14,5  18,2   16:34  10,8   10:20   3,8   0,0   0,0   5,1  22,5   15:01    SO
23  14,8  18,3   16:25  12,7   04:00   3,5   0,0   0,0   6,0  25,7   13:13   ENE
24  15,7  21,2   16:17  11,9   06:01   3,1   0,5   0,0   7,2  29,0   10:16    NE
25  14,7  20,7   16:43  10,1   08:49   3,8   0,3   0,0   4,3  17,7   04:47   NNE
26  15,4  21,4   16:20  11,2   07:05   3,4   0,4   0,0   5,9  20,9   10:41    NE
27  16,0  22,0   15:38  12,3   08:16   2,8   0,5   0,0   6,7  22,5   15:47    NE
28  14,8  20,4   16:24  10,5   07:32   3,7   0,3   0,0   6,5  20,9   10:44    NE
29  13,3  19,0   16:04   9,7   07:52   5,0   0,0   0,0   6,6  25,7   16:56    NE
30  11,7  16,8   16:57   7,7   08:52   6,6   0,0   0,0   5,7  19,3   10:43    NE
31  11,9  16,8   16:35   7,9   07:54   6,4   0,0   0,0   5,7  22,5   05:32    NE
----------------------------------------------------------------------------------
    14,2  22,0    27     7,3    11   129,2   2,5  89,0   6,3  59,5    20     NNE

Max >=  30,0  0
Max <=  20,0 25
Min <=  30,0 31
Min <=   0,0  0
Max Rain: 39,8 on day 19
Days of Rain: 5 (>= 0,2 mm)  5 (>= 2,0 mm)  2 (>= 20,0 mm)
Heat Base: 18,3  Cool Base: 18,3  Method: Integration