Campiña-No se requiere un especial cuidado respecto a la situación meteorológica.   -   No hay avisos
Sevilla, Andalucía, España
Idioma: es English Français Deutsch Italiano Português Español
 

Informes Estilo NOAA


Informe 2019 Noviembre
                   Monthly Climatological Summary for nov. 2019

Name: tiempoensevilla.es   City: Sevilla   State: España
Elevation: 6 m  Lat: N 37 22 59   Lon: W 005 59 08

                  Temperature (°C), Rain (mm), Wind Speed (km/h)

                                      Heat  Cool        Avg
    Mean                              Deg   Deg         Wind                 Dom
Day Temp  High   Time   Low    Time   Days  Days  Rain  Speed High   Time    Dir
----------------------------------------------------------------------------------
01  22,3  27,8   15:34  19,4   22:26   0,0   4,0   0,0   5,7  40,2   16:25   OSO
02  20,6  24,7   16:04  18,7   07:15   0,0   2,3   1,2   8,6  33,8   17:17    SO
03  20,4  24,3   16:26  17,7   08:32   0,0   2,1   0,0   8,5  32,2   10:30     O
04  19,1  22,1   15:19  16,7   23:47   0,3   1,0   0,0   9,2  35,4   15:38   OSO
05  17,5  21,4   15:46  14,1   08:23   1,4   0,6   0,0   6,4  29,0   16:08   ONO
06  16,4  21,2   16:40  11,9   07:19   2,3   0,4   0,0   4,3  20,9   17:02   ONO
07  16,6  20,5   16:01  13,7   06:31   2,1   0,4   1,6   6,4  32,2   12:39    NO
08  14,6  19,1   16:12  11,8   06:54   3,7   0,0   0,0   6,4  29,0   11:57    NO
09  14,0  19,1   16:08   8,5   08:21   4,4   0,0   0,0   4,8  20,9   21:34   ONO
10  15,6  18,4   15:18  12,4   08:05   2,7   0,0   0,0  10,1  33,8   15:28    NO
11  15,8  19,4   17:45  13,2   07:54   2,6   0,1   0,0   3,7  19,3   00:06     O
12  15,8  21,6   17:05  11,8   07:31   3,0   0,4   0,0   3,4  19,3   23:55   NNO
13  17,2  22,3   16:58  13,9   02:38   1,8   0,7   0,0   7,6  29,0   12:48   OSO
14  13,5  15,8   00:04  11,2   06:06   4,7   0,0   1,0   8,6  37,0   15:21     O
15  11,4  14,6   17:10   8,2   07:50   6,9   0,0   0,0   6,3  24,1   17:20   ONO
16  11,1  15,9   16:13   7,3   07:48   7,2   0,0   0,0   4,1  19,3   16:15    NO
17  10,8  15,4   22:20   7,3   08:33   7,5   0,0   0,8   2,8  25,7   22:05   OSO
18  13,8  18,4   17:10  10,1   08:28   4,5   0,0   1,2   4,9  32,2   01:46    NO
19  12,0  16,6   16:17   7,6   07:55   6,3   0,0   0,0   3,1  16,1   10:09    NE
20   9,9  11,6   00:00   7,9   08:13   8,4   0,0   6,0   3,5  27,4   15:12   NNE
21  13,1  15,0   20:09  10,8   03:43   5,1   0,0  26,8   1,9  20,9   10:55     O
22  15,6  18,6   16:27  13,8   05:19   2,7   0,0   9,0   8,2  54,7   17:18    SO
23  14,7  17,8   15:57  12,2   08:15   3,6   0,0   0,0   7,3  30,6   13:25     O
24  13,0  17,4   16:39   8,9   08:04   5,3   0,0   0,0   3,3  19,3   17:14    SO
25  15,3  17,7   15:48  12,3   00:00   3,0   0,0   0,4   4,6  25,7   16:21    SO
26  16,1  19,2   16:56  14,2   06:18   2,2   0,0   1,4   3,9  30,6   22:48    SO
27  15,9  18,6   15:19  13,7   08:40   2,4   0,0   0,4   3,2  25,7   00:01   OSO
28  15,2  19,8   16:27  12,8   07:10   3,2   0,1   0,0   1,2  11,3   16:04     N
29  15,1  19,9   16:38  11,1   07:21   3,5   0,2   0,0   3,1  16,1   10:05   NNE
30  15,5  20,4   15:09  11,7   07:44   3,0   0,2   0,0   4,3  19,3   16:49   ONO
----------------------------------------------------------------------------------
    15,3  27,8     1     7,3    16   103,8  12,5  49,8   5,3  54,7    22       O

Max >=  30,0  0
Max <=  20,0 20
Min <=  30,0 30
Min <=   0,0  0
Max Rain: 26,8 on day 21
Days of Rain: 11 (>= 0,2 mm)  3 (>= 2,0 mm)  1 (>= 20,0 mm)
Heat Base: 18,3  Cool Base: 18,3  Method: Integration