Temperatura máxima Desde: 20-07-2019 12:00 Hasta: 19:59 Aviso por: Temperatura máxima Nivel: Naranja info button
español:
Temperatura máxima: 40 ºC. Esté preparado. Tome precauciones y manténgase informado de la predicción meteorológica más actualizada. Las actividades habituales pueden verse alteradas y las realizadas al aire libre, interrumpidas.

english:
Maximum temperature: 40 ºC. Be prepared. Take precautions and keep up to date with the latest weather forecast. Expect some disruption to daily routines and be prepared for disruption to outdoor activities. 

Informes Estilo NOAA


Informe 2017 Noviembre
                   Monthly Climatological Summary for nov. 2017

Name: tiempoensevilla.es   City: Sevilla   State: España
Elevation: 6 m  Lat: N 37 22 59   Lon: W 005 59 08

                  Temperature (°C), Rain (mm), Wind Speed (km/h)

                                      Heat  Cool        Avg
    Mean                              Deg   Deg         Wind                 Dom
Day Temp  High   Time   Low    Time   Days  Days  Rain  Speed High   Time    Dir
----------------------------------------------------------------------------------
01  20,0  26,4   16:49  14,7   08:06   0,9   2,6   0,0   4,4  19,3   18:32     N
02  19,6  22,9   16:09  17,1   04:43   0,3   1,6   0,0   3,5  24,1   14:42   OSO
03  17,9  19,3   00:00  16,6   23:21   0,5   0,2  13,0   3,5  22,5   19:17     S
04  17,6  21,5   15:36  15,3   05:58   1,2   0,5   8,8   5,7  35,4   15:52   OSO
05  17,4  21,8   15:41  14,7   04:34   1,5   0,6   0,2   3,0  19,3   11:49     N
06  16,7  20,4   16:01  13,5   08:17   2,0   0,4   0,0   9,3  43,5   12:13   ENE
07  15,5  21,6   17:10  10,7   07:03   3,3   0,5   0,0   5,1  29,0   10:46    NE
08  15,8  23,1   16:17  10,3   07:48   3,3   0,8   0,0   4,0  16,1   11:24   NNE
09  15,1  19,1   16:30  11,4   08:17   3,2   0,0   0,0   8,8  43,5   10:39   ENE
10  14,4  20,0   17:09   9,2   07:41   4,1   0,2   0,0   4,8  22,5   12:03   ENE
11  15,7  22,3   16:26  10,1   08:14   3,4   0,8   0,0   4,3  25,7   14:14    NE
12  15,6  23,1   15:58   9,6   07:46   3,5   0,8   0,0   3,7  14,5   07:09     N
13  15,6  21,8   17:07   9,6   07:05   3,2   0,5   0,0   1,9  17,7   13:11   NNE
14  14,0  19,1   17:00   9,4   08:08   4,3   0,1   0,0   6,3  29,0   10:32   ENE
15  13,8  20,4   16:10   7,8   06:37   4,7   0,3   0,0   5,0  17,7   11:11   NNE
16  14,4  21,4   16:58   9,1   08:26   4,3   0,4   0,0   3,9  17,7   09:35    NE
17  14,7  21,7   17:20   9,2   07:51   4,2   0,5   0,0   3,5  20,9   08:05    NE
18  14,6  22,7   16:06   8,2   07:42   4,3   0,6   0,0   3,5  20,9   08:34   NNE
19  15,1  22,9   16:17   9,2   07:39   4,0   0,8   0,0   4,9  20,9   12:24    NE
20  15,8  23,7   16:40  10,2   07:30   3,5   1,0   0,0   5,4  20,9   09:33    NE
21  15,2  24,5   17:26   9,2   07:39   4,1   0,9   0,0   4,0  17,7   08:40   NNE
22  14,3  22,2   16:33   7,7   07:45   4,5   0,5   0,0   3,7  19,3   08:52   NNE
23  15,7  23,3   16:51  10,3   09:09   3,4   0,8   0,0   2,7  14,5   07:41   NNE
24  16,2  25,5   16:15   9,8   08:37   3,3   1,2   0,0   3,0  14,5   09:09     N
25  14,7  20,2   16:21   9,4   08:34   3,8   0,2   0,0   2,8  14,5   06:52     N
26  17,1  21,6   16:38  13,4   08:41   1,8   0,6   0,0   5,8  29,0   12:27    NE
27  14,9  19,1   14:58  10,9   08:07   3,4   0,1   0,0   4,2  17,7   09:53   NNE
28  15,3  18,0   16:21  12,8   07:07   3,0   0,0   2,8   3,9  25,7   23:05    NE
29  16,6  19,9   16:09  12,3   23:59   1,9   0,2  22,2   4,3  20,9   00:50    NO
30  11,8  15,7   16:01   8,7   06:42   6,5   0,0   0,0   8,0  37,0   11:06   NNE
----------------------------------------------------------------------------------
    15,7  26,4     1     7,7    22    95,4  17,7  47,0   4,6  43,5     6     NNE

Max >=  30,0  0
Max <=  20,0  8
Min <=  30,0 30
Min <=   0,0  0
Max Rain: 22,2 on day 29
Days of Rain: 5 (>= 0,2 mm)  4 (>= 2,0 mm)  1 (>= 20,0 mm)
Heat Base: 18,3  Cool Base: 18,3  Method: Integration