Temperatura máxima Desde: 20-07-2019 12:00 Hasta: 19:59 Aviso por: Temperatura máxima Nivel: Naranja info button
español:
Temperatura máxima: 40 ºC. Esté preparado. Tome precauciones y manténgase informado de la predicción meteorológica más actualizada. Las actividades habituales pueden verse alteradas y las realizadas al aire libre, interrumpidas.

english:
Maximum temperature: 40 ºC. Be prepared. Take precautions and keep up to date with the latest weather forecast. Expect some disruption to daily routines and be prepared for disruption to outdoor activities. 

Informes Estilo NOAA


Informe 2017 Octubre
                   Monthly Climatological Summary for oct. 2017

Name: tiempoensevilla.es   City: Sevilla   State: España
Elevation: 6 m  Lat: N 37 22 59   Lon: W 005 59 08

                  Temperature (°C), Rain (mm), Wind Speed (km/h)

                                      Heat  Cool        Avg
    Mean                              Deg   Deg         Wind                 Dom
Day Temp  High   Time   Low    Time   Days  Days  Rain  Speed High   Time    Dir
----------------------------------------------------------------------------------
01  25,9  35,0   18:54  20,1   08:46   0,0   7,6   0,0   3,7  22,5   20:51   ESE
02  26,7  33,6   18:36  20,3   08:00   0,0   8,4   0,0   6,3  30,6   15:30     E
03  27,0  33,6   18:32  20,6   07:34   0,0   8,7   0,0   5,5  25,7   15:11   ENE
04  27,1  33,8   17:11  20,8   08:54   0,0   8,8   0,0   4,3  22,5   20:28    NO
05  27,0  32,9   18:00  21,4   08:34   0,0   8,7   0,0   7,3  33,8   11:27   ENE
06  25,9  34,4   16:56  19,4   08:48   0,0   7,6   0,0   3,8  19,3   18:25   OSO
07  25,2  32,5   16:58  19,1   08:49   0,0   6,9   0,0   4,8  20,9   19:04   OSO
08  25,5  32,5   17:59  19,7   08:03   0,0   7,2   0,0   4,2  17,7   11:00     N
09  24,7  32,7   18:14  19,1   09:31   0,0   6,4   0,0   3,7  19,3   18:38    SO
10  24,0  32,3   17:56  17,0   08:13   0,1   5,8   0,0   3,4  14,5   00:48   ONO
11  25,2  33,0   17:44  18,2   08:20   0,0   6,8   0,0   4,5  22,5   09:48    NE
12  26,8  34,8   17:40  21,3   08:29   0,0   8,5   0,0   3,4  16,1   07:18   NNE
13  26,2  32,6   17:02  20,1   06:55   0,0   7,9   0,0   3,8  19,3   20:37   NNO
14  26,7  34,3   16:33  19,8   07:30   0,0   8,4   0,0   2,8  19,3   12:52   NNE
15  26,9  34,5   16:30  20,5   08:51   0,0   8,6   0,0   3,9  19,3   18:20   NNO
16  24,4  30,1   16:00  19,7   08:13   0,0   6,1   0,0   5,1  24,1   17:17     N
17  22,4  25,4   14:14  20,7   23:57   0,0   4,1   1,4   5,1  32,2   14:05     O
18  19,2  22,1   17:01  16,4   07:30   0,3   1,2  11,2   5,5  25,7   16:16   OSO
19  19,6  23,7   18:32  16,2   04:18   0,5   1,8   0,4   3,9  22,5   17:47     O
20  21,9  26,9   18:26  18,5   07:21   0,0   3,6   0,0   2,7  14,5   15:09     O
21  23,0  28,1   16:24  18,8   06:27   0,0   4,7   0,0   3,6  24,1   21:17   NNE
22  22,3  27,8   17:22  17,3   08:39   0,1   4,1   0,0   5,0  19,3   12:23   NNE
23  22,2  28,0   17:03  17,2   08:50   0,2   4,0   0,0   7,0  25,7   14:40   ENE
24  22,4  30,2   18:27  17,1   08:46   0,1   4,2   0,0   5,5  20,9   12:32   ENE
25  21,8  29,8   17:45  15,3   08:26   0,6   4,1   0,0   4,0  16,1   10:53   NNE
26  22,5  30,9   17:46  16,3   07:39   0,4   4,6   0,0   7,1  29,0   16:52    NE
27  23,0  30,9   17:44  17,1   08:50   0,2   4,9   0,0   6,5  24,1   13:25    NE
28  22,7  31,9   18:31  16,3   09:03   0,3   4,7   0,0   4,5  20,9   13:46    NE
29  21,4  28,4   17:16  14,9   08:15   0,5   3,8   0,0   3,4  17,7   09:00    NE
30  19,1  26,1   17:02  12,6   08:09   1,3   2,2   0,0   2,9  14,5   05:12   NNE
31  19,5  27,0   16:25  13,8   05:31   1,3   2,5   0,0   3,5  17,7   15:16     N
----------------------------------------------------------------------------------
    23,8  35,0     1    12,6    30     5,9 176,9  13,0   4,5  33,8     5     NNE

Max >=  30,0 20
Max <=  20,0  0
Min <=  30,0 31
Min <=   0,0  0
Max Rain: 11,2 on day 18
Days of Rain: 3 (>= 0,2 mm)  1 (>= 2,0 mm)  0 (>= 20,0 mm)
Heat Base: 18,3  Cool Base: 18,3  Method: Integration