Temperatura máxima Desde: 20-07-2019 12:00 Hasta: 19:59 Aviso por: Temperatura máxima Nivel: Naranja info button
español:
Temperatura máxima: 40 ºC. Esté preparado. Tome precauciones y manténgase informado de la predicción meteorológica más actualizada. Las actividades habituales pueden verse alteradas y las realizadas al aire libre, interrumpidas.

english:
Maximum temperature: 40 ºC. Be prepared. Take precautions and keep up to date with the latest weather forecast. Expect some disruption to daily routines and be prepared for disruption to outdoor activities. 

Informes Estilo NOAA


Informe 2017 Septiembre
                   Monthly Climatological Summary for sep. 2017

Name: tiempoensevilla.es   City: Sevilla   State: España
Elevation: 6 m  Lat: N 37 22 59   Lon: W 005 59 08

                  Temperature (°C), Rain (mm), Wind Speed (km/h)

                                      Heat  Cool        Avg
    Mean                              Deg   Deg         Wind                 Dom
Day Temp  High   Time   Low    Time   Days  Days  Rain  Speed High   Time    Dir
----------------------------------------------------------------------------------
01  28,3  36,7   19:05  23,1   08:06   0,0  10,0   0,0   5,0  29,0   21:14     O
02  28,9  35,4   18:11  22,8   08:06   0,0  10,6   0,0   7,4  33,8   16:12    NE
03  28,7  35,2   17:30  24,3   08:55   0,0  10,4   0,0   5,4  25,7   19:32     O
04  26,8  33,8   17:40  21,4   06:47   0,0   8,5   0,0   5,3  27,4   16:40   SSO
05  28,2  35,8   17:47  22,6   08:18   0,0   9,9   0,0   4,2  25,7   19:25   OSO
06  29,7  37,8   18:03  23,5   05:06   0,0  11,4   0,0   4,6  22,5   20:43   OSO
07  29,2  35,8   17:26  24,3   08:31   0,0  10,9   0,0   5,5  22,5   17:10    SO
08  27,6  35,8   17:36  22,2   09:33   0,0   9,3   0,0   4,9  32,2   18:36    SO
09  23,6  30,2   18:36  18,7   07:57   0,0   5,3   0,0   6,6  37,0   18:45     O
10  23,2  30,1   18:32  18,2   08:21   0,0   4,9   0,0   5,6  29,0   00:03    NO
11  26,4  35,7   19:06  18,6   09:15   0,0   8,1   0,0   3,8  17,7   11:03   NNO
12  29,3  37,2   17:31  22,5   05:33   0,0  11,0   0,0   4,3  20,9   12:22   NNE
13  28,5  35,7   16:21  21,9   08:26   0,0  10,2   0,0   4,5  27,4   20:44     O
14  25,3  31,7   15:28  20,4   06:59   0,0   7,0   0,0   5,6  32,2   16:55   SSO
15  23,9  29,7   17:47  19,2   09:05   0,0   5,6   0,0   5,8  32,2   17:44     O
16  21,3  26,3   15:43  15,4   08:34   0,3   3,3   0,0   6,5  32,2   19:10    SO
17  21,4  28,7   17:32  16,1   08:23   0,4   3,6   0,0   4,5  30,6   18:53   SSO
18  21,9  29,6   19:19  15,8   06:28   0,6   4,2   0,0   4,8  30,6   17:42    SO
19  24,6  31,7   18:23  18,7   08:22   0,0   6,3   0,0   4,0  25,7   20:05   ONO
20  24,0  32,3   18:59  17,8   08:35   0,0   5,7   0,0   3,9  20,9   22:06    SO
21  24,5  31,8   16:35  18,1   08:29   0,0   6,2   0,0   3,8  25,7   19:25    SO
22  24,3  31,9   17:11  19,1   06:55   0,0   6,0   0,0   3,6  19,3   01:04   SSO
23  25,1  31,4   18:07  19,3   08:30   0,0   6,8   0,0   4,4  20,9   21:03    NO
24  25,4  32,7   19:05  19,9   08:09   0,0   7,1   0,0   4,0  19,3   19:51     O
25  25,4  33,4   19:13  19,3   09:26   0,0   7,1   0,0   4,7  29,0   17:49   OSO
26  24,0  30,6   16:36  19,4   08:14   0,0   5,7   0,0   4,4  20,9   17:41   SSO
27  21,2  25,0   17:00  17,6   04:14   0,0   3,0   0,0   4,6  19,3   18:21   NNE
28  25,8  30,7   18:41  21,4   06:06   0,0   7,5   0,0   4,4  24,1   13:47     E
29  26,2  32,5   17:34  20,8   08:37   0,0   7,9   0,0   3,6  20,9   20:45    NO
30  25,3  33,2   17:29  20,3   08:03   0,0   7,0   0,0   3,6  20,9   19:24    SO
----------------------------------------------------------------------------------
    25,6  37,8     6    15,4    16     1,3 220,5   0,0   4,8  37,0     9     OSO

Max >=  30,0 25
Max <=  20,0  0
Min <=  30,0 30
Min <=   0,0  0
Max Rain: 0,0 on day 0
Days of Rain: 0 (>= 0,2 mm)  0 (>= 2,0 mm)  0 (>= 20,0 mm)
Heat Base: 18,3  Cool Base: 18,3  Method: Integration