Temperatura máxima Desde: 20-07-2019 12:00 Hasta: 19:59 Aviso por: Temperatura máxima Nivel: Naranja info button
español:
Temperatura máxima: 40 ºC. Esté preparado. Tome precauciones y manténgase informado de la predicción meteorológica más actualizada. Las actividades habituales pueden verse alteradas y las realizadas al aire libre, interrumpidas.

english:
Maximum temperature: 40 ºC. Be prepared. Take precautions and keep up to date with the latest weather forecast. Expect some disruption to daily routines and be prepared for disruption to outdoor activities. 

Informes Estilo NOAA


Informe 2017 Agosto
                   Monthly Climatological Summary for ago. 2017

Name: tiempoensevilla.es   City: Sevilla   State: España
Elevation: 6 m  Lat: N 37 22 59   Lon: W 005 59 08

                  Temperature (°C), Rain (mm), Wind Speed (km/h)

                                      Heat  Cool        Avg
    Mean                              Deg   Deg         Wind                 Dom
Day Temp  High   Time   Low    Time   Days  Days  Rain  Speed High   Time    Dir
----------------------------------------------------------------------------------
01  25,9  32,7   18:28  21,8   06:59   0,0   7,6   0,0   4,9  29,0   20:43    SO
02  28,5  37,7   18:18  21,4   06:14   0,0  10,2   0,0   4,4  24,1   19:39   OSO
03  30,8  40,6   17:09  22,3   08:34   0,0  12,5   0,0   4,1  27,4   19:23    SO
04  33,9  42,6   17:50  26,2   04:06   0,0  15,6   0,0   4,6  27,4   20:18   OSO
05  32,4  39,3   17:45  26,3   07:41   0,0  14,1   0,0   5,2  32,2   18:00   SSO
06  31,4  39,5   17:23  25,6   05:26   0,0  13,1   0,0   5,6  32,2   18:46    SO
07  31,6  38,4   17:46  25,6   04:48   0,0  13,3   0,0   5,9  33,8   19:08    SO
08  30,3  36,1   16:43  23,7   09:16   0,0  12,0   0,0   6,1  25,7   17:28   NNO
09  26,2  30,6   16:36  21,1   08:07   0,0   7,9   0,0   6,8  30,6   19:08    SO
10  27,5  35,4   19:04  20,5   08:09   0,0   9,2   0,0   7,0  35,4   11:29    NE
11  29,2  36,2   18:57  22,9   08:12   0,0  10,9   0,0   8,6  37,0   13:11     E
12  29,9  36,4   17:34  23,7   08:16   0,0  11,6   0,0   6,2  24,1   23:02   OSO
13  29,8  36,7   18:07  22,9   08:18   0,0  11,5   0,0   5,9  24,1   21:11   OSO
14  29,6  36,3   18:44  23,6   08:27   0,0  11,3   0,0   6,4  25,7   23:46     O
15  29,0  36,9   17:23  24,0   08:22   0,0  10,7   0,0   5,4  25,7   18:51    SO
16  29,3  37,6   17:13  23,1   07:56   0,0  11,0   0,0   4,6  24,1   17:24   SSO
17  30,4  39,3   18:58  24,0   07:36   0,0  12,1   0,0   4,0  20,9   20:07    SO
18  30,4  38,4   17:36  24,1   03:15   0,0  12,1   0,0   4,3  24,1   20:03    SO
19  30,1  38,7   17:46  24,2   05:23   0,0  11,8   0,0   5,1  30,6   17:53   SSO
20  31,2  37,9   17:58  25,2   08:52   0,0  12,9   0,0   5,0  25,7   22:03    SO
21  31,2  37,7   18:56  26,6   08:34   0,0  12,9   0,0   4,9  24,1   20:24     O
22  30,4  37,3   19:08  25,6   08:11   0,0  12,1   0,0   4,7  22,5   20:28   OSO
23  30,3  38,4   18:17  24,6   07:18   0,0  12,0   0,0   4,7  25,7   20:17    SO
24  29,7  37,3   17:33  23,9   07:36   0,0  11,4   0,0   5,4  25,7   18:41    SO
25  29,5  36,3   17:56  23,8   07:11   0,0  11,2   0,0   4,5  22,5   18:56   OSO
26  30,4  36,3   18:36  25,2   09:20   0,0  12,1   0,0   4,0  22,5   19:43    NO
27  27,9  30,8   17:10  23,8   23:59   0,0   9,6   0,2   5,7  27,4   16:46    SO
28  24,1  28,3   15:38  20,3   08:30   0,0   5,8   0,0   7,4  37,0   15:02    SO
29  23,0  26,8   15:16  20,1   05:41   0,0   4,7   0,0   5,5  27,4   17:52    SO
30  24,3  31,0   19:38  18,4   08:23   0,0   6,0   0,0   3,7  19,3   23:54   OSO
31  27,1  34,4   18:44  21,1   07:34   0,0   8,8   0,0   4,3  19,3   11:48    NE
----------------------------------------------------------------------------------
    29,2  42,6     4    18,4    30     0,0 338,0   0,2   5,3  37,0    11      SO

Max >=  30,0 29
Max <=  20,0  0
Min <=  30,0 31
Min <=   0,0  0
Max Rain: 0,2 on day 27
Days of Rain: 1 (>= 0,2 mm)  0 (>= 2,0 mm)  0 (>= 20,0 mm)
Heat Base: 18,3  Cool Base: 18,3  Method: Integration