Temperatura máxima Desde: 20-07-2019 12:00 Hasta: 19:59 Aviso por: Temperatura máxima Nivel: Naranja info button
español:
Temperatura máxima: 40 ºC. Esté preparado. Tome precauciones y manténgase informado de la predicción meteorológica más actualizada. Las actividades habituales pueden verse alteradas y las realizadas al aire libre, interrumpidas.

english:
Maximum temperature: 40 ºC. Be prepared. Take precautions and keep up to date with the latest weather forecast. Expect some disruption to daily routines and be prepared for disruption to outdoor activities. 

Informes Estilo NOAA


Informe 2017 Julio
                   Monthly Climatological Summary for jul. 2017

Name: tiempoensevilla.es   City: Sevilla   State: España
Elevation: 6 m  Lat: N 37 22 59   Lon: W 005 59 08

                  Temperature (°C), Rain (mm), Wind Speed (km/h)

                                      Heat  Cool        Avg
    Mean                              Deg   Deg         Wind                 Dom
Day Temp  High   Time   Low    Time   Days  Days  Rain  Speed High   Time    Dir
----------------------------------------------------------------------------------
01  26,5  33,2   19:41  20,7   07:13   0,0   8,2   0,0   8,0  33,8   17:44    NE
02  28,5  35,4   18:50  20,4   06:57   0,0  10,2   0,0   8,3  32,2   10:24     E
03  29,3  36,4   17:01  21,5   07:26   0,0  11,0   0,0   9,5  43,5   13:35     E
04  28,4  35,7   18:25  22,1   07:14   0,0  10,1   0,0   6,6  30,6   20:16   ONO
05  25,0  29,9   15:46  22,0   07:16   0,0   6,7   0,0   7,1  29,0   17:49   OSO
06  23,0  27,1   17:15  20,8   08:37   0,0   4,7   0,2   7,1  32,2   16:52   SSO
07  23,9  29,9   17:39  18,5   07:59   0,0   5,6   0,0   5,9  32,2   18:15   SSO
08  23,6  28,9   14:56  19,3   08:02   0,0   5,3   0,0   8,0  37,0   16:15   SSO
09  24,8  32,6   18:47  20,2   05:58   0,0   6,5   0,0   6,2  27,4   19:22   SSO
10  27,9  36,2   18:14  21,3   03:50   0,0   9,6   0,0   4,9  20,9   16:36   OSO
11  29,9  38,6   18:54  21,9   03:36   0,0  11,6   0,0   4,0  19,3   21:57    SO
12  33,2  42,6   17:32  25,1   03:35   0,0  14,9   0,0   3,5  16,1   19:42    SO
13  34,3  42,7   17:45  27,1   03:33   0,0  15,9   0,0   5,2  27,4   16:07   OSO
14  31,2  39,0   17:09  24,6   07:48   0,0  12,9   0,0   6,4  30,6   18:35    SO
15  29,3  37,4   17:35  23,8   04:46   0,0  11,0   0,0   6,3  29,0   18:20    SO
16  29,8  38,3   18:54  23,2   05:19   0,0  11,5   0,0   4,6  22,5   23:07    SO
17  31,3  38,2   17:10  24,8   07:52   0,0  13,0   0,0   5,7  22,5   00:07   OSO
18  30,9  37,1   17:10  24,9   07:36   0,0  12,6   0,0   6,0  30,6   19:49   OSO
19  27,0  33,2   18:36  22,2   08:14   0,0   8,7   0,0   8,2  33,8   18:00   SSO
20  25,3  29,7   16:38  21,7   07:06   0,0   6,9   0,0   7,2  33,8   19:59   SSO
21  22,9  27,9   15:43  18,7   07:34   0,0   4,6   0,0   7,5  33,8   17:14   SSO
22  25,7  33,6   17:46  19,2   06:34   0,0   7,4   0,0   4,6  22,5   20:31   SSO
23  27,4  36,3   16:22  19,8   06:27   0,0   9,1   0,0   5,1  30,6   22:48    SO
24  28,7  37,4   16:54  21,7   06:33   0,0  10,4   0,0   5,3  32,2   19:07   SSO
25  28,6  36,5   16:19  23,3   07:23   0,0  10,3   0,0   5,1  32,2   17:03   SSO
26  27,6  34,9   18:08  22,7   07:07   0,0   9,3   0,0   4,9  25,7   15:50    SO
27  28,9  36,9   18:58  22,3   04:34   0,0  10,6   0,0   5,0  24,1   16:36   SSO
28  30,0  38,2   17:45  22,8   05:31   0,0  11,6   0,0   5,4  25,7   18:55   SSO
29  29,8  37,2   18:21  23,3   06:03   0,0  11,5   0,0   5,0  25,7   15:35    SO
30  29,2  37,0   17:09  24,1   08:03   0,0  10,9   0,0   5,8  30,6   19:30   SSO
31  27,0  34,6   17:10  21,5   07:53   0,0   8,7   0,0   7,2  32,2   18:43   SSO
----------------------------------------------------------------------------------
    28,0  42,7    13    18,5     7     0,0 301,3   0,2   6,1  43,5     3      SO

Max >=  30,0 25
Max <=  20,0  0
Min <=  30,0 31
Min <=   0,0  0
Max Rain: 0,2 on day 6
Days of Rain: 1 (>= 0,2 mm)  0 (>= 2,0 mm)  0 (>= 20,0 mm)
Heat Base: 18,3  Cool Base: 18,3  Method: Integration