Temperatura máxima Desde: 20-07-2019 12:00 Hasta: 19:59 Aviso por: Temperatura máxima Nivel: Naranja info button
español:
Temperatura máxima: 40 ºC. Esté preparado. Tome precauciones y manténgase informado de la predicción meteorológica más actualizada. Las actividades habituales pueden verse alteradas y las realizadas al aire libre, interrumpidas.

english:
Maximum temperature: 40 ºC. Be prepared. Take precautions and keep up to date with the latest weather forecast. Expect some disruption to daily routines and be prepared for disruption to outdoor activities. 

Informes Estilo NOAA


Informe 2016 Marzo
                   Monthly Climatological Summary for mar 2016

Name: tiempoensevilla.es   City: Sevilla   State: España
Elevation: 6 m  Lat: N 37° 23' 01"   Lon: W 005° 59' 08"

                  Temperature (°C), Rain (mm), Wind Speed (km/h)

                                      Heat  Cool        Avg
    Mean                              Deg   Deg         Wind                 Dom
Day Temp  High   Time   Low    Time   Days  Days  Rain  Speed High   Time    Dir
----------------------------------------------------------------------------------
 1  13,7  20,8   17:00   8,2   08:14   4,9   0,3   0,0   1,4  16,1   12:30   NNE
 2  13,7  22,0   17:02   7,5   08:52   4,9   0,4   0,0   1,7  24,1   17:35   SSO
 3  13,9  19,9   15:15   9,5   07:28   4,6   0,2   0,0   1,7  19,3   18:49    SO
 4  12,3  19,4   16:57   7,3   07:53   6,1   0,1   0,2   2,4  35,4   18:54    SO
 5  12,5  16,8   17:34   8,3   07:37   5,8   0,0   0,0   3,0  29,0   18:08   ONO
 6  12,3  17,3   16:48   8,2   06:55   6,0   0,0   0,0   3,5  37,0   14:31    NO
 7  12,0  16,3   16:26   7,8   08:14   6,3   0,0   0,4   6,5  51,5   13:27    NO
 8  13,1  17,9   17:52   8,7   07:14   5,2   0,0   0,0   2,5  22,5   15:03   NNE
 9  13,1  18,7   16:04   7,4   07:07   5,2   0,0   0,0   2,6  29,0   17:08   ONO
10  13,5  18,3   17:28   9,2   07:49   4,8   0,0   0,0   4,0  29,0   15:06     N
11  13,5  18,7   18:07   8,5   07:42   4,8   0,0   0,0   1,5  22,5   14:27    NE
12  14,0  20,9   17:08   7,6   07:44   4,6   0,3   0,0   1,9  20,9   15:20   NNE
13  14,1  21,0   17:19   7,1   07:52   4,5   0,3   0,0   2,2  25,7   17:45    SO
14  13,6  19,7   15:32   9,2   06:13   4,8   0,1   0,0   2,0  25,7   18:06   SSO
15  13,3  17,7   15:31   8,6   04:51   5,0   0,0   1,2   2,1  27,4   18:33    SO
16  15,3  20,8   18:15  11,4   07:43   3,3   0,3   0,0   2,0  24,1   20:43     O
17  13,8  20,0   16:46   8,7   08:16   4,6   0,1   0,0   1,5  24,1   18:13   SSO
18  14,5  19,9   17:04  10,4   08:01   4,0   0,2   0,0   2,1  22,5   17:31    SO
19  14,6  18,7   15:17  12,3   07:32   3,7   0,0   7,8   2,6  25,7   15:52   OSO
20  13,7  18,2   15:52  10,1   06:54   4,6   0,0  12,8   2,3  25,7   14:55   SSO
21  12,6  15,3   14:51  10,8   10:35   5,7   0,0   7,4   1,4  24,1   09:44   ENE
22  12,1  16,7   14:07   7,4   06:39   6,2   0,0   1,0   1,0  17,7   14:33   OSO
23  14,0  18,7   17:26  10,1   07:49   4,3   0,0   0,0   2,3  19,3   13:11   OSO
24  15,0  22,5   16:52   9,3   07:20   4,0   0,7   0,0   2,0  19,3   18:39    SE
25  14,7  22,1   16:15   9,3   07:42   4,1   0,5   0,0   1,8  32,2   18:35    SO
26  14,5  19,7   16:08  10,7   04:55   3,9   0,1   0,0   2,0  25,7   18:39   SSO
27  16,7  21,4   18:56  13,7   00:31   2,1   0,6   0,0   2,6  24,1   18:32    SO
28  15,2  22,1   18:20   9,5   08:32   3,6   0,5   0,0   1,4  16,1   20:43    SO
29  17,3  24,8   18:01  10,6   06:57   2,8   1,8   0,0   1,9  16,1   10:31    NE
30  16,3  22,5   16:55  11,2   08:53   2,8   0,8   0,0   3,1  32,2   17:21    SO
31  14,1  18,2   18:32   9,7   06:57   4,2   0,0   0,0   6,2  35,4   18:11   NNO
----------------------------------------------------------------------------------
    14,0  24,8    29     7,1    13   141,4   7,3  30,8   2,4  51,5     7       O

Max >=  30,0:  0
Max <=  20,0: 20
Min <=  30,0: 31
Min <=   0,0:  0
Max Rain: 12,8 on day 20
Days of Rain: 7 (>= 0,2 mm)  3 (>= 2,0 mm)  0 (>= 20,0 mm)
Heat Base: 18,3  Cool Base: 18,3  Method: Integration