Temperatura máxima Desde: 20-07-2019 12:00 Hasta: 19:59 Aviso por: Temperatura máxima Nivel: Naranja info button
español:
Temperatura máxima: 40 ºC. Esté preparado. Tome precauciones y manténgase informado de la predicción meteorológica más actualizada. Las actividades habituales pueden verse alteradas y las realizadas al aire libre, interrumpidas.

english:
Maximum temperature: 40 ºC. Be prepared. Take precautions and keep up to date with the latest weather forecast. Expect some disruption to daily routines and be prepared for disruption to outdoor activities. 

Informes Estilo NOAA


Informe 2015 Noviembre
                   Monthly Climatological Summary for nov 2015

Name: tiempoensevilla.es   City: Sevilla   State: España
Elevation: 6 m  Lat: N 37° 23' 01"   Lon: W 005° 59' 08"

                  Temperature (°C), Rain (mm), Wind Speed (km/h)

                                      Heat  Cool        Avg
    Mean                              Deg   Deg         Wind                 Dom
Day Temp  High   Time   Low    Time   Days  Days  Rain  Speed High   Time    Dir
----------------------------------------------------------------------------------
 1  17,9  23,6   15:46  15,1   22:26   1,4   1,0  17,0   5,8  38,6   11:13   ENE
 2  14,8  16,8   16:57  12,8   09:51   3,5   0,0  20,0   4,4  38,6   23:58   SSE
 3  17,8  20,4   14:08  14,9   00:00   0,9   0,4   3,2   2,2  41,8   00:32     S
 4  18,6  22,1   15:28  15,9   07:34   0,7   1,0   0,2   1,2  25,7   14:47   SSO
 5  19,6  22,7   15:44  17,5   07:43   0,2   1,5   0,0   0,2  12,9   15:56    NE
 6  20,0  25,8   16:20  15,6   07:46   0,7   2,4   0,0   3,0  25,7   11:31    NE
 7  20,6  27,0   16:27  15,9   07:47   0,6   2,9   0,0   3,4  27,4   12:25    NE
 8  20,2  26,7   15:40  16,1   07:30   0,6   2,5   0,0   2,5  20,9   11:40    NE
 9  18,9  24,6   16:41  14,6   07:30   1,2   1,8   0,0   3,1  20,9   13:54    NE
10  18,8  25,0   16:36  13,3   07:12   1,5   1,9   0,0   2,7  19,3   11:39   NNE
11  17,9  24,7   17:05  13,2   07:48   1,9   1,5   0,0   0,9  14,5   10:19   NNE
12  17,2  23,5   16:53  12,6   07:57   2,1   1,0   0,0   1,1  14,5   06:11   NNE
13  16,7  22,8   16:33  11,9   06:47   2,5   0,9   0,0   1,2  12,9   09:14   NNE
14  17,4  22,9   16:41  12,8   07:44   2,1   1,2   0,0   4,2  22,5   17:20    NE
15  17,0  22,5   16:48  12,6   08:26   2,3   1,0   0,0   2,2  14,5   00:02   NNE
16  16,6  22,6   16:43  12,2   07:57   2,5   0,8   0,0   1,0  14,5   10:30    NE
17  17,0  22,8   16:22  12,8   06:38   2,3   1,0   0,0   2,2  19,3   12:00    NE
18  16,4  22,4   16:24  11,1   08:28   2,7   0,8   0,0   2,3  17,7   13:33    NE
19  15,8  22,3   17:01  10,4   08:24   3,2   0,7   0,0   2,7  19,3   06:29    NE
20  17,2  25,3   16:48  11,3   07:11   2,6   1,6   0,0   1,9  17,7   09:02   NNE
21  15,7  21,6   15:29  11,0   08:12   2,9   0,4   0,0   4,5  45,1   19:20   ONO
22  12,4  16,2   16:42   8,8   08:03   5,9   0,0   0,0   3,1  22,5   03:52   NNO
23  12,0  16,9   16:00   8,4   07:15   6,3   0,0   0,0   2,8  27,4   16:54    NE
24  11,4  17,1   15:37   6,7   07:42   6,9   0,0   0,0   0,5  12,9   10:39    NE
25  12,5  18,3   16:28   7,3   08:25   5,8   0,0   0,0   0,6  12,9   13:55     S
26  13,2  19,6   16:02   8,3   07:37   5,1   0,1   0,0   0,7  16,1   12:00    NE
27  14,2  20,8   16:20   8,1   08:18   4,5   0,4   0,0   1,8  14,5   09:15   NNE
28  14,4  21,1   16:14   8,7   09:08   4,3   0,4   0,0   2,4  20,9   14:59    NE
29  14,8  21,1   16:19   9,6   07:04   3,8   0,4   0,0   4,4  22,5   09:07    NE
30  13,9  20,1   16:13   9,2   08:40   4,6   0,2   0,0   3,4  24,1   04:39    NE
----------------------------------------------------------------------------------
    16,4  27,0     7     6,7    24    85,6  27,8  40,4   2,4  45,1    21      NE

Max >=  30,0:  0
Max <=  20,0:  6
Min <=  30,0: 30
Min <=   0,0:  0
Max Rain: 20,0 on day 2
Days of Rain: 4 (>= 0,2 mm)  3 (>= 2,0 mm)  1 (>= 20,0 mm)
Heat Base: 18,3  Cool Base: 18,3  Method: Integration