Temperatura máxima Desde: 20-07-2019 12:00 Hasta: 19:59 Aviso por: Temperatura máxima Nivel: Naranja info button
español:
Temperatura máxima: 40 ºC. Esté preparado. Tome precauciones y manténgase informado de la predicción meteorológica más actualizada. Las actividades habituales pueden verse alteradas y las realizadas al aire libre, interrumpidas.

english:
Maximum temperature: 40 ºC. Be prepared. Take precautions and keep up to date with the latest weather forecast. Expect some disruption to daily routines and be prepared for disruption to outdoor activities. 

Informes Estilo NOAA


Informe 2015 Octubre
                   Monthly Climatological Summary for oct 2015

Name: tiempoensevilla.es   City: Sevilla   State: España
Elevation: 6 m  Lat: N 37° 23' 01"   Lon: W 005° 59' 08"

                  Temperature (°C), Rain (mm), Wind Speed (km/h)

                                      Heat  Cool        Avg
    Mean                              Deg   Deg         Wind                 Dom
Day Temp  High   Time   Low    Time   Days  Days  Rain  Speed High   Time    Dir
----------------------------------------------------------------------------------
 1  23,9  30,8   17:49  17,2   08:40   0,1   5,7   0,0   1,6  20,9   23:09   ONO
 2  24,5  30,8   17:26  18,6   09:27   0,0   6,2   0,0   2,0  19,3   18:47    SO
 3  22,8  26,4   16:12  20,1   09:14   0,0   4,5   0,0   2,8  32,2   15:28   SSO
 4  23,4  29,2   16:48  19,9   05:48   0,0   5,1   0,0   1,3  19,3   16:35   SSO
 5  22,4  25,7   17:14  19,4   12:28   0,0   4,1  25,2   3,3  29,0   08:21   SSO
 6  22,7  26,8   16:52  20,4   02:02   0,0   4,4   0,2   3,2  20,9   13:06   OSO
 7  20,9  24,9   18:32  18,2   08:43   0,0   2,6   0,0   0,7  11,3   04:41   ONO
 8  20,3  25,8   16:51  16,6   05:28   0,4   2,4   0,0   0,9  17,7   20:11   SSO
 9  19,6  25,2   16:35  15,5   08:34   0,8   2,0   0,0   0,8  19,3   19:38    SO
10  18,7  22,4   17:40  16,5   07:43   0,5   0,9   1,0   1,7  38,6   19:19   SSO
11  19,7  24,3   15:04  16,2   00:56   0,5   1,9   6,2   2,2  30,6   17:11   SSO
12  20,4  24,3   16:01  18,3   07:09   0,0   2,1   5,2   2,6  27,4   17:21   SSO
13  19,8  21,7   18:46  18,2   07:19   0,0   1,5   0,6   2,5  20,9   13:25   SSE
14  20,6  25,6   18:26  17,9   06:08   0,0   2,4   0,0   0,9  16,1   22:40   ONO
15  20,6  26,3   16:57  16,6   08:40   0,3   2,7   0,0   0,6  14,5   13:44   OSO
16  21,1  25,4   16:38  17,7   10:42   0,0   2,8   0,0   0,8  16,1   14:22     S
17  19,9  22,3   16:11  18,5   04:48   0,0   1,6  12,8   3,5  40,2   14:01    SE
18  19,7  22,4   15:33  18,3   08:21   0,0   1,4  26,4   2,8  35,4   13:38     S
19  19,1  22,9   16:36  16,7   03:46   0,5   1,3   6,0   2,0  32,2   16:41    SE
20  20,8  24,1   17:30  18,1   08:34   0,0   2,5   0,2   1,3  17,7   07:19   ENE
21  21,5  26,3   16:49  17,7   08:26   0,0   3,3   0,0   1,1  19,3   11:56    NE
22  19,8  25,7   18:21  15,1   09:23   0,7   2,3   0,0   1,5  17,7   14:55    NE
23  19,5  22,9   17:23  15,8   09:43   0,5   1,7   0,0   0,9  14,5   06:36    NE
24  19,3  23,1   18:11  17,1   04:38   0,3   1,3   0,0   0,9  12,9   12:45    NE
25  20,2  25,6   16:24  16,1   07:57   0,5   2,5   0,0   2,3  16,1   14:18   ENE
26  19,2  22,8   16:18  17,1   06:00   0,2   1,2  22,8   2,2  25,7   15:51   SSO
27  18,4  21,1   15:10  16,0   08:13   0,6   0,7   5,2   2,7  27,4   05:21    SO
28  17,8  21,7   15:30  14,7   05:46   1,3   0,8   0,0   1,1  20,9   13:28    SO
29  18,2  22,9   16:22  13,5   08:07   1,4   1,3   0,0   1,6  19,3   13:47    NE
30  18,7  25,0   15:52  13,1   08:27   1,5   1,9   0,0   0,3  11,3   14:25     S
31  17,6  21,8   13:05  15,3   08:00   0,9   0,2   0,0   1,2  25,7   13:43   ONO
----------------------------------------------------------------------------------
    20,4  30,8     1    13,1    30    11,0  75,3 111,8   1,7  40,2    17     SSO

Max >=  30,0:  2
Max <=  20,0:  0
Min <=  30,0: 31
Min <=   0,0:  0
Max Rain: 26,4 on day 18
Days of Rain: 12 (>= 0,2 mm)  8 (>= 2,0 mm)  3 (>= 20,0 mm)
Heat Base: 18,3  Cool Base: 18,3  Method: Integration