Temperatura máxima Desde: 20-07-2019 12:00 Hasta: 19:59 Aviso por: Temperatura máxima Nivel: Naranja info button
español:
Temperatura máxima: 40 ºC. Esté preparado. Tome precauciones y manténgase informado de la predicción meteorológica más actualizada. Las actividades habituales pueden verse alteradas y las realizadas al aire libre, interrumpidas.

english:
Maximum temperature: 40 ºC. Be prepared. Take precautions and keep up to date with the latest weather forecast. Expect some disruption to daily routines and be prepared for disruption to outdoor activities. 

Informes Estilo NOAA


Informe 2015 Septiembre
                   Monthly Climatological Summary for sep 2015

Name: tiempoensevilla.es   City: Sevilla   State: España
Elevation: 6 m  Lat: N 37° 23' 01"   Lon: W 005° 59' 08"

                  Temperature (°C), Rain (mm), Wind Speed (km/h)

                                      Heat  Cool        Avg
    Mean                              Deg   Deg         Wind                 Dom
Day Temp  High   Time   Low    Time   Days  Days  Rain  Speed High   Time    Dir
----------------------------------------------------------------------------------
 1  23,7  28,0   14:33  20,2   06:47   0,0   5,4   0,0   3,1  33,8   16:20     S
 2  22,7  28,2   17:28  19,9   03:03   0,0   4,4   0,0   3,2  25,7   19:17   SSO
 3  21,4  26,6   16:32  18,3   08:11   0,0   3,1   0,0   3,3  27,4   16:44   SSO
 4  20,9  25,7   14:43  17,3   05:48   0,2   2,7   0,0   3,3  32,2   18:50   SSO
 5  20,7  24,2   14:58  17,7   08:50   0,1   2,4   0,2   1,0  14,5   18:53    NO
 6  23,9  32,0   16:03  17,7   06:38   0,1   5,7   0,0   2,9  29,0   18:39    SO
 7  25,1  31,2   17:49  22,5   07:45   0,0   6,8   0,2   1,1  33,8   18:18   NNE
 8  24,9  30,6   17:46  20,3   08:28   0,0   6,6   0,0   1,2  29,0   18:39   OSO
 9  25,7  33,3   17:28  19,7   06:31   0,0   7,4   0,0   1,2  20,9   20:18    SO
10  26,2  32,6   16:27  20,9   05:11   0,0   7,9   0,0   2,6  27,4   16:19   SSO
11  23,8  29,4   16:37  19,8   08:07   0,0   5,5   0,0   2,0  22,5   17:07   SSO
12  22,8  29,2   16:50  18,9   07:28   0,0   4,5   0,0   2,1  27,4   18:36   SSO
13  21,6  27,5   17:16  16,9   08:03   0,1   3,4   0,0   3,5  32,2   18:25    SO
14  22,6  28,1   16:48  19,4   03:26   0,0   4,3   0,0   2,8  27,4   19:47   OSO
15  20,6  25,6   15:33  17,1   07:01   0,2   2,5   0,0   4,2  33,8   18:31    SO
16  21,1  23,6   14:14  18,4   23:36   0,0   2,8   7,0   7,9  48,3   17:27    SO
17  20,5  26,6   19:29  15,7   08:23   0,5   2,7   0,2   1,4  24,1   21:26     N
18  23,2  30,6   17:34  16,4   07:30   0,2   5,1   0,0   1,9  27,4   11:42   ENE
19  25,2  33,4   17:32  18,8   08:08   0,0   6,9   0,0   2,8  24,1   15:11   ENE
20  26,2  32,4   18:25  20,2   08:21   0,0   7,9   0,0   2,1  20,9   21:00     N
21  26,5  33,1   17:15  22,3   07:30   0,0   8,2   0,0   2,0  27,4   19:26    SO
22  25,2  33,4   17:41  19,7   08:25   0,0   6,9   0,0   3,1  32,2   17:59    SO
23  22,5  30,3   18:24  17,1   07:45   0,1   4,3   0,0   1,9  25,7   21:35   SSO
24  22,4  28,9   17:48  18,3   04:26   0,0   4,1   0,0   1,6  19,3   19:42   SSO
25  23,0  28,6   18:13  18,9   07:15   0,0   4,7   0,0   0,8  19,3   20:58    SO
26  23,6  30,7   17:36  18,4   08:23   0,0   5,3   0,0   1,1  19,3   16:30   SSO
27  25,8  33,3   17:16  18,9   08:37   0,0   7,5   0,0   0,9  16,1   11:11   ESE
28  24,6  30,4   17:15  18,8   07:41   0,0   6,3   0,0   4,5  32,2   12:17   ENE
29  22,4  28,6   17:16  18,8   07:41   0,0   4,1   0,4   4,2  35,4   18:59    NE
30  21,7  28,0   17:51  15,9   07:56   0,2   3,7   0,0   1,1  16,1   19:10    SO
----------------------------------------------------------------------------------
    23,4  33,4    19    15,7    17     1,7 153,1   8,0   2,5  48,3    16     SSO

Max >=  30,0: 14
Max <=  20,0:  0
Min <=  30,0: 30
Min <=   0,0:  0
Max Rain: 7,0 on day 16
Days of Rain: 5 (>= 0,2 mm)  1 (>= 2,0 mm)  0 (>= 20,0 mm)
Heat Base: 18,3  Cool Base: 18,3  Method: Integration