Temperatura máxima Desde: 20-07-2019 12:00 Hasta: 19:59 Aviso por: Temperatura máxima Nivel: Naranja info button
español:
Temperatura máxima: 40 ºC. Esté preparado. Tome precauciones y manténgase informado de la predicción meteorológica más actualizada. Las actividades habituales pueden verse alteradas y las realizadas al aire libre, interrumpidas.

english:
Maximum temperature: 40 ºC. Be prepared. Take precautions and keep up to date with the latest weather forecast. Expect some disruption to daily routines and be prepared for disruption to outdoor activities. 

Informes Estilo NOAA


Informe 2015 Julio
                   Monthly Climatological Summary for jul 2015

Name: tiempoensevilla.es   City: Sevilla   State: España
Elevation: 6 m  Lat: N 37° 23' 01"   Lon: W 005° 59' 08"

                  Temperature (°C), Rain (mm), Wind Speed (km/h)

                                      Heat  Cool        Avg
    Mean                              Deg   Deg         Wind                 Dom
Day Temp  High   Time   Low    Time   Days  Days  Rain  Speed High   Time    Dir
----------------------------------------------------------------------------------
 1  24,4  30,4   16:55  20,1   06:12   0,0   6,1   0,0   3,3  35,4   16:59   SSO
 2  27,0  33,8   17:05  21,4   06:34   0,0   8,7   0,0   2,7  24,1   01:22   SSO
 3  28,3  35,6   19:03  21,8   03:36   0,0  10,0   0,0   2,5  24,1   20:50   SSO
 4  29,8  37,3   19:24  23,4   05:08   0,0  11,5   0,0   1,9  20,9   16:44   SSO
 5  31,8  38,5   17:44  24,4   06:16   0,0  13,5   0,0   1,7  22,5   16:48   SSO
 6  32,9  41,1   18:09  25,4   06:57   0,0  14,6   0,0   2,2  20,9   16:18   SSO
 7  33,8  40,8   17:46  26,9   08:41   0,0  15,5   0,0   3,0  22,5   17:33   SSO
 8  30,7  36,9   17:08  25,8   07:16   0,0  12,4   0,0   2,9  25,7   16:43     S
 9  27,6  34,4   17:35  22,9   10:13   0,0   9,3   0,0   2,9  25,7   14:35     S
10  25,9  33,0   18:07  20,9   05:10   0,0   7,6   0,0   3,9  29,0   19:16     S
11  28,1  37,9   17:29  21,3   06:31   0,0   9,8   0,0   2,1  20,9   18:52     S
12  29,9  36,9   18:05  23,4   07:28   0,0  11,6   0,0   2,7  25,7   18:20   SSO
13  29,9  37,6   18:45  22,3   04:26   0,0  11,6   0,0   2,3  24,1   18:30   SSO
14  29,3  38,7   16:23  22,3   07:05   0,0  11,0   0,0   2,5  27,4   21:30   SSO
15  31,4  41,4   17:55  24,0   07:47   0,0  13,2   0,0   1,5  25,7   21:25   SSO
16  33,5  41,3   18:57  26,6   05:07   0,0  15,2   0,0   2,2  22,5   14:52     S
17  32,8  38,4   14:42  28,8   08:35   0,0  14,5   0,0   3,6  38,6   17:20   OSO
18  30,2  36,9   19:50  24,4   06:49   0,0  11,9   0,0   2,0  27,4   18:53   SSO
19  30,3  37,6   17:07  25,3   05:11   0,0  12,0   0,0   2,3  32,2   18:26   SSO
20  31,2  38,5   18:45  24,7   04:27   0,0  12,9   0,0   1,9  25,7   18:54   SSO
21  30,9  37,6   15:58  24,9   05:15   0,0  12,6   0,0   2,5  33,8   19:17   SSO
22  31,9  39,4   17:19  24,9   06:24   0,0  13,6   0,0   2,0  32,2   18:13     S
23  31,1  36,3   17:39  25,6   23:59   0,0  12,8   0,0   3,8  32,2   18:45   SSO
24  29,6  37,3   18:47  22,6   07:47   0,0  11,3   0,0   2,6  32,2   19:43    SO
25  28,0  33,1   17:25  23,3   07:29   0,0   9,7   0,0   3,6  24,1   19:04    SO
26  28,8  37,1   17:46  22,3   03:46   0,0  10,5   0,0   1,9  24,1   18:37   SSO
27  30,3  38,7   17:06  23,3   03:47   0,0  12,0   0,0   2,5  30,6   20:04   SSO
28  31,4  39,6   16:47  25,0   04:58   0,0  13,1   0,0   1,8  25,7   17:00   SSO
29  29,5  37,0   16:38  23,8   07:27   0,0  11,2   0,0   3,1  25,7   17:35     S
30  28,5  34,3   15:52  23,6   07:19   0,0  10,2   0,0   3,2  33,8   17:31   SSO
31  26,5  31,2   14:31  22,9   23:54   0,0   8,2   0,0   3,8  33,8   15:15   SSO
----------------------------------------------------------------------------------
    29,8  41,4    15    20,1     1     0,0 358,1   0,0   2,6  38,6    17     SSO

Max >=  30,0: 31
Max <=  20,0:  0
Min <=  30,0: 31
Min <=   0,0:  0
Max Rain: 0,0 on day 0
Days of Rain: 0 (>= 0,2 mm)  0 (>= 2,0 mm)  0 (>= 20,0 mm)
Heat Base: 18,3  Cool Base: 18,3  Method: Integration