Temperatura máxima Desde: 20-07-2019 12:00 Hasta: 19:59 Aviso por: Temperatura máxima Nivel: Naranja info button
español:
Temperatura máxima: 40 ºC. Esté preparado. Tome precauciones y manténgase informado de la predicción meteorológica más actualizada. Las actividades habituales pueden verse alteradas y las realizadas al aire libre, interrumpidas.

english:
Maximum temperature: 40 ºC. Be prepared. Take precautions and keep up to date with the latest weather forecast. Expect some disruption to daily routines and be prepared for disruption to outdoor activities. 

Informes Estilo NOAA


Informe 2015 Marzo
                   Monthly Climatological Summary for mar 2015

Name: tiempoensevilla.es   City: Sevilla   State: España
Elevation: 6 m  Lat: N 37° 23' 01"   Lon: W 005° 59' 08"

                  Temperature (°C), Rain (mm), Wind Speed (km/h)

                                      Heat  Cool        Avg
    Mean                              Deg   Deg         Wind                 Dom
Day Temp  High   Time   Low    Time   Days  Days  Rain  Speed High   Time    Dir
----------------------------------------------------------------------------------
 1  15,2  21,4   17:12  10,7   08:36   3,4   0,4   0,0   1,2  19,3   19:09    SO
 2  16,7  24,3   16:49  11,5   06:50   2,7   1,1   0,0   1,4  17,7   17:48    NO
 3  15,3  21,8   17:33  11,3   04:59   3,5   0,4   0,0   1,4  14,5   15:05   SSO
 4  16,9  23,1   17:37  11,2   09:22   2,7   1,3   0,0   3,6  32,2   16:43    NE
 5  14,7  18,6   16:07  10,8   08:49   3,6   0,0   0,0   9,3  48,3   10:32   ENE
 6  14,6  22,1   15:36   8,1   07:13   4,4   0,7   0,0   5,1  35,4   11:31   ENE
 7  15,6  23,9   17:19   8,3   07:49   4,0   1,3   0,0   2,2  17,7   03:42    NE
 8  16,3  26,3   16:41   8,6   07:00   3,9   1,9   0,0   1,2  14,5   07:40    NE
 9  16,6  23,9   16:48  10,2   08:56   2,9   1,2   0,0   1,6  19,3   20:24    SO
10  17,5  26,8   16:56   9,2   07:13   3,1   2,3   0,0   1,1  17,7   08:40     N
11  18,5  27,2   17:25  10,6   07:58   2,5   2,7   0,0   1,3  16,1   08:26     N
12  15,9  21,8   15:54  11,4   07:22   2,9   0,6   0,0   2,9  25,7   18:43   SSO
13  13,8  18,7   17:29   9,5   06:17   4,5   0,0   0,0   2,3  17,7   14:51     S
14  15,1  21,9   17:03   8,9   06:38   3,9   0,7   0,0   1,5  17,7   15:59    NE
15  14,7  20,8   17:52   8,4   07:21   3,9   0,3   0,0   3,3  25,7   19:23   NNE
16  13,6  20,0   15:39   8,8   08:34   4,8   0,1   0,0   2,2  25,7   17:03   SSO
17  12,2  15,8   12:33  10,4   23:52   6,1   0,0  11,6   2,2  38,6   12:23   SSE
18  12,0  15,5   13:51   9,3   07:11   6,3   0,0   0,4   2,7  29,0   16:10   ENE
19  13,2  19,5   16:56   9,7   07:33   5,1   0,1   6,0   3,6  22,5   18:03    NE
20  13,3  16,2   14:16  11,5   06:03   5,0   0,0   1,2   1,1  12,9   01:52     N
21  13,0  15,1   18:41  11,8   04:49   5,3   0,0   3,6   1,3  16,1   16:34     S
22  13,6  18,3   16:15  11,2   04:57   4,7   0,0   2,6   1,5  19,3   16:43   NNE
23  14,0  18,1   15:17  11,4   23:56   4,3   0,0   2,4   2,5  33,8   17:44    SO
24  11,3  15,7   15:44   7,7   06:18   7,0   0,0   1,0   3,0  30,6   14:05    NE
25  13,7  17,3   16:12  10,7   08:54   4,6   0,0   0,2   7,1  43,5   10:49     N
26  14,7  21,6   17:20  10,1   03:36   4,0   0,4   0,0   2,8  22,5   17:35    NO
27  17,8  24,6   18:06  12,1   07:24   2,0   1,5   0,0   1,6  16,1   15:10   ONO
28  20,6  29,3   18:13  13,3   05:44   1,6   3,9   0,0   1,0  16,1   11:21   NNE
29  22,1  29,2   17:34  14,9   07:57   0,5   4,2   0,0   2,5  19,3   17:08    NO
30  22,3  30,4   18:50  15,9   07:03   0,4   4,3   0,0   1,5  16,1   23:06   NNO
31  22,4  32,9   19:04  14,7   08:34   0,9   5,0   0,0   1,9  16,1   11:53     N
----------------------------------------------------------------------------------
    15,7  32,9    31     7,7    24   114,5  34,4  29,0   2,5  48,3     5     NNE

Max >=  30,0:  2
Max <=  20,0: 12
Min <=  30,0: 31
Min <=   0,0:  0
Max Rain: 11,6 on day 17
Days of Rain: 9 (>= 0,2 mm)  5 (>= 2,0 mm)  0 (>= 20,0 mm)
Heat Base: 18,3  Cool Base: 18,3  Method: Integration