Temperatura máxima Desde: 20-07-2019 12:00 Hasta: 19:59 Aviso por: Temperatura máxima Nivel: Naranja info button
español:
Temperatura máxima: 40 ºC. Esté preparado. Tome precauciones y manténgase informado de la predicción meteorológica más actualizada. Las actividades habituales pueden verse alteradas y las realizadas al aire libre, interrumpidas.

english:
Maximum temperature: 40 ºC. Be prepared. Take precautions and keep up to date with the latest weather forecast. Expect some disruption to daily routines and be prepared for disruption to outdoor activities. 

Informes Estilo NOAA


Informe 2015 Enero
                   Monthly Climatological Summary for ene 2015

Name: tiempoensevilla.es   City: Sevilla   State: España
Elevation: 6 m  Lat: N 37° 23' 01"   Lon: W 005° 59' 08"

                  Temperature (°C), Rain (mm), Wind Speed (km/h)

                                      Heat  Cool        Avg
    Mean                              Deg   Deg         Wind                 Dom
Day Temp  High   Time   Low    Time   Days  Days  Rain  Speed High   Time    Dir
----------------------------------------------------------------------------------
 1   8,7  15,7   16:23   2,3   07:49   9,6   0,0   0,0   2,9  22,5   14:31    NE
 2   9,5  15,9   16:32   4,3   08:48   8,8   0,0   0,0   3,5  20,9   11:36   NNE
 3  10,5  18,3   16:33   5,3   06:56   7,8   0,0   0,0   3,5  19,3   11:31   NNE
 4  11,1  20,0   17:15   4,9   09:16   7,3   0,1   0,0   3,3  19,3   05:02   NNE
 5   9,0  15,2   16:44   4,3   08:53   9,3   0,0   0,0   0,8  11,3   13:10    NO
 6   8,3  13,1   17:08   4,8   06:01  10,0   0,0   0,0   1,4  14,5   10:31   NNE
 7   8,4  14,9   16:58   2,4   08:11   9,9   0,0   0,4   1,6  14,5   10:42   NNE
 8  10,1  16,4   16:44   5,3   06:33   8,2   0,0   0,0   4,1  20,9   11:46   NNE
 9  11,4  17,8   16:20   6,1   09:26   6,9   0,0   0,0   5,5  29,0   13:56    NE
10  11,4  19,1   16:39   6,3   06:23   6,9   0,0   0,0   3,0  20,9   08:52   NNE
11  10,9  17,6   15:50   5,4   09:03   7,4   0,0   0,0   1,4  17,7   09:34     N
12  12,4  19,3   15:52   6,7   04:42   6,0   0,1   0,0   1,7  11,3   05:26     N
13  12,8  18,8   17:08   7,9   07:33   5,5   0,0   0,0   1,6  19,3   11:39   NNE
14  12,4  17,9   17:04   7,9   09:48   5,9   0,0   0,0   2,2  17,7   11:48   NNE
15  12,4  16,6   15:23   7,9   09:49   5,9   0,0   3,2   2,4  27,4   17:24   SSO
16  11,6  14,4   15:56   9,2   23:44   6,7   0,0   7,0   2,2  32,2   00:33   OSO
17   8,8  13,4   16:34   5,0   08:14   9,5   0,0   0,0   0,5  11,3   00:27    NO
18   9,9  11,6   13:19   8,0   04:59   8,4   0,0  32,8   4,7  40,2   14:54   SSE
19  10,7  13,8   15:37   8,6   07:34   7,6   0,0   1,4   7,0  38,6   12:47   NNO
20   6,6   8,9   00:00   4,7   08:55  11,7   0,0   2,4   0,3  14,5   14:23   NNE
21   8,9  13,3   15:40   5,5   08:10   9,4   0,0   0,8   1,7  29,0   22:36   OSO
22  10,8  14,7   16:21   8,1   06:34   7,5   0,0   0,0   3,0  32,2   14:02   ONO
23  10,9  15,0   16:48   7,3   08:24   7,4   0,0   0,0   0,7  14,5   02:09    NO
24   9,2  14,2   16:49   4,8   07:27   9,1   0,0   0,0   1,5  22,5   13:24    NE
25  10,6  17,4   17:07   4,8   07:44   7,7   0,0   0,0   2,2  19,3   12:54    NE
26  11,0  18,5   17:35   4,7   08:50   7,3   0,0   0,0   1,9  17,7   10:47     N
27  11,4  18,6   17:04   5,2   08:23   6,9   0,0   0,0   2,1  17,7   12:19   NNE
28  11,2  16,8   16:40   5,7   09:49   7,1   0,0   0,0   1,1  16,1   17:48   OSO
29  11,0  16,3   16:07   4,7   08:45   7,3   0,0   0,0   2,3  29,0   16:33   SSO
30  15,2  17,9   15:51  12,9   03:26   3,1   0,0   0,0   5,5  38,6   19:18   OSO
31  14,0  16,7   15:20   9,6   23:11   4,3   0,0   3,0   8,8  54,7   11:12     O
----------------------------------------------------------------------------------
    10,7  20,0     4     2,3     1   236,4   0,2  51,0   2,7  54,7    31     NNO

Max >=  30,0:  0
Max <=  20,0: 31
Min <=  30,0: 31
Min <=   0,0:  0
Max Rain: 32,8 on day 18
Days of Rain: 8 (>= 0,2 mm)  5 (>= 2,0 mm)  1 (>= 20,0 mm)
Heat Base: 18,3  Cool Base: 18,3  Method: Integration