Temperatura máxima Desde: 20-07-2019 12:00 Hasta: 19:59 Aviso por: Temperatura máxima Nivel: Naranja info button
español:
Temperatura máxima: 40 ºC. Esté preparado. Tome precauciones y manténgase informado de la predicción meteorológica más actualizada. Las actividades habituales pueden verse alteradas y las realizadas al aire libre, interrumpidas.

english:
Maximum temperature: 40 ºC. Be prepared. Take precautions and keep up to date with the latest weather forecast. Expect some disruption to daily routines and be prepared for disruption to outdoor activities. 

Informes Estilo NOAA


Informe 2014 Agosto
                   Monthly Climatological Summary for ago 2014

Name: tiempoensevilla.es   City: Sevilla   State: España
Elevation: 6 m  Lat: N 37° 23' 01"   Lon: W 005° 59' 08"

                  Temperature (°C), Rain (mm), Wind Speed (km/h)

                                      Heat  Cool        Avg
    Mean                              Deg   Deg         Wind                 Dom
Day Temp  High   Time   Low    Time   Days  Days  Rain  Speed High   Time    Dir
----------------------------------------------------------------------------------
 1  21,9  27,9   17:42  17,8   07:17   0,0   3,7   0,0   4,3  32,2   19:52   SSO
 2  23,0  29,8   17:15  18,8   05:27   0,0   4,7   0,0   3,6  35,4   17:29   SSO
 3  25,5  33,3   17:20  19,3   07:52   0,0   7,2   0,0   2,1  24,1   20:32    SO
 4  25,8  31,9   15:40  20,6   05:28   0,0   7,5   0,0   3,7  33,8   18:13     S
 5  26,0  35,5   17:48  19,4   07:17   0,0   7,7   0,0   1,6  24,1   18:43   SSO
 6  27,5  35,3   16:54  22,0   07:19   0,0   9,2   0,0   3,1  29,0   19:33     S
 7  27,3  36,2   16:46  22,0   07:31   0,0   9,0   0,0   2,7  27,4   19:18     S
 8  28,2  35,1   16:55  21,8   06:06   0,0   9,9   0,0   2,7  25,7   15:44     S
 9  28,8  35,4   15:43  23,9   03:01   0,0  10,5   0,0   3,2  29,0   18:52   SSO
10  26,5  33,4   16:28  21,0   07:41   0,0   8,2   0,0   3,1  30,6   19:24     S
11  26,2  33,8   16:36  20,7   06:06   0,0   7,9   0,0   3,2  29,0   19:11   SSO
12  26,2  33,6   16:33  21,6   06:12   0,0   7,9   0,0   2,3  25,7   17:53     S
13  28,8  36,3   17:59  23,2   03:57   0,0  10,5   0,0   2,7  24,1   16:01    NO
14  28,0  34,1   17:20  22,7   08:30   0,0   9,7   0,0   2,7  25,7   19:09    SO
15  27,9  35,8   18:19  20,4   08:13   0,0   9,6   0,0   1,5  22,5   18:42   SSO
16  28,0  36,9   17:35  21,6   06:14   0,0   9,7   0,0   1,3  20,9   23:02    SO
17  29,8  36,1   18:03  23,6   07:55   0,0  11,5   0,0   3,2  29,0   14:56   ESE
18  28,4  33,3   17:34  23,5   08:40   0,0  10,1   0,0   2,7  25,7   16:43   SSO
19  23,8  29,7   16:27  20,3   23:58   0,0   5,5   0,0   4,5  30,6   15:47   SSO
20  24,1  32,7   17:28  18,8   04:25   0,0   5,8   0,0   3,2  25,7   19:57     S
21  25,5  32,7   16:32  20,2   03:19   0,0   7,2   0,0   3,2  33,8   17:35     S
22  24,6  32,6   18:16  18,9   07:50   0,0   6,3   0,0   2,7  29,0   18:57     S
23  26,2  34,1   16:43  20,4   07:48   0,0   7,9   0,0   0,8  19,3   17:23   SSO
24  27,4  35,4   18:31  19,9   07:53   0,0   9,1   0,0   0,6  17,7   17:06    SO
25  28,8  37,1   17:27  22,0   05:39   0,0  10,5   0,0   0,6  17,7   18:01   SSO
26  28,5  37,6   16:41  21,9   07:32   0,0  10,2   0,0   1,8  20,9   18:12     S
27  30,9  39,6   17:43  24,0   07:27   0,0  12,6   0,0   2,5  29,0   19:36   SSO
28  31,4  37,9   16:54  24,8   05:32   0,0  13,1   0,0   2,3  32,2   18:57   SSO
29  29,6  36,1   16:43  24,2   08:19   0,0  11,3   0,0   1,8  25,7   16:47   SSO
30  26,5  32,0   17:02  21,0   07:59   0,0   8,2   0,0   2,7  29,0   17:43   SSO
31  27,6  35,4   17:56  21,3   08:08   0,0   9,3   0,0   0,6  19,3   17:26    SO
----------------------------------------------------------------------------------
    27,1  39,6    27    17,8     1     0,0 271,5   0,0   2,5  35,4     2     SSO

Max >=  30,0: 28
Max <=  20,0:  0
Min <=  30,0: 31
Min <=   0,0:  0
Max Rain: 0,0 on day 0
Days of Rain: 0 (>= 0,2 mm)  0 (>= 2,0 mm)  0 (>= 20,0 mm)
Heat Base: 18,3  Cool Base: 18,3  Method: Integration