Temperatura máxima Desde: 20-07-2019 12:00 Hasta: 19:59 Aviso por: Temperatura máxima Nivel: Naranja info button
español:
Temperatura máxima: 40 ºC. Esté preparado. Tome precauciones y manténgase informado de la predicción meteorológica más actualizada. Las actividades habituales pueden verse alteradas y las realizadas al aire libre, interrumpidas.

english:
Maximum temperature: 40 ºC. Be prepared. Take precautions and keep up to date with the latest weather forecast. Expect some disruption to daily routines and be prepared for disruption to outdoor activities. 

Informes Estilo NOAA


Informe 2014 Abril
                   Monthly Climatological Summary for abr 2014

Name: tiempoensevilla.es   City: Sevilla   State: España
Elevation: 6 m  Lat: N 37° 23' 01"   Lon: W 005° 59' 08"

                  Temperature (°C), Rain (mm), Wind Speed (km/h)

                                      Heat  Cool        Avg
    Mean                              Deg   Deg         Wind                 Dom
Day Temp  High   Time   Low    Time   Days  Days  Rain  Speed High   Time    Dir
----------------------------------------------------------------------------------
 1  17,5  21,6   14:51  14,8   01:45   1,6   0,8   0,0   6,9  43,5   14:38     S
 2  14,6  17,1   00:00  12,4   08:47   3,7   0,0  14,0   6,4  35,4   19:05   SSO
 3  13,4  16,9   16:38  10,4   06:26   4,9   0,0   1,8   3,4  30,6   17:03   OSO
 4  14,4  19,1   15:54   9,8   06:45   4,0   0,0   0,0   4,1  27,4   01:13   OSO
 5  17,9  24,3   19:04  13,3   08:33   2,0   1,6   0,0   0,6  12,9   18:39    SO
 6  21,0  28,4   18:15  14,6   07:18   0,9   3,6   0,0   2,2  27,4   10:32    NE
 7  22,3  29,8   18:43  15,3   07:55   0,6   4,6   0,0   1,8  19,3   10:18     N
 8  23,9  31,9   18:20  16,2   08:04   0,3   5,9   0,0   2,0  19,3   14:05    NE
 9  22,9  28,9   17:12  16,9   07:20   0,1   4,7   0,0   3,0  25,7   21:44   NNE
10  22,8  29,8   17:40  16,4   08:52   0,3   4,7   0,0   2,6  20,9   17:10   ONO
11  22,8  28,3   17:56  17,9   23:56   0,0   4,5   0,0   4,7  30,6   06:00    SO
12  17,3  21,8   17:44  15,1   02:49   1,6   0,6   0,0   3,0  24,1   20:44   SSO
13  19,8  28,6   18:35  12,7   08:06   1,8   3,3   0,0   4,4  29,0   18:10   ENE
14  21,4  28,1   18:07  16,4   06:53   0,3   3,4   0,0   5,3  30,6   14:59   ENE
15  19,9  24,9   16:51  15,9   07:53   0,5   2,1   0,0   2,6  22,5   15:55   SSO
16  19,6  27,3   18:58  13,3   07:40   1,4   2,7   0,0   1,0  17,7   17:47   SSO
17  22,7  31,9   17:04  15,8   08:14   0,4   4,8   0,0   2,4  29,0   19:28    SO
18  19,0  24,0   17:37  15,0   07:08   0,7   1,4   0,0   4,0  25,7   18:58    SO
19  18,4  22,2   17:47  16,3   23:00   0,7   0,8   0,0   5,1  35,4   19:54    SO
20  16,0  18,6   16:31  13,6   07:48   2,3   0,0  18,4   4,8  35,4   16:42   SSO
21  14,9  16,8   16:45  13,1   06:17   3,4   0,0   9,0   2,0  22,5   01:20   SSO
22  16,8  21,8   17:22  11,9   07:41   2,2   0,7   0,0   2,4  29,0   19:40   SSO
23  17,4  22,9   16:59  13,4   08:14   1,9   1,0   0,0   1,2  20,9   21:25   OSO
24  17,2  22,2   17:31  13,6   07:37   1,8   0,7   0,8   4,0  30,6   14:47     O
25  16,7  22,9   18:53  11,7   07:37   2,5   1,0   0,0   2,8  20,9   18:17   ONO
26  19,0  26,3   17:45  13,7   07:26   1,3   2,1   0,0   3,8  32,2   19:38    NO
27  20,6  27,3   18:24  15,4   07:49   0,7   3,1   0,0   3,8  22,5   18:27   NNO
28  22,7  30,1   18:59  16,0   07:35   0,3   4,7   0,0   4,2  24,1   15:43     N
29  23,8  31,3   18:48  16,8   07:50   0,1   5,6   0,0   3,1  14,5   02:47   NNO
30  25,2  32,2   19:07  18,6   07:31   0,0   6,9   0,0   4,2  17,7   10:30     N
----------------------------------------------------------------------------------
    19,4  32,2    30     9,8     4    42,3  75,3  44,0   3,4  43,5     1     OSO

Max >=  30,0:  5
Max <=  20,0:  5
Min <=  30,0: 30
Min <=   0,0:  0
Max Rain: 18,4 on day 20
Days of Rain: 5 (>= 0,2 mm)  3 (>= 2,0 mm)  0 (>= 20,0 mm)
Heat Base: 18,3  Cool Base: 18,3  Method: Integration