Temperatura máxima Desde: 20-07-2019 12:00 Hasta: 19:59 Aviso por: Temperatura máxima Nivel: Naranja info button
español:
Temperatura máxima: 40 ºC. Esté preparado. Tome precauciones y manténgase informado de la predicción meteorológica más actualizada. Las actividades habituales pueden verse alteradas y las realizadas al aire libre, interrumpidas.

english:
Maximum temperature: 40 ºC. Be prepared. Take precautions and keep up to date with the latest weather forecast. Expect some disruption to daily routines and be prepared for disruption to outdoor activities. 

Informes Estilo NOAA


Informe 2014 Enero
                   Monthly Climatological Summary for ene 2014

Name: tiempoensevilla.es   City: Sevilla   State: España
Elevation: 6 m  Lat: N 37° 23' 01"   Lon: W 005° 59' 08"

                  Temperature (°C), Rain (mm), Wind Speed (km/h)

                                      Heat  Cool        Avg
    Mean                              Deg   Deg         Wind                 Dom
Day Temp  High   Time   Low    Time   Days  Days  Rain  Speed High   Time    Dir
----------------------------------------------------------------------------------
 1  12,3  14,2   21:06  10,3   09:06   6,0   0,0   3,2   0,5  14,5   21:41    SO
 2  15,0  16,9   15:30  13,3   04:37   3,3   0,0   1,4   5,1  29,0   14:44   SSO
 3  16,2  19,1   14:56  14,4   08:36   2,2   0,0   1,6   5,0  25,7   17:03   SSO
 4  15,3  18,5   15:35  12,3   23:49   3,0   0,0   6,2   8,5  53,1   16:31    SO
 5  11,8  15,7   16:28   7,9   09:17   6,5   0,0   0,0   0,9  12,9   00:36   NNE
 6  11,3  17,2   16:16   7,2   07:46   7,0   0,0   0,0   1,5  14,5   10:17     N
 7  11,6  17,4   16:02   7,3   08:07   6,7   0,0   0,0   0,6  12,9   10:12   NNE
 8  12,7  19,3   16:27   7,8   08:05   5,6   0,1   0,0   2,9  19,3   11:55   NNE
 9  13,2  18,8   16:26   8,6   08:08   5,2   0,0   0,0   2,8  19,3   17:20   NNE
10  12,4  15,1   16:14   9,7   06:49   5,9   0,0   0,0   2,5  24,1   08:01   NNE
11  13,9  19,2   16:20   9,8   08:15   4,5   0,1   0,0   1,0  12,9   07:39   NNO
12  15,0  18,0   16:59  13,1   06:59   3,3   0,0   0,0   0,4  11,3   09:59   SSO
13  13,2  15,1   16:39  11,2   23:16   5,1   0,0  11,6   2,3  29,0   15:29    NO
14  12,6  15,8   14:48   9,2   05:21   5,7   0,0   0,0   2,9  27,4   13:42    SO
15  12,9  14,4   14:03  10,5   08:46   5,4   0,0   0,0   1,2  16,1   01:59    SO
16  13,0  15,6   16:42  10,3   23:51   5,3   0,0   3,0   1,6  25,7   07:56   OSO
17   9,8  11,7   16:49   7,3   06:04   8,5   0,0  16,0   3,0  27,4   18:36   SSE
18  11,3  15,2   16:20   9,3   08:43   7,0   0,0   4,0   3,3  24,1   11:08   OSO
19  11,3  14,7   16:11   8,8   06:46   7,0   0,0  17,0   6,8  40,2   04:41   ONO
20  10,4  14,6   16:50   5,9   08:03   7,9   0,0   0,0   0,8  16,1   16:10     O
21  11,7  14,2   17:08   9,6   06:35   6,6   0,0   3,4   2,2  25,7   23:55   SSO
22  13,3  17,3   16:57   9,9   09:38   5,0   0,0   5,6   3,5  30,6   00:43     O
23  12,2  17,0   15:45   8,6   08:00   6,1   0,0   0,0   5,0  27,4   11:29     N
24  11,2  17,2   16:48   7,1   06:31   7,1   0,0   0,0   0,9  14,5   04:08   NNE
25  12,4  17,7   16:41   7,8   08:48   5,9   0,0   0,0   0,5  14,5   15:01   SSO
26  13,7  19,2   17:03   9,5   08:49   4,7   0,1   0,0   2,3  30,6   22:09   ONO
27  13,9  16,8   14:42  11,9   04:34   4,4   0,0   0,0   5,2  30,6   11:14     O
28  11,7  14,8   14:06   8,0   08:43   6,6   0,0   0,8   6,2  32,2   14:55    SO
29  11,9  14,1   18:05  10,1   09:20   6,4   0,0   0,2   5,1  29,0   08:30     O
30  11,5  15,9   17:04   7,9   09:15   6,8   0,0   0,0   4,2  30,6   14:21    NO
31  13,1  16,9   15:55  10,0   06:01   5,2   0,0   0,6   2,4  19,3   15:03   OSO
----------------------------------------------------------------------------------
    12,6  19,3     8     5,9    20   175,9   0,3  74,6   2,9  53,1     4       O

Max >=  30,0:  0
Max <=  20,0: 31
Min <=  30,0: 31
Min <=   0,0:  0
Max Rain: 17,0 on day 19
Days of Rain: 14 (>= 0,2 mm)  9 (>= 2,0 mm)  0 (>= 20,0 mm)
Heat Base: 18,3  Cool Base: 18,3  Method: Integration