Temperatura máxima Desde: 20-07-2019 12:00 Hasta: 19:59 Aviso por: Temperatura máxima Nivel: Naranja info button
español:
Temperatura máxima: 40 ºC. Esté preparado. Tome precauciones y manténgase informado de la predicción meteorológica más actualizada. Las actividades habituales pueden verse alteradas y las realizadas al aire libre, interrumpidas.

english:
Maximum temperature: 40 ºC. Be prepared. Take precautions and keep up to date with the latest weather forecast. Expect some disruption to daily routines and be prepared for disruption to outdoor activities. 

Informes Estilo NOAA


Informe 2013 Septiembre
                   Monthly Climatological Summary for sep 2013

Name: tiempoensevilla.es   City: Sevilla   State: España
Elevation: 6 m  Lat: N 37° 23' 01"   Lon: W 005° 59' 08"

                  Temperature (°C), Rain (mm), Wind Speed (km/h)

                                      Heat  Cool        Avg
    Mean                              Deg   Deg         Wind                 Dom
Day Temp  High   Time   Low    Time   Days  Days  Rain  Speed High   Time    Dir
----------------------------------------------------------------------------------
 1  28,7  34,8   18:20  22,8   08:10   0,0  10,4   0,0   3,0  27,4   16:47     E
 2  28,7  34,1   17:56  22,5   08:46   0,0  10,4   0,0   4,3  29,0   18:00     E
 3  28,3  34,7   18:24  21,4   07:35   0,0  10,0   0,0   5,3  30,6   14:00     E
 4  28,2  35,2   17:56  21,1   07:26   0,0   9,9   0,0   3,4  24,1   21:16   ESE
 5  25,6  29,7   15:11  21,8   07:34   0,0   7,3   0,0   3,9  33,8   17:06    SO
 6  24,5  29,3   16:30  21,8   08:21   0,0   6,2   0,0   3,3  25,7   18:15   SSO
 7  23,6  27,4   16:53  21,1   08:05   0,0   5,3   0,0   5,4  30,6   13:19   SSO
 8  24,7  31,1   18:34  20,2   07:43   0,0   6,4   0,0   1,8  22,5   22:18   OSO
 9  26,0  33,8   17:41  20,4   09:25   0,0   7,7   0,0   1,8  20,9   19:30    SO
10  26,1  33,3   18:34  19,7   07:42   0,0   7,8   0,0   1,5  20,9   01:31   SSO
11  27,0  34,7   16:26  20,7   08:09   0,0   8,7   0,0   2,7  24,1   17:36   SSO
12  27,7  33,5   18:30  22,2   05:56   0,0   9,4   0,0   1,7  19,3   16:09     S
13  27,5  33,8   18:20  22,6   09:29   0,0   9,2   0,0   2,8  22,5   02:07    SO
14  26,8  31,2   17:49  23,7   08:23   0,0   8,5   0,0   3,3  27,4   20:41   OSO
15  26,1  32,1   18:39  21,1   07:56   0,0   7,8   0,0   3,0  25,7   16:07   SSO
16  25,5  33,0   17:07  21,2   04:05   0,0   7,2   0,0   2,7  27,4   17:49   SSO
17  22,9  26,7   15:24  20,6   07:54   0,0   4,6   0,0   5,4  27,4   14:43   SSO
18  22,6  27,2   16:29  20,3   02:13   0,0   4,3   0,0   3,5  29,0   19:26   SSO
19  23,9  31,2   17:16  20,2   03:30   0,0   5,6   0,0   1,7  24,1   19:18    SO
20  26,3  34,6   17:30  19,9   07:24   0,0   8,0   0,0   1,7  16,1   18:41   ENE
21  27,4  35,3   17:06  20,2   07:31   0,0   9,1   0,0   1,8  17,7   08:59   NNE
22  27,7  34,8   18:06  20,7   08:17   0,0   9,4   0,0   1,8  19,3   21:01   ESE
23  25,7  32,4   16:19  20,8   06:26   0,0   7,4   0,0   3,8  29,0   18:32   OSO
24  24,6  29,2   17:40  20,7   08:29   0,0   6,3   0,0   2,6  24,1   00:08    SO
25  23,6  28,6   16:58  20,3   08:19   0,0   5,3   0,0   2,1  25,7   18:40   SSO
26  23,4  29,8   17:57  18,9   07:04   0,0   5,1   0,0   2,5  24,1   18:13    SO
27  22,6  25,6   14:14  19,4   21:44   0,0   4,3   9,6   5,3  30,6   14:15     S
28  21,5  25,3   17:31  19,4   03:15   0,0   3,2   3,4   6,8  35,4   14:12   SSO
29  21,5  24,6   16:03  19,2   05:25   0,0   3,2   1,0   5,5  33,8   18:12    SO
30  22,6  25,0   16:41  20,6   00:00   0,0   4,3   3,8   6,9  32,2   15:26   SSO
----------------------------------------------------------------------------------
    25,4  35,3    21    18,9    26     0,0 212,3  17,8   3,4  35,4    28     SSO

Max >=  30,0: 18
Max <=  20,0:  0
Min <=  30,0: 30
Min <=   0,0:  0
Max Rain: 9,6 on day 27
Days of Rain: 4 (>= 0,2 mm)  3 (>= 2,0 mm)  0 (>= 20,0 mm)
Heat Base: 18,3  Cool Base: 18,3  Method: Integration