Temperatura máxima Desde: 20-07-2019 12:00 Hasta: 19:59 Aviso por: Temperatura máxima Nivel: Naranja info button
español:
Temperatura máxima: 40 ºC. Esté preparado. Tome precauciones y manténgase informado de la predicción meteorológica más actualizada. Las actividades habituales pueden verse alteradas y las realizadas al aire libre, interrumpidas.

english:
Maximum temperature: 40 ºC. Be prepared. Take precautions and keep up to date with the latest weather forecast. Expect some disruption to daily routines and be prepared for disruption to outdoor activities. 

Informes Estilo NOAA


Informe 2013 Agosto
                   Monthly Climatological Summary for ago 2013

Name: tiempoensevilla.es   City: Sevilla   State: España
Elevation: 6 m  Lat: N 37° 23' 01"   Lon: W 005° 59' 08"

                  Temperature (°C), Rain (mm), Wind Speed (km/h)

                                      Heat  Cool        Avg
    Mean                              Deg   Deg         Wind                 Dom
Day Temp  High   Time   Low    Time   Days  Days  Rain  Speed High   Time    Dir
----------------------------------------------------------------------------------
 1  30,5  37,5   18:23  24,1   07:29   0,0  12,2   0,0   3,0  22,5   19:07   OSO
 2  29,8  36,1   18:50  23,6   08:14   0,0  11,5   0,0   2,2  19,3   23:19    SO
 3  29,9  35,9   17:13  23,8   08:01   0,0  11,6   0,0   3,7  20,9   19:33    NO
 4  29,0  36,8   19:07  22,3   07:40   0,0  10,7   0,0   1,8  17,7   17:29   SSO
 5  28,5  36,8   17:28  21,9   07:49   0,0  10,2   0,0   2,8  25,7   22:23   SSO
 6  28,7  35,6   19:18  22,8   06:38   0,0  10,4   0,0   3,8  30,6   17:29    SO
 7  27,5  34,7   18:27  22,2   06:11   0,0   9,2   0,0   3,6  30,6   18:58    SO
 8  28,6  36,0   19:57  22,5   07:38   0,0  10,3   0,0   2,4  20,9   17:21   NNE
 9  30,4  37,4   18:52  23,0   07:45   0,0  12,1   0,0   4,8  33,8   15:11   ENE
10  31,3  40,1   19:49  23,1   07:47   0,0  13,0   0,0   2,7  20,9   15:13     N
11  31,4  38,3   17:27  24,7   07:21   0,0  13,1   0,0   2,2  20,9   17:47    SO
12  30,4  37,7   18:16  23,1   07:47   0,0  12,1   0,0   2,6  27,4   18:52   SSO
13  28,3  35,4   17:05  22,1   08:37   0,0  10,0   0,0   2,7  25,7   14:38   SSO
14  27,6  35,1   18:13  21,6   07:56   0,0   9,3   0,0   2,8  24,1   21:00    SO
15  30,0  39,5   19:14  23,7   06:51   0,0  11,7   0,0   1,7  24,1   22:04   OSO
16  30,4  38,0   16:52  25,2   01:38   0,0  12,1   0,0   2,5  29,0   17:53   SSO
17  29,5  36,6   18:26  23,8   05:34   0,0  11,2   0,0   2,7  20,9   16:33   SSO
18  30,7  39,2   18:45  23,3   05:13   0,0  12,3   0,0   2,6  25,7   19:18   NNE
19  32,4  41,6   18:31  25,8   02:40   0,0  14,1   0,0   3,2  25,7   20:08     N
20  33,0  39,7   15:46  25,9   08:02   0,0  14,7   0,0   2,4  22,5   17:21    SO
21  30,7  37,8   19:02  24,7   06:09   0,0  12,4   0,0   3,0  22,5   20:25    SO
22  30,0  38,1   17:45  24,3   04:00   0,0  11,7   0,0   1,9  17,7   01:26   SSO
23  30,3  37,9   17:01  24,3   08:39   0,0  12,0   0,0   1,8  24,1   17:50   SSO
24  27,3  33,3   17:01  22,1   07:50   0,0   9,0   0,0   3,1  24,1   14:49   SSO
25  26,1  32,3   17:07  22,6   08:08   0,0   7,8   0,0   3,6  24,1   18:03   SSO
26  24,5  27,8   15:35  22,7   05:22   0,0   6,2   0,0   4,5  29,0   16:05   SSO
27  24,8  30,1   17:54  21,3   05:43   0,0   6,5   0,0   2,5  24,1   14:49   SSO
28  25,7  31,8   18:35  21,0   08:13   0,0   7,0   0,0   1,9  25,7   21:07    SO
29  25,3  28,9   18:18  22,2   03:30   0,0   7,0   3,8   3,2  32,2   11:46   ENE
30  27,0  33,7   17:56  21,3   07:49   0,0   8,7   0,0   2,4  24,1   16:01    NE
31  27,7  34,6   18:16  22,7   08:17   0,0   9,4   0,0   2,3  22,5   16:13   ENE
----------------------------------------------------------------------------------
    28,9  41,6    19    21,0    28     0,0 329,5   3,8   2,8  33,8     9      SO

Max >=  30,0: 29
Max <=  20,0:  0
Min <=  30,0: 31
Min <=   0,0:  0
Max Rain: 3,8 on day 29
Days of Rain: 1 (>= 0,2 mm)  1 (>= 2,0 mm)  0 (>= 20,0 mm)
Heat Base: 18,3  Cool Base: 18,3  Method: Integration