Temperatura máxima Desde: 20-07-2019 12:00 Hasta: 19:59 Aviso por: Temperatura máxima Nivel: Naranja info button
español:
Temperatura máxima: 40 ºC. Esté preparado. Tome precauciones y manténgase informado de la predicción meteorológica más actualizada. Las actividades habituales pueden verse alteradas y las realizadas al aire libre, interrumpidas.

english:
Maximum temperature: 40 ºC. Be prepared. Take precautions and keep up to date with the latest weather forecast. Expect some disruption to daily routines and be prepared for disruption to outdoor activities. 

Informes Estilo NOAA


Informe 2013 Febrero
                   Monthly Climatological Summary for feb 2013

Name: tiempoensevilla.es   City: Sevilla   State: España
Elevation: 6 m  Lat: N 37° 23' 01"   Lon: W 005° 59' 08"

                  Temperature (°C), Rain (mm), Wind Speed (km/h)

                                      Heat  Cool        Avg
    Mean                              Deg   Deg         Wind                 Dom
Day Temp  High   Time   Low    Time   Days  Days  Rain  Speed High   Time    Dir
----------------------------------------------------------------------------------
 1  11,7  16,3   14:45   7,4   07:46   6,6   0,0   0,0   2,4  17,7   15:37   SSO
 2  12,7  15,7   16:28  10,4   23:55   5,6   0,0   0,2   7,9  35,4   12:15    NO
 3  11,2  15,8   16:44   7,2   08:38   7,1   0,0   0,0   4,1  30,6   16:34    NE
 4  11,5  17,0   17:11   6,4   08:15   6,8   0,0   0,0   4,9  37,0   12:58    NE
 5  12,2  18,5   15:35   6,6   08:49   6,1   0,0   0,0   1,7  20,9   18:21    SO
 6  11,2  16,3   15:38   5,6   06:49   7,1   0,0   0,0   5,1  35,4   13:57    NO
 7  10,8  15,3   17:35   7,7   08:20   7,5   0,0   0,0   3,7  20,9   00:30   NNE
 8  11,0  16,7   16:47   5,8   08:36   7,3   0,0   0,0   2,6  24,1   15:06     N
 9  11,4  14,9   16:58   7,6   08:08   6,9   0,0   0,0   3,4  25,7   12:58   ENE
10   9,7  15,6   16:38   3,8   08:27   8,6   0,0   0,0   3,9  27,4   17:38    SO
11  11,2  13,5   17:41   8,2   23:33   7,1   0,0   0,0   7,6  35,4   13:36     O
12  11,2  15,7   16:23   7,9   01:01   7,1   0,0   0,0   6,0  27,4   11:40    NO
13  12,4  18,6   17:42   7,3   05:29   5,9   0,0   0,0   0,2  11,3   14:02     S
14  13,7  20,6   17:07   7,6   06:53   4,9   0,3   0,0   2,6  17,7   11:21   NNE
15  14,6  21,3   16:35   9,2   08:33   4,1   0,4   0,0   1,9  17,7   09:56   NNE
16  11,6  14,6   16:38   8,4   08:19   6,7   0,0   0,0   0,5   9,7   05:01   OSO
17  12,9  14,8   16:08  10,9   08:53   5,4   0,0   0,0   1,0  17,7   13:55    SO
18  14,0  17,5   17:19  12,6   08:41   4,3   0,0  12,2   2,0  48,3   19:04     S
19  12,7  14,0   13:50  11,4   23:56   5,6   0,0  12,0   3,4  35,4   14:06     S
20  12,3  16,5   15:50   9,0   08:32   6,0   0,0   0,2   2,4  19,3   17:51    SO
21  13,2  16,9   17:04  10,5   03:35   5,1   0,0  14,2   5,3  45,1   21:29    SO
22  13,9  17,2   15:08  11,1   23:46   4,4   0,0  12,6   6,9  45,1   15:44    SO
23  12,2  15,9   16:24   9,3   23:53   6,1   0,0   2,6   6,4  37,0   04:41   ONO
24   9,6  13,8   17:00   4,7   07:30   8,7   0,0   0,0   2,2  20,9   16:39    NO
25   9,7  14,1   17:26   5,4   08:47   8,6   0,0   0,0   2,9  22,5   12:36    NE
26   9,3  14,1   17:18   4,6   06:35   9,0   0,0   0,0   7,2  38,6   14:06   ENE
27   9,1  15,3   17:10   4,4   07:30   9,2   0,0   1,8   4,2  25,7   20:03   NNE
28   7,4  10,5   14:26   4,9   05:35  10,9   0,0  14,8   4,3  37,0   14:46     N
----------------------------------------------------------------------------------
    11,6  21,3    15     3,8    10   188,7   0,7  70,6   3,8  48,3    18      NO

Max >=  30,0:  0
Max <=  20,0: 26
Min <=  30,0: 28
Min <=   0,0:  0
Max Rain: 14,8 on day 28
Days of Rain: 9 (>= 0,2 mm)  6 (>= 2,0 mm)  0 (>= 20,0 mm)
Heat Base: 18,3  Cool Base: 18,3  Method: Integration