Temperatura máxima Desde: 20-07-2019 12:00 Hasta: 19:59 Aviso por: Temperatura máxima Nivel: Naranja info button
español:
Temperatura máxima: 40 ºC. Esté preparado. Tome precauciones y manténgase informado de la predicción meteorológica más actualizada. Las actividades habituales pueden verse alteradas y las realizadas al aire libre, interrumpidas.

english:
Maximum temperature: 40 ºC. Be prepared. Take precautions and keep up to date with the latest weather forecast. Expect some disruption to daily routines and be prepared for disruption to outdoor activities. 

Informes Estilo NOAA


Informe 2013 Enero
                   Monthly Climatological Summary for ene 2013

Name: tiempoensevilla.es   City: Sevilla   State: España
Elevation: 6 m  Lat: N 37° 23' 01"   Lon: W 005° 59' 08"

                  Temperature (°C), Rain (mm), Wind Speed (km/h)

                                      Heat  Cool        Avg
    Mean                              Deg   Deg         Wind                 Dom
Day Temp  High   Time   Low    Time   Days  Days  Rain  Speed High   Time    Dir
----------------------------------------------------------------------------------
 1  10,9  14,4   16:34   8,9   11:03   7,4   0,0   5,0   2,6  22,5   19:14   NNE
 2  11,1  15,8   16:46   7,9   09:12   7,2   0,0   0,0   2,2  17,7   11:33    NE
 3  11,2  15,9   15:53   7,3   06:04   7,1   0,0   0,0   4,8  30,6   11:08   ENE
 4  11,3  17,7   16:08   7,0   07:05   7,0   0,0   0,0   6,1  29,0   10:54   ENE
 5  10,8  17,6   17:09   5,9   08:51   7,5   0,0   0,0   2,3  16,1   07:32   NNE
 6  10,6  16,9   16:45   5,9   06:44   7,7   0,0   0,0   1,7  14,5   12:00   NNE
 7  10,7  16,6   17:29   6,3   08:58   7,6   0,0   0,0   1,8  14,5   09:53   NNE
 8  10,0  14,2   16:45   7,2   04:31   8,3   0,0   0,0   3,5  19,3   10:59    NE
 9  10,2  15,2   16:08   6,4   06:59   8,1   0,0   0,0   2,5  14,5   08:50   NNE
10  12,6  18,8   16:15   8,7   06:23   5,7   0,0   0,0   1,3  14,5   12:56   NNE
11  13,5  18,3   15:53  10,4   05:01   4,8   0,0   0,0   0,4  11,3   12:03   NNE
12  11,3  15,1   17:17   8,0   09:33   7,0   0,0   0,0   0,9  11,3   11:27     S
13  11,3  14,2   15:53   9,2   08:28   7,0   0,0   3,4   2,9  24,1   13:37     O
14  10,2  14,2   15:23   6,4   08:50   8,1   0,0   0,0   1,8  17,7   17:15    SO
15   9,7  14,9   17:48   4,7   08:58   8,6   0,0   0,0   1,1  17,7   13:31     O
16  11,6  14,3   16:10   9,3   00:08   6,7   0,0   0,0   5,9  35,4   17:09   OSO
17  14,9  18,1   16:08  11,8   08:49   3,4   0,0   0,0   5,8  29,0   15:20   OSO
18  15,0  17,1   15:03  13,8   07:03   3,3   0,0   0,8   6,9  33,8   20:53    SO
19  13,3  15,2   00:22  10,3   23:44   5,0   0,0  18,6  16,4  69,2   07:04   OSO
20  10,6  14,1   23:53   8,2   06:41   7,7   0,0   3,8   6,6  33,8   23:17    SO
21  11,9  15,2   15:56   8,6   08:56   6,4   0,0   0,8   4,0  22,5   00:02     O
22   9,6  14,3   16:11   5,5   07:47   8,7   0,0   1,4   5,5  41,8   14:30   OSO
23  10,5  14,7   15:34   6,7   07:40   7,8   0,0   0,0   5,1  25,7   16:51   OSO
24  13,3  14,3   17:19  12,5   13:03   5,0   0,0   1,4   6,4  30,6   04:08    SO
25  11,6  13,4   14:30  10,3   02:41   6,7   0,0   8,8   1,3  12,9   12:03    NE
26  13,5  19,7   17:06   9,8   08:13   4,9   0,1   0,2   1,6  17,7   16:20    SO
27  12,2  14,7   14:14   8,7   07:36   6,1   0,0   0,4   3,3  24,1   16:05    SO
28  11,6  14,9   17:05   7,7   08:52   6,7   0,0   0,0   1,9  22,5   14:35   NNE
29  11,2  18,4   17:17   5,6   08:35   7,1   0,0   0,0   3,1  25,7   12:33    NE
30  12,1  19,9   17:29   6,4   08:36   6,4   0,1   0,0   1,2  14,5   09:29   NNE
31  13,3  22,1   17:07   7,6   06:05   5,3   0,3   0,0   2,6  19,3   08:21   NNE
----------------------------------------------------------------------------------
    11,7  22,1    31     4,7    15   206,3   0,5  44,6   3,7  69,2    19       O

Max >=  30,0:  0
Max <=  20,0: 30
Min <=  30,0: 31
Min <=   0,0:  0
Max Rain: 18,6 on day 19
Days of Rain: 11 (>= 0,2 mm)  5 (>= 2,0 mm)  0 (>= 20,0 mm)
Heat Base: 18,3  Cool Base: 18,3  Method: Integration