Temperatura máxima Desde: 20-07-2019 12:00 Hasta: 19:59 Aviso por: Temperatura máxima Nivel: Naranja info button
español:
Temperatura máxima: 40 ºC. Esté preparado. Tome precauciones y manténgase informado de la predicción meteorológica más actualizada. Las actividades habituales pueden verse alteradas y las realizadas al aire libre, interrumpidas.

english:
Maximum temperature: 40 ºC. Be prepared. Take precautions and keep up to date with the latest weather forecast. Expect some disruption to daily routines and be prepared for disruption to outdoor activities. 

Informes Estilo NOAA


Informe 2012 Noviembre
                   Monthly Climatological Summary for nov 2012

Name: tiempoensevilla.es   City: Sevilla   State: España
Elevation: 6 m  Lat: N 37° 23' 01"   Lon: W 005° 59' 08"

                  Temperature (°C), Rain (mm), Wind Speed (km/h)

                                      Heat  Cool        Avg
    Mean                              Deg   Deg         Wind                 Dom
Day Temp  High   Time   Low    Time   Days  Days  Rain  Speed High   Time    Dir
----------------------------------------------------------------------------------
 1  16,9  21,1   15:24  13,8   08:37   1,9   0,5   0,0   2,6  29,0   16:48   OSO
 2  15,8  19,3   15:58  12,1   08:13   2,6   0,1  13,2   1,1  14,5   16:59   ENE
 3  20,6  23,0   14:24  15,4   00:01   0,3   2,6  18,8   9,6  35,4   03:07    SO
 4  20,4  22,3   12:59  17,2   23:53   0,0   2,2   7,6  10,3  38,6   06:45    SO
 5  15,2  17,2   00:00  12,1   07:45   3,1   0,0   0,2   3,6  20,9   09:57   NNE
 6  14,1  15,5   15:28  12,6   08:49   4,2   0,0   3,0   6,8  37,0   15:32   ENE
 7  15,8  18,2   15:43  13,7   03:39   2,5   0,0  14,4   7,3  38,6   15:15     E
 8  17,1  18,9   13:42  15,4   06:30   1,2   0,0  15,2   2,5  27,4   06:47   ENE
 9  16,0  18,1   12:48  14,2   23:57   2,3   0,0  10,6   0,6  22,5   13:37   SSO
10  14,2  18,7   15:44  11,1   08:24   4,1   0,0   0,4   2,0  22,5   16:31   OSO
11  13,9  16,0   16:05  12,0   08:40   4,4   0,0   0,0   8,4  32,2   15:03   NNO
12  14,9  19,4   16:23  11,6   04:39   3,5   0,1   0,0   6,7  30,6   11:50    NE
13  15,7  21,2   16:38  11,3   07:46   3,0   0,4   0,0   1,6  17,7   14:14    NE
14  15,3  19,7   16:48  11,0   07:49   3,2   0,2   0,0   1,2  14,5   11:28   ENE
15  17,5  23,9   15:03  13,3   01:02   2,1   1,3   0,0   1,5  16,1   11:40    SO
16  16,7  22,6   15:29  12,3   06:26   2,3   0,8   3,0   2,5  25,7   15:54   ESE
17  16,7  19,9   14:34  14,9   08:45   1,7   0,1  10,6   5,8  33,8   14:19     S
18  16,8  21,0   16:14  13,4   07:19   1,9   0,5   1,4   4,2  29,0   07:58   NNE
19  15,6  19,2   16:53  12,8   07:49   2,8   0,1   0,0   0,9  12,9   12:22   SSO
20  14,7  18,4   16:01  10,6   07:32   3,6   0,0   0,0   1,2  14,5   18:26   SSO
21  14,9  15,3   14:36  14,4   02:26   3,4   0,0   0,6   2,4  16,1   22:12   NNE
22  16,6  19,8   13:49  14,7   04:39   1,9   0,2   0,0   1,3  14,5   09:59   ENE
23  15,5  19,3   14:40  11,7   08:23   2,9   0,1   0,0   1,4  14,5   17:00    NE
24  16,1  19,6   16:27  13,5   07:14   2,3   0,1   0,0   1,5  14,5   08:14    NE
25  16,4  20,2   15:29  13,7   08:13   2,1   0,2   0,0   1,2  12,9   12:04   NNE
26  15,1  18,4   14:29  12,3   23:56   3,2   0,0   0,0   2,5  22,5   15:44   NNO
27  11,4  14,8   16:08   8,7   08:29   6,9   0,0   0,0   4,1  20,9   14:22   ONO
28  10,8  15,1   16:43   8,3   08:15   7,5   0,0   0,0   2,3  20,9   18:09   ONO
29  10,5  14,7   15:38   7,1   07:56   7,8   0,0   0,0   1,5  20,9   17:11   NNO
30   8,9  12,1   14:45   6,8   08:31   9,4   0,0   5,2   1,2  22,5   15:26   ONO
----------------------------------------------------------------------------------
    15,3  23,9    15     6,8    30    98,1   9,5 104,2   3,3  38,6     4       N

Max >=  30,0:  0
Max <=  20,0: 22
Min <=  30,0: 30
Min <=   0,0:  0
Max Rain: 18,8 on day 3
Days of Rain: 14 (>= 0,2 mm)  10 (>= 2,0 mm)  0 (>= 20,0 mm)
Heat Base: 18,3  Cool Base: 18,3  Method: Integration