Temperatura máxima Desde: 20-07-2019 12:00 Hasta: 19:59 Aviso por: Temperatura máxima Nivel: Naranja info button
español:
Temperatura máxima: 40 ºC. Esté preparado. Tome precauciones y manténgase informado de la predicción meteorológica más actualizada. Las actividades habituales pueden verse alteradas y las realizadas al aire libre, interrumpidas.

english:
Maximum temperature: 40 ºC. Be prepared. Take precautions and keep up to date with the latest weather forecast. Expect some disruption to daily routines and be prepared for disruption to outdoor activities. 

Informes Estilo NOAA


Informe 2012 Agosto
                   Monthly Climatological Summary for ago 2012

Name: tiempoensevilla.es   City: Sevilla   State: España
Elevation: 6 m  Lat: N 37° 23' 01"   Lon: W 005° 59' 08"

                  Temperature (°C), Rain (mm), Wind Speed (km/h)

                                      Heat  Cool        Avg
    Mean                              Deg   Deg         Wind                 Dom
Day Temp  High   Time   Low    Time   Days  Days  Rain  Speed High   Time    Dir
----------------------------------------------------------------------------------
 1  28,7  36,2   16:55  22,0   07:43   0,0  10,4   0,0   3,8  32,2   20:34   SSO
 2  30,0  38,3   17:36  22,6   08:20   0,0  11,7   0,0   2,0  20,9   17:45   SSO
 3  29,8  36,7   15:58  23,0   07:55   0,0  11,5   0,0   3,9  29,0   19:33   SSO
 4  28,5  36,8   18:55  22,1   06:59   0,0  10,2   0,0   4,2  33,8   17:36    SO
 5  25,9  31,7   16:51  20,3   06:42   0,0   7,6   0,0   5,5  40,2   19:34    SO
 6  26,0  32,6   20:15  19,7   09:01   0,0   7,7   0,0   3,9  20,9   17:45   NNO
 7  28,5  35,3   17:32  20,6   06:35   0,0  10,2   0,0   3,3  24,1   19:03    SO
 8  30,6  37,9   18:37  25,5   07:30   0,0  12,3   0,0   2,8  19,3   23:31    NO
 9  32,2  40,1   19:10  26,4   08:32   0,0  13,9   0,0   2,9  19,3   00:25   SSO
10  33,5  42,3   16:13  25,6   05:00   0,0  15,2   0,0   3,2  25,7   17:57   SSO
11  35,3  44,8   17:11  27,4   03:48   0,0  17,0   0,0   2,9  30,6   18:57   ONO
12  30,1  36,7   17:06  23,8   23:58   0,0  11,8   0,0   5,3  29,0   18:07   OSO
13  25,1  31,3   16:36  21,1   06:41   0,0   6,8   0,0   3,8  33,8   18:26   SSO
14  24,6  31,4   16:08  20,0   06:43   0,0   6,3   0,0   4,6  35,4   19:03   SSO
15  24,6  30,9   18:52  19,6   06:11   0,0   6,3   0,0   4,5  27,4   19:22    SO
16  28,5  37,4   19:39  21,4   06:08   0,0  10,2   0,0   0,9  12,9   14:56     O
17  29,3  37,7   16:36  23,3   07:16   0,0  11,0   0,0   2,9  25,7   19:24   SSO
18  28,5  36,2   18:34  22,7   07:22   0,0  10,2   0,0   2,3  17,7   18:40   SSO
19  30,5  39,3   18:35  24,0   02:04   0,0  12,2   0,2   1,3  16,1   01:59   SSO
20  32,5  40,3   16:54  25,4   03:14   0,0  14,2   0,0   2,0  19,3   22:06    SO
21  33,0  40,7   17:49  26,4   05:42   0,0  14,7   0,0   2,2  20,9   19:00    SO
22  31,1  40,3   18:03  25,2   07:32   0,0  12,8   0,0   3,5  29,0   16:50   SSO
23  26,5  33,7   16:22  21,9   08:14   0,0   8,2   0,0   5,4  35,4   18:04   SSO
24  25,9  33,9   18:08  21,3   05:50   0,0   7,6   0,0   3,7  30,6   18:15    SO
25  27,0  33,1   19:54  21,7   07:55   0,0   8,7   0,0   3,3  33,8   16:55    SO
26  27,5  33,5   16:43  23,3   23:58   0,0   9,2   0,0   2,9  24,1   17:09   SSO
27  25,4  32,1   18:09  20,2   07:37   0,0   7,1   0,0   3,0  25,7   15:21    SO
28  26,2  35,7   16:38  19,8   08:51   0,0   7,9   0,0   1,9  22,5   18:44   SSO
29  27,0  34,8   18:05  21,4   03:37   0,0   8,8   0,0   3,6  25,7   16:00    SO
30  26,1  32,7   15:59  21,4   03:02   0,0   7,8   0,0   2,6  24,1   18:30   OSO
31  27,2  35,9   18:02  20,4   07:12   0,0   8,9   0,0   1,8  20,9   11:58     E
----------------------------------------------------------------------------------
    28,6  44,8    11    19,6    15     0,0 318,4   0,2   3,2  40,2     5      SO

Max >=  30,0: 31
Max <=  20,0:  0
Min <=  30,0: 31
Min <=   0,0:  0
Max Rain: 0,2 on day 19
Days of Rain: 1 (>= 0,2 mm)  0 (>= 2,0 mm)  0 (>= 20,0 mm)
Heat Base: 18,3  Cool Base: 18,3  Method: Integration