Temperatura máxima Desde: 20-07-2019 12:00 Hasta: 19:59 Aviso por: Temperatura máxima Nivel: Naranja info button
español:
Temperatura máxima: 40 ºC. Esté preparado. Tome precauciones y manténgase informado de la predicción meteorológica más actualizada. Las actividades habituales pueden verse alteradas y las realizadas al aire libre, interrumpidas.

english:
Maximum temperature: 40 ºC. Be prepared. Take precautions and keep up to date with the latest weather forecast. Expect some disruption to daily routines and be prepared for disruption to outdoor activities. 

Informes Estilo NOAA


Informe 2012 Julio
                   Monthly Climatological Summary for jul 2012

Name: tiempoensevilla.es   City: Sevilla   State: España
Elevation: 6 m  Lat: N 37° 23' 01"   Lon: W 005° 59' 08"

                  Temperature (°C), Rain (mm), Wind Speed (km/h)

                                      Heat  Cool        Avg
    Mean                              Deg   Deg         Wind                 Dom
Day Temp  High   Time   Low    Time   Days  Days  Rain  Speed High   Time    Dir
----------------------------------------------------------------------------------
 1  25,3  32,9   19:37  19,0   07:23   0,0   7,0   0,0   5,6  29,0   01:21   NNO
 2  28,6  36,4   19:15  21,8   03:12   0,0  10,3   0,0   3,4  24,1   23:37   NNO
 3  29,4  36,8   18:13  23,6   07:23   0,0  11,1   0,0   3,4  30,6   20:57    SO
 4  28,4  35,9   18:16  21,6   06:49   0,0  10,1   0,0   4,6  32,2   18:54    SO
 5  26,0  32,7   16:58  20,7   08:27   0,0   7,7   0,0   6,8  33,8   18:59   OSO
 6  25,6  33,8   17:50  18,7   06:51   0,0   7,3   0,0   2,9  25,7   18:49    SO
 7  27,3  33,9   16:32  21,3   03:11   0,0   9,0   0,0   3,3  32,2   17:02   SSO
 8  26,9  32,6   18:19  21,9   23:58   0,0   8,6   0,0   4,9  32,2   17:00    SO
 9  24,2  31,2   19:07  18,7   08:25   0,0   5,9   0,0   4,7  29,0   18:05   SSO
10  24,6  33,0   19:04  18,6   07:14   0,0   6,3   0,0   4,4  30,6   17:19   SSO
11  25,1  32,1   17:10  19,3   06:41   0,0   6,8   0,0   3,6  27,4   18:36   SSO
12  28,4  37,5   18:07  19,9   06:57   0,0  10,1   0,0   3,4  20,9   23:23   SSO
13  29,9  38,4   17:25  22,1   08:27   0,0  11,6   0,0   3,2  25,7   18:57   SSO
14  29,6  35,8   18:52  23,2   07:55   0,0  11,3   0,0   5,0  19,3   02:02    NO
15  30,0  37,8   18:46  22,6   08:25   0,0  11,7   0,0   3,1  19,3   02:07     N
16  30,3  38,4   18:46  23,2   07:53   0,0  12,0   0,0   4,9  32,2   18:12   ENE
17  31,3  38,7   15:57  24,4   05:52   0,0  13,0   0,0   6,2  29,0   11:42   ESE
18  32,1  40,3   18:25  24,6   07:37   0,0  13,8   0,0   6,3  30,6   13:57     E
19  31,7  39,1   18:47  24,6   08:18   0,0  13,4   0,0   3,6  24,1   17:16    SO
20  30,1  39,2   18:57  23,7   07:04   0,0  11,8   0,0   4,3  32,2   17:18    SO
21  30,1  38,2   19:41  23,1   07:02   0,0  11,8   0,0   3,8  30,6   17:30    SO
22  28,4  34,4   19:22  22,5   07:42   0,0  10,1   0,0   5,1  29,0   17:32   SSO
23  26,5  31,7   16:24  22,1   08:24   0,0   8,2   0,0   7,3  30,6   15:22    SO
24  26,5  31,9   17:44  22,9   07:28   0,0   8,2   0,0   4,1  25,7   18:23    SO
25  26,9  33,1   16:17  22,5   04:44   0,0   8,6   0,0   3,6  30,6   19:21    SO
26  24,1  28,7   16:40  20,6   07:37   0,0   5,8   0,0   6,2  30,6   17:54    SO
27  23,1  26,6   15:58  20,7   03:31   0,0   4,8   0,0   6,1  33,8   17:07   SSO
28  24,1  29,6   18:07  19,6   07:46   0,0   5,8   0,0   3,6  27,4   17:10   SSO
29  26,8  36,1   17:30  19,7   06:08   0,0   8,5   0,0   2,4  20,9   18:52    SO
30  29,3  37,3   18:55  21,9   07:21   0,0  11,0   0,0   2,6  22,5   17:25    SO
31  29,6  37,4   16:34  22,4   09:15   0,0  11,3   0,0   3,0  24,1   20:11   SSO
----------------------------------------------------------------------------------
    27,7  40,3    18    18,6    10     0,0 292,9   0,0   4,4  33,8     5      SO

Max >=  30,0: 28
Max <=  20,0:  0
Min <=  30,0: 31
Min <=   0,0:  0
Max Rain: 0,0 on day 0
Days of Rain: 0 (>= 0,2 mm)  0 (>= 2,0 mm)  0 (>= 20,0 mm)
Heat Base: 18,3  Cool Base: 18,3  Method: Integration