Temperatura máxima Desde: 20-07-2019 12:00 Hasta: 19:59 Aviso por: Temperatura máxima Nivel: Naranja info button
español:
Temperatura máxima: 40 ºC. Esté preparado. Tome precauciones y manténgase informado de la predicción meteorológica más actualizada. Las actividades habituales pueden verse alteradas y las realizadas al aire libre, interrumpidas.

english:
Maximum temperature: 40 ºC. Be prepared. Take precautions and keep up to date with the latest weather forecast. Expect some disruption to daily routines and be prepared for disruption to outdoor activities. 

Informes Estilo NOAA


Informe 2012 Mayo
                   Monthly Climatological Summary for may 2012

Name: tiempoensevilla.es   City: Sevilla   State: España
Elevation: 6 m  Lat: N 37° 23' 01"   Lon: W 005° 59' 08"

                  Temperature (°C), Rain (mm), Wind Speed (km/h)

                                      Heat  Cool        Avg
    Mean                              Deg   Deg         Wind                 Dom
Day Temp  High   Time   Low    Time   Days  Days  Rain  Speed High   Time    Dir
----------------------------------------------------------------------------------
 1  14,9  20,0   15:55  10,8   07:21   3,6   0,2   0,0   4,5  30,6   16:54    SO
 2  16,1  21,1   17:14  11,7   07:48   2,6   0,4   0,0   5,4  33,8   16:47   SSO
 3  16,0  20,2   17:04  13,1   05:02   2,5   0,2  13,6   7,9  37,0   13:35    SO
 4  16,6  19,4   17:54  13,9   06:39   1,8   0,2   0,0  10,0  38,6   14:22    SO
 5  16,8  20,8   18:11  14,3   11:08   1,9   0,4  11,4   5,4  35,4   15:29    SO
 6  17,4  22,8   18:04  12,6   07:27   1,9   1,0   0,0   4,0  25,7   19:18   OSO
 7  18,6  25,2   18:04  12,7   06:31   1,9   2,2   0,0   2,5  20,9   18:53    SO
 8  21,6  28,6   18:42  15,4   05:30   0,6   4,0   0,0   1,3  16,1   00:30   NNO
 9  26,4  34,1   18:04  18,3   06:52   0,0   8,1   0,0   4,4  25,7   13:04   ENE
10  28,0  37,6   18:02  19,3   06:44   0,0   9,7   0,0   2,7  17,7   05:43   NNE
11  29,1  37,8   18:58  21,2   05:43   0,0  10,8   0,0   3,3  20,9   20:33     O
12  29,4  37,1   17:01  21,4   07:21   0,0  11,1   0,0   3,0  20,9   17:21     E
13  28,9  37,8   17:27  21,4   07:42   0,0  10,6   0,0   1,9  27,4   18:03   NNO
14  31,3  37,7   17:46  23,8   08:13   0,0  13,0   0,0   4,3  27,4   16:19     N
15  30,5  38,8   18:38  23,6   07:59   0,0  12,2   0,0   3,3  20,9   12:41   NNE
16  29,8  36,3   17:34  22,9   08:02   0,0  11,5   0,0   5,6  30,6   19:55   SSO
17  26,1  32,6   17:35  19,9   08:28   0,0   7,8   0,0   3,3  27,4   18:26   OSO
18  22,1  25,8   00:00  18,4   23:50   0,0   3,8   0,0   9,5  35,4   15:43    SO
19  19,3  22,4   18:07  16,8   05:59   0,3   1,3   2,2   8,4  38,6   15:10   OSO
20  15,9  18,7   14:08  13,4   07:40   2,4   0,0   1,4   8,4  40,2   14:42     O
21  17,3  24,3   18:05  11,7   06:26   2,4   1,4   0,0   6,1  40,2   18:18   OSO
22  21,9  29,7   19:27  15,0   07:25   0,5   4,1   0,0   2,8  27,4   13:51    NE
23  26,0  33,4   20:03  18,7   07:19   0,0   7,7   0,0   3,6  24,1   16:15    NE
24  26,1  34,1   18:49  18,6   06:56   0,0   7,8   0,0   3,5  25,7   20:40    SO
25  25,4  30,6   16:13  19,3   05:37   0,0   7,1   0,0   4,1  32,2   16:55   OSO
26  23,9  30,8   19:37  17,8   07:16   0,0   5,6   0,0   4,5  22,5   17:15     N
27  25,0  31,6   18:23  18,0   07:56   0,0   6,7   0,0   5,8  22,5   10:31   NNE
28  26,4  33,2   16:47  20,9   07:17   0,0   8,1   0,0   4,9  30,6   19:25     O
29  26,3  33,7   18:52  19,7   06:18   0,0   8,0   0,0   2,3  22,5   23:34     O
30  28,6  35,9   18:24  22,2   08:18   0,0  10,3   0,0   3,9  27,4   14:51   ENE
31  29,4  36,7   18:57  23,8   04:45   0,0  11,1   0,0   3,1  20,9   05:45   NNE
----------------------------------------------------------------------------------
    23,6  38,8    15    10,8     1    22,4 186,4  28,6   4,6  40,2    20     OSO

Max >=  30,0: 18
Max <=  20,0:  3
Min <=  30,0: 31
Min <=   0,0:  0
Max Rain: 13,6 on day 3
Days of Rain: 4 (>= 0,2 mm)  3 (>= 2,0 mm)  0 (>= 20,0 mm)
Heat Base: 18,3  Cool Base: 18,3  Method: Integration