Temperatura máxima Desde: 20-07-2019 12:00 Hasta: 19:59 Aviso por: Temperatura máxima Nivel: Naranja info button
español:
Temperatura máxima: 40 ºC. Esté preparado. Tome precauciones y manténgase informado de la predicción meteorológica más actualizada. Las actividades habituales pueden verse alteradas y las realizadas al aire libre, interrumpidas.

english:
Maximum temperature: 40 ºC. Be prepared. Take precautions and keep up to date with the latest weather forecast. Expect some disruption to daily routines and be prepared for disruption to outdoor activities. 

Informes Estilo NOAA


Informe 2011 Noviembre
                   Monthly Climatological Summary for nov 2011

Name: tiempoensevilla.es   City: Sevilla   State: España
Elevation: 6 m  Lat: N 37° 23' 01"   Lon: W 005° 59' 08"

                  Temperature (°C), Rain (mm), Wind Speed (km/h)

                                      Heat  Cool        Avg
    Mean                              Deg   Deg         Wind                 Dom
Day Temp  High   Time   Low    Time   Days  Days  Rain  Speed High   Time    Dir
----------------------------------------------------------------------------------
 1  19,6  22,9   14:30  16,8   08:11   0,1   1,4   0,0   2,3  22,5   17:57    SO
 2  19,1  21,4   15:41  17,4   05:17   0,2   1,0   6,4   6,9  49,9   21:45   SSO
 3  18,3  21,1   13:19  14,8   23:59   0,7   0,7  13,6   7,6  35,4   12:04    SO
 4  14,5  17,1   15:29  12,3   23:46   3,8   0,0  10,0   5,3  32,2   15:40    SO
 5  14,3  18,5   15:12  11,1   06:25   4,0   0,0   0,0   6,3  30,6   14:55     O
 6  14,3  18,9   15:51  10,1   07:35   4,0   0,0   0,0   3,2  19,3   15:59   OSO
 7  13,9  19,2   15:57   9,8   08:27   4,5   0,0   0,0   2,1  20,9   16:51    SO
 8  14,0  17,7   14:50   9,4   06:54   4,3   0,0   0,0   1,1  17,7   13:29     O
 9  15,5  18,9   17:00  12,8   06:42   2,9   0,1   0,0   2,1  14,5   06:25    NE
10  17,4  23,6   16:34  12,7   07:02   2,1   1,2   0,0   1,3  14,5   15:16    SO
11  17,8  23,4   16:21  13,1   08:10   1,9   1,4   0,0   1,6  12,9   14:06   NNE
12  19,1  25,9   15:22  14,8   05:44   1,2   1,9   0,0   2,7  17,7   12:52    NE
13  19,4  24,7   16:24  16,6   01:56   0,5   1,6   0,0   2,5  24,1   05:29    NE
14  16,3  19,8   09:46  13,9   10:57   2,1   0,1  10,0   3,1  38,6   10:18   SSO
15  14,5  19,3   16:15  10,8   07:11   3,8   0,0   0,4   1,1  17,7   18:36   OSO
16  13,7  18,3   16:04  10,2   09:57   4,6   0,0   0,0   1,5  14,5   10:24    NE
17  14,4  19,2   15:53  10,4   08:00   4,0   0,1   0,0   2,5  14,5   09:47   NNE
18  15,7  21,2   15:22  11,6   07:21   3,0   0,4   0,0   2,4  20,9   09:58    NE
19  14,9  16,6   00:26  13,8   23:31   3,4   0,0  14,4   2,9  32,2   11:59     S
20  13,4  14,7   12:10  11,6   05:10   4,9   0,0   9,2   2,6  20,9   08:07   ENE
21  14,9  19,1   15:35  12,0   09:22   3,5   0,0   0,0   1,8  19,3   17:04     O
22  13,6  16,5   15:00  11,6   07:40   4,7   0,0   0,0   3,8  25,7   15:13   ONO
23  12,7  16,7   16:22   8,8   06:31   5,6   0,0   0,0   4,1  25,7   16:07   ENE
24  14,9  20,4   15:29  11,3   07:46   3,6   0,2   0,0   6,3  30,6   14:30   ENE
25  15,4  20,5   16:33  11,0   08:08   3,3   0,3   0,0   4,6  29,0   13:09   ENE
26  15,0  20,3   16:49  10,7   08:23   3,6   0,3   0,0   2,8  24,1   11:48   ENE
27  13,4  19,2   16:48   8,8   07:34   5,0   0,0   0,0   1,4  14,5   13:02   NNE
28  12,4  17,9   16:13   7,6   07:17   5,9   0,0   0,0   1,9  16,1   11:23    NE
29  12,5  19,4   17:08   8,0   05:17   5,8   0,0   0,0   1,3  14,5   09:37   NNE
30  12,4  17,3   14:18   8,2   04:32   5,9   0,0   0,0   3,0  17,7   05:49    NE
----------------------------------------------------------------------------------
    15,2  25,9    12     7,6    28   102,9  10,7  64,0   3,1  49,9     2     NNO

Max >=  30,0:  0
Max <=  20,0: 19
Min <=  30,0: 30
Min <=   0,0:  0
Max Rain: 14,4 on day 19
Days of Rain: 7 (> 0,2 mm)  6 (> 2,0 mm)  0 (> 20,0 mm)
Heat Base: 18,3  Cool Base: 18,3  Method: Integration