Temperatura máxima Desde: 20-07-2019 12:00 Hasta: 19:59 Aviso por: Temperatura máxima Nivel: Naranja info button
español:
Temperatura máxima: 40 ºC. Esté preparado. Tome precauciones y manténgase informado de la predicción meteorológica más actualizada. Las actividades habituales pueden verse alteradas y las realizadas al aire libre, interrumpidas.

english:
Maximum temperature: 40 ºC. Be prepared. Take precautions and keep up to date with the latest weather forecast. Expect some disruption to daily routines and be prepared for disruption to outdoor activities. 

Informes Estilo NOAA


Informe 2011 Octubre
                   Monthly Climatological Summary for oct 2011

Name: tiempoensevilla.es   City: Sevilla   State: España
Elevation: 6 m  Lat: N 37° 23' 01"   Lon: W 005° 59' 08"

                  Temperature (°C), Rain (mm), Wind Speed (km/h)

                                      Heat  Cool        Avg
    Mean                              Deg   Deg         Wind                 Dom
Day Temp  High   Time   Low    Time   Days  Days  Rain  Speed High   Time    Dir
----------------------------------------------------------------------------------
 1  26,5  32,0   18:19  22,1   04:02   0,0   8,2   0,0   6,5  40,2   12:03   ESE
 2  26,2  32,8   18:20  21,1   08:16   0,0   7,9   0,0   3,6  24,1   18:42   ENE
 3  26,1  33,1   18:37  20,4   07:44   0,0   7,8   0,0   2,4  16,1   09:11    NE
 4  25,5  33,5   18:01  19,3   07:59   0,0   7,2   0,0   2,3  20,9   21:40     E
 5  25,7  32,6   18:17  18,7   08:06   0,0   7,4   0,0   4,0  25,7   16:09   ENE
 6  25,4  33,5   17:06  18,1   09:13   0,0   7,1   0,0   1,8  19,3   01:22     O
 7  24,9  32,9   17:11  19,3   05:54   0,0   6,6   0,0   1,2  14,5   00:40    SO
 8  24,1  28,5   18:01  20,2   08:40   0,0   5,8   0,0   7,3  41,8   10:32   ENE
 9  22,9  29,1   17:20  16,4   09:00   0,3   4,9   0,0   4,4  25,7   12:20   ENE
10  24,3  32,6   17:33  17,6   08:27   0,0   6,0   0,0   3,0  22,5   18:53   ENE
11  25,1  33,6   18:12  18,1   07:02   0,0   6,8   0,0   2,6  17,7   12:41   NNE
12  25,8  34,9   18:05  18,8   08:58   0,0   7,5   0,0   2,5  16,1   05:38    NE
13  25,7  34,7   17:56  18,4   07:10   0,0   7,4   0,0   1,7  16,1   10:09     N
14  23,9  33,6   17:14  17,5   09:28   0,0   5,6   0,0   2,2  19,3   19:11   SSO
15  23,5  30,9   17:43  17,5   08:20   0,0   5,3   0,0   2,0  16,1   11:35     N
16  24,0  30,6   17:09  18,3   08:14   0,0   5,7   0,0   3,3  22,5   20:49   ENE
17  23,2  28,3   15:16  18,2   08:45   0,0   4,9   0,0   4,9  29,0   13:10     E
18  22,2  27,9   17:39  16,7   09:05   0,2   4,1   0,0   1,9  17,7   22:54    NE
19  21,6  28,3   18:10  15,6   08:14   0,3   3,6   0,0   1,9  14,5   13:55   ONO
20  21,6  28,8   17:14  15,1   09:27   0,5   3,7   0,0   3,1  22,5   21:06   NNE
21  22,1  28,3   17:08  16,6   07:33   0,3   4,1   0,0   3,3  20,9   10:48   ENE
22  21,4  26,0   18:02  17,4   09:19   0,1   3,2   0,0   2,3  17,7   05:12    NE
23  19,4  23,6   14:37  16,2   09:04   0,5   1,6   1,2   5,6  49,9   15:16    SO
24  19,5  23,3   17:27  16,3   08:34   0,2   1,4  26,0   7,9  45,1   06:22    SO
25  17,4  20,8   15:53  14,3   08:08   1,3   0,4   0,2   2,4  20,9   15:18    SO
26  17,6  21,2   16:13  15,1   05:19   1,3   0,7   2,4   5,2  32,2   16:40   SSO
27  18,1  21,2   14:32  16,1   08:55   0,7   0,5  15,0   9,0  46,7   01:19   OSO
28  18,2  23,2   16:42  13,8   07:48   1,3   1,2   0,0   1,6  24,1   01:03   NNO
29  19,3  24,7   17:06  14,8   08:26   1,0   2,0   0,0   1,9  14,5   21:05   NNE
30  20,3  26,3   17:14  16,0   07:36   0,5   2,6   0,0   1,7  14,5   08:33    NE
31  20,0  25,1   16:45  15,0   07:47   0,7   2,4   0,0   2,7  16,1   09:27     N
----------------------------------------------------------------------------------
    22,6  34,9    12    13,8    28     9,2 143,6  44,8   3,4  49,9    23     ENE

Max >=  30,0: 14
Max <=  20,0:  0
Min <=  30,0: 31
Min <=   0,0:  0
Max Rain: 26,0 on day 24
Days of Rain: 5 (> 0,2 mm)  3 (> 2,0 mm)  1 (> 20,0 mm)
Heat Base: 18,3  Cool Base: 18,3  Method: Integration