Temperatura máxima Desde: 20-07-2019 12:00 Hasta: 19:59 Aviso por: Temperatura máxima Nivel: Naranja info button
español:
Temperatura máxima: 40 ºC. Esté preparado. Tome precauciones y manténgase informado de la predicción meteorológica más actualizada. Las actividades habituales pueden verse alteradas y las realizadas al aire libre, interrumpidas.

english:
Maximum temperature: 40 ºC. Be prepared. Take precautions and keep up to date with the latest weather forecast. Expect some disruption to daily routines and be prepared for disruption to outdoor activities. 

Informes Estilo NOAA


Informe 2011 Agosto
                   Monthly Climatological Summary for ago 2011

Name: tiempoensevilla.es   City: Sevilla   State: España
Elevation: 6 m  Lat: N 37° 23' 01"   Lon: W 005° 59' 08"

                  Temperature (°C), Rain (mm), Wind Speed (km/h)

                                      Heat  Cool        Avg
    Mean                              Deg   Deg         Wind                 Dom
Day Temp  High   Time   Low    Time   Days  Days  Rain  Speed High   Time    Dir
----------------------------------------------------------------------------------
 1  26,1  34,7   15:34  22,2   08:04   0,0   7,8   0,0   7,0  43,5   17:33     S
 2  24,2  29,3   18:04  20,7   06:29   0,0   5,9   0,0   4,2  30,6   15:54   SSO
 3  27,5  35,1   17:37  22,0   07:15   0,0   9,2   0,0   3,5  19,3   15:10     O
 4  28,5  36,8   16:15  22,1   04:51   0,0  10,2   0,0   2,8  27,4   19:01   SSO
 5  28,8  35,2   17:21  22,7   08:35   0,0  10,5   0,0   3,2  29,0   19:10   SSO
 6  29,2  33,8   15:37  24,2   08:04   0,0  10,9   0,0   4,7  32,2   18:30    SO
 7  29,4  36,6   18:05  23,9   06:20   0,0  11,1   0,0   2,9  24,1   18:50    SO
 8  32,2  41,4   19:50  25,4   07:43   0,0  13,9   0,0   2,7  17,7   10:35   NNE
 9  32,6  39,5   19:14  26,2   07:20   0,0  14,3   0,0   3,4  20,9   22:04     N
10  31,0  38,6   18:02  25,4   08:25   0,0  12,7   0,0   4,0  24,1   22:02    SO
11  30,4  38,2   18:35  24,2   07:26   0,0  12,1   0,0   3,9  27,4   23:20   ONO
12  26,8  30,1   15:09  23,3   07:53   0,0   8,5   0,0   5,4  33,8   00:42    SO
13  27,4  34,6   16:59  22,3   05:25   0,0   9,1   0,0   3,2  25,7   18:50   SSO
14  30,3  38,6   18:53  24,1   01:54   0,0  11,9   0,0   3,1  22,5   16:41   SSO
15  30,5  38,6   17:28  24,3   08:02   0,0  12,2   0,0   2,3  22,5   19:41   SSO
16  30,1  37,7   18:00  24,5   05:40   0,0  11,8   0,0   3,1  20,9   14:13   SSO
17  28,8  35,7   17:44  23,4   08:11   0,0  10,5   0,0   3,6  22,5   19:09   SSO
18  27,6  33,8   17:38  23,5   07:50   0,0   9,3   0,0   3,7  25,7   18:03   SSO
19  31,9  41,9   17:38  24,5   02:05   0,0  13,6   0,0   2,9  25,7   20:02     E
20  33,5  39,7   16:36  29,1   01:49   0,0  15,2   0,0   5,8  43,5   05:38     E
21  26,5  31,5   00:28  22,7   23:51   0,0   8,2   0,2   7,2  35,4   01:05    SO
22  25,3  31,3   18:23  21,9   08:05   0,0   7,0   0,0   2,8  20,9   20:46   SSO
23  26,2  32,5   17:22  21,5   06:13   0,0   7,9   0,0   3,6  29,0   17:56     S
24  25,5  33,4   17:38  21,1   08:31   0,0   7,2   0,0   3,8  29,0   18:56   SSO
25  25,4  32,8   18:27  20,4   07:17   0,0   7,1   0,0   4,7  32,2   18:07   SSO
26  25,9  32,3   17:57  20,4   08:11   0,0   7,6   0,0   3,5  32,2   17:43   OSO
27  27,4  34,8   19:00  20,4   06:48   0,0   9,1   0,0   2,4  17,7   11:46   NNO
28  27,6  34,4   17:20  21,9   08:31   0,0   9,3   0,0   3,3  24,1   16:04    SO
29  26,7  31,9   17:00  22,7   23:59   0,0   8,4   0,0   3,0  22,5   17:48   SSO
30  24,5  31,0   15:51  19,8   07:37   0,0   6,1   0,0   4,8  33,8   18:45   SSO
31  22,2  26,3   13:29  19,3   08:18   0,0   3,9   0,0   4,9  32,2   15:20   SSO
----------------------------------------------------------------------------------
    28,1  41,9    19    19,3    31     0,0 302,5   0,2   3,9  43,5     1     SSO

Max >=  30,0: 29
Max <=  20,0:  0
Min <=  30,0: 31
Min <=   0,0:  0
Max Rain: 0,2 on day 21
Days of Rain: 1 (> 0,2 mm)  0 (> 2,0 mm)  0 (> 20,0 mm)
Heat Base: 18,3  Cool Base: 18,3  Method: Integration