Temperatura máxima Desde: 20-07-2019 12:00 Hasta: 19:59 Aviso por: Temperatura máxima Nivel: Naranja info button
español:
Temperatura máxima: 40 ºC. Esté preparado. Tome precauciones y manténgase informado de la predicción meteorológica más actualizada. Las actividades habituales pueden verse alteradas y las realizadas al aire libre, interrumpidas.

english:
Maximum temperature: 40 ºC. Be prepared. Take precautions and keep up to date with the latest weather forecast. Expect some disruption to daily routines and be prepared for disruption to outdoor activities. 

Informes Estilo NOAA


Informe 2011 Junio
                   Monthly Climatological Summary for jun 2011

Name: tiempoensevilla.es   City: Sevilla   State: España
Elevation: 6 m  Lat: N 37° 23' 01"   Lon: W 005° 59' 08"

                  Temperature (°C), Rain (mm), Wind Speed (km/h)

                                      Heat  Cool        Avg
    Mean                              Deg   Deg         Wind                 Dom
Day Temp  High   Time   Low    Time   Days  Days  Rain  Speed High   Time    Dir
----------------------------------------------------------------------------------
 1  25,6  31,6   16:23  20,1   07:04   0,0   7,3   0,0   2,5  22,5   16:33    NO
 2  24,6  29,9   18:47  19,4   07:00   0,0   6,3   0,0   6,1  33,8   09:33    NE
 3  24,4  29,6   17:46  20,1   05:19   0,0   6,1   0,0   4,4  24,1   22:43   ENE
 4  24,4  29,9   18:57  18,8   06:57   0,0   6,1   0,0   4,9  29,0   23:15     E
 5  24,4  31,4   17:45  19,4   07:19   0,0   6,1   0,0   4,4  32,2   19:35   OSO
 6  22,4  25,9   16:30  19,6   07:06   0,0   4,1   0,4   5,0  33,8   17:39   SSO
 7  20,1  24,1   20:02  17,6   08:56   0,0   1,8   0,0   6,2  29,0   13:53     O
 8  19,8  24,4   16:34  14,9   07:04   0,0   1,5   0,0   5,7  35,4   17:32    SO
 9  20,4  25,0   16:27  15,8   07:04   0,0   2,1   0,0   4,2  27,4   17:04   SSO
10  21,6  26,9   16:58  17,2   06:16   0,0   3,3   0,0   4,0  25,7   17:55   SSO
11  24,5  31,6   18:56  18,5   06:31   0,0   6,2   0,0   2,3  20,9   17:05   ONO
12  26,6  33,7   19:26  20,3   06:47   0,0   8,3   0,0   3,1  27,4   20:48    SO
13  27,0  33,6   20:43  20,5   06:46   0,0   8,7   0,0   3,2  22,5   18:51   SSO
14  26,9  33,3   16:07  21,3   07:12   0,0   8,6   0,0   4,5  25,7   18:39    SO
15  27,9  35,8   17:00  21,3   05:44   0,0   9,6   0,0   2,9  22,5   19:27   SSO
16  29,6  36,1   17:25  23,6   08:43   0,0  11,3   0,0   4,2  20,9   17:06   ONO
17  28,3  34,3   17:24  22,2   07:44   0,0  10,0   0,0   4,7  25,7   20:55   ONO
18  26,6  32,4   17:22  21,4   07:46   0,0   8,3   0,0   6,3  29,0   19:09     O
19  26,9  35,6   17:02  20,4   06:41   0,0   8,6   0,0   3,2  20,9   19:30     S
20  28,0  35,3   19:13  21,2   07:05   0,0   9,7   0,0   2,9  22,5   20:50    SO
21  28,9  37,2   17:20  22,4   07:25   0,0  10,6   0,0   3,4  25,7   19:29   SSO
22  30,1  37,3   16:38  22,7   07:38   0,0  11,8   0,0   3,9  27,4   18:28    SO
23  29,9  37,1   18:14  23,8   08:47   0,0  11,6   0,0   3,3  24,1   19:54   ONO
24  29,0  37,1   18:32  22,0   08:14   0,0  10,7   0,0   2,5  19,3   21:48   SSO
25  30,4  37,7   16:44  23,6   07:21   0,0  12,1   0,0   4,5  22,5   22:39   SSE
26  31,2  38,1   16:15  24,3   07:46   0,0  12,9   0,0   3,8  20,9   08:10    NE
27  31,2  37,8   18:07  25,3   06:05   0,0  12,9   0,0   4,1  22,5   19:33    SO
28  29,6  36,8   17:52  22,8   07:18   0,0  11,3   0,0   2,3  19,3   18:06   SSO
29  31,1  39,2   18:03  25,9   08:52   0,0  12,8   0,0   3,1  24,1   19:36    SO
30  30,1  37,4   16:42  24,2   07:28   0,0  11,8   0,0   3,1  22,5   20:51   SSO
----------------------------------------------------------------------------------
    26,7  39,2    29    14,9     8     0,0 252,5   0,4   4,0  35,4     8      SO

Max >=  30,0: 22
Max <=  20,0:  0
Min <=  30,0: 30
Min <=   0,0:  0
Max Rain: 0,4 on day 6
Days of Rain: 1 (> 0,2 mm)  0 (> 2,0 mm)  0 (> 20,0 mm)
Heat Base: 18,3  Cool Base: 18,3  Method: Integration