Temperatura máxima Desde: 06-08-2020 12:00 Hasta: 19:59 Aviso por: Temperatura máxima Nivel: Naranja info button
español:
Temperatura máxima: 40 ºC.

Esté preparado. Tome precauciones y manténgase informado de la predicción meteorológica más actualizada. Las actividades habituales pueden verse alteradas y las realizadas al aire libre, interrumpidas.

english:
Maximum temperature: 40 ºC.

Be prepared. Take precautions and keep up to date with the latest weather forecast. Expect some disruption to daily routines and be prepared for disruption to outdoor activities. 

Informes Estilo NOAA


Informe 2011 Mayo
                   Monthly Climatological Summary for may 2011

Name: tiempoensevilla.es   City: Sevilla   State: España
Elevation: 6 m  Lat: N 37° 23' 01"   Lon: W 005° 59' 08"

                  Temperature (°C), Rain (mm), Wind Speed (km/h)

                                      Heat  Cool        Avg
    Mean                              Deg   Deg         Wind                 Dom
Day Temp  High   Time   Low    Time   Days  Days  Rain  Speed High   Time    Dir
----------------------------------------------------------------------------------
 1  16,6  21,2   16:00  13,3   06:55   1,7   0,0   2,2   2,9  22,5   12:16    NE
 2  17,2  21,4   16:26  14,6   05:40   1,1   0,0   3,0   6,1  29,0   20:25    SO
 3  19,1  24,2   16:47  15,0   02:05   0,0   0,8   0,0   5,5  29,0   14:45    SO
 4  20,0  25,9   18:17  15,3   03:43   0,0   1,7   0,0   2,6  17,7   17:35    SO
 5  21,9  28,1   18:33  16,8   07:04   0,0   3,6   0,0   3,2  17,7   12:00     N
 6  20,3  24,3   16:00  16,9   07:50   0,0   2,0   0,0   4,0  25,7   20:56    SO
 7  18,4  21,5   15:02  14,3   07:42   0,0   0,1   1,2   6,5  30,6   15:03    SO
 8  20,3  27,6   19:09  13,2   07:26   0,0   2,0   0,0   3,8  22,5   13:03    NE
 9  24,0  32,2   19:26  15,9   07:12   0,0   5,7   0,0   3,8  24,1   14:26    NE
10  24,8  31,8   17:28  18,1   07:33   0,0   6,5   0,0   5,9  29,0   17:24   ENE
11  23,0  28,0   14:38  18,6   06:19   0,0   4,7   0,0   6,8  35,4   14:26   ENE
12  24,6  30,4   19:06  19,9   05:25   0,0   6,3   0,0   4,7  20,9   06:44   NNE
13  25,7  31,3   18:00  20,4   06:21   0,0   7,4   0,0   3,8  22,5   15:02    NE
14  25,9  33,6   18:32  17,8   07:51   0,0   7,6   0,0   2,4  16,1   16:29     O
15  26,3  31,8   17:52  21,2   07:33   0,0   8,0   0,0   7,7  35,4   13:50   ENE
16  23,9  29,2   15:53  19,5   07:07   0,0   5,6   0,0   5,1  30,6   10:27   ESE
17  23,5  29,3   17:54  18,6   07:46   0,0   5,2   0,0   4,5  20,9   02:52   ENE
18  21,9  26,2   15:40  17,3   09:23   0,0   3,6   3,2   5,9  38,6   18:13     S
19  20,2  25,6   16:25  17,8   06:52   0,0   1,9  15,4   2,9  25,7   18:23     S
20  21,2  27,4   18:45  17,3   06:47   0,0   2,9   0,0   1,8  19,3   19:58    SE
21  23,9  30,4   19:46  17,8   07:00   0,0   5,6   0,0   2,0  24,1   17:30    NE
22  24,8  32,5   17:57  19,3   05:53   0,0   6,5   0,0   3,1  30,6   19:46   SSO
23  26,3  31,6   17:31  19,6   07:26   0,0   8,0   0,0   5,9  33,8   14:55     E
24  27,1  33,9   17:26  18,9   07:17   0,0   8,8   0,0   6,6  30,6   15:24     E
25  27,4  33,4   16:16  20,8   08:01   0,0   9,1   0,0   4,5  24,1   18:39     E
26  25,3  27,7   19:05  21,5   11:07   0,0   7,0   0,0   2,8  25,7   09:48    SO
27  26,1  32,2   20:00  20,9   05:33   0,0   7,8   0,0   3,2  19,3   13:36    SE
28  25,8  30,9   15:37  21,2   07:30   0,0   7,5   0,0   4,7  30,6   16:19    SO
29  23,2  27,6   16:49  19,8   05:43   0,0   4,9   0,0   5,0  29,0   17:28    SO
30  21,7  24,8   14:44  19,3   05:11   0,0   3,4   0,6   7,4  35,4   14:11    SO
31  23,5  30,1   19:56  19,0   05:23   0,0   5,2   0,0   3,0  22,5   22:23   ONO
----------------------------------------------------------------------------------
    23,0  33,9    24    13,2     8     2,8 149,4  25,6   4,5  38,6    18      SE

Max >=  30,0: 14
Max <=  20,0:  0
Min <=  30,0: 31
Min <=   0,0:  0
Max Rain: 15,4 on day 19
Days of Rain: 6 (> 0,2 mm)  4 (> 2,0 mm)  0 (> 20,0 mm)
Heat Base: 18,3  Cool Base: 18,3  Method: Integration