Temperatura máxima Desde: 20-07-2019 12:00 Hasta: 19:59 Aviso por: Temperatura máxima Nivel: Naranja info button
español:
Temperatura máxima: 40 ºC. Esté preparado. Tome precauciones y manténgase informado de la predicción meteorológica más actualizada. Las actividades habituales pueden verse alteradas y las realizadas al aire libre, interrumpidas.

english:
Maximum temperature: 40 ºC. Be prepared. Take precautions and keep up to date with the latest weather forecast. Expect some disruption to daily routines and be prepared for disruption to outdoor activities. 

Informes Estilo NOAA


Informe 2011 Marzo
                   Monthly Climatological Summary for mar 2011

Name: tiempoensevilla.es   City: Sevilla   State: España
Elevation: 6 m  Lat: N 37° 23' 01"   Lon: W 005° 59' 08"

                  Temperature (°C), Rain (mm), Wind Speed (km/h)

                                      Heat  Cool        Avg
    Mean                              Deg   Deg         Wind                 Dom
Day Temp  High   Time   Low    Time   Days  Days  Rain  Speed High   Time    Dir
----------------------------------------------------------------------------------
 1  11,3  15,9   16:04   7,4   06:56   7,0   0,0   0,0   5,3  33,8   16:29    NE
 2  10,8  15,2   16:24   6,7   07:07   7,5   0,0   0,0   5,3  27,4   12:53   NNE
 3  10,9  15,8   15:54   6,4   07:58   7,4   0,0   0,0   3,2  24,1   16:23   NNE
 4  11,0  14,0   13:43   8,9   09:23   7,3   0,0   0,0   3,3  24,1   16:58     E
 5  12,2  16,5   15:52   8,2   06:05   6,1   0,0   0,0   3,7  17,7   10:29   NNE
 6  12,8  16,4   13:23  10,1   07:32   5,5   0,0   0,0   2,7  20,9   16:23    NE
 7  14,1  21,1   16:48   8,7   03:49   4,2   0,0   0,0   3,9  22,5   18:56   ENE
 8  12,0  13,6   00:00  11,0   23:05   6,3   0,0  18,2   3,3  22,5   05:18   NNE
 9  12,1  13,8   11:09  10,6   04:42   6,2   0,0   5,8   4,4  25,7   11:25    NE
10  13,5  16,1   13:49  11,4   01:25   4,8   0,0   0,2   5,8  27,4   12:02   ENE
11  12,8  14,4   17:12  11,7   03:31   5,5   0,0   4,8   3,7  27,4   11:03    NE
12  13,8  18,3   16:23  11,3   02:39   4,5   0,0   1,2   3,0  25,7   18:40    SO
13  12,0  14,2   10:47  10,6   22:44   6,3   0,0  20,6   1,4  29,0   11:13   SSE
14  12,5  14,4   15:38  10,6   00:00   5,8   0,0   7,4   4,2  29,0   16:48     S
15  12,0  15,8   16:34   8,5   07:46   6,3   0,0   0,2   3,1  25,7   18:41    SO
16  13,0  18,6   17:15   7,7   07:40   5,3   0,0   0,0   3,4  29,0   18:30   ONO
17  14,9  20,2   17:02  11,1   07:34   3,4   0,0   0,0   2,2  17,7   17:29    SO
18  16,5  23,5   18:39   9,3   08:07   1,8   0,0   0,2   1,9  16,1   10:36    NE
19  18,2  24,7   18:03  11,8   07:21   0,1   0,0   0,0   3,1  19,3   09:43    NE
20  18,4  25,2   17:18  12,3   06:43   0,0   0,1   0,0   3,0  20,9   21:34   SSE
21  17,1  23,3   17:35  11,8   07:24   1,2   0,0   0,0   2,3  25,7   19:06   ENE
22  16,2  20,1   16:51  12,9   02:32   2,1   0,0   0,0   9,3  40,2   11:00     E
23  16,2  21,5   16:05  11,6   07:00   2,1   0,0   0,0   9,1  43,5   12:02   ENE
24  18,6  25,4   17:02  13,3   05:54   0,0   0,3   0,0   3,8  24,1   07:42   ENE
25  18,0  23,3   16:40  13,7   05:32   0,3   0,0   0,0   4,6  22,5   18:51     O
26  16,5  20,7   15:57  13,5   07:37   1,8   0,0   0,0   4,5  30,6   16:19    SO
27  15,9  19,6   17:00  12,3   07:41   2,4   0,0   0,0   4,7  29,0   19:00    SO
28  16,7  21,0   17:42  13,1   08:36   1,6   0,0   0,0   3,2  24,1   21:27     O
29  17,4  23,3   18:48  13,7   05:03   0,9   0,0   1,6   2,8  25,7   17:28     O
30  18,8  24,9   18:25  13,5   08:25   0,0   0,5   0,0   4,8  27,4   15:18     N
31  21,4  28,9   17:51  14,5   07:35   0,0   3,1   0,0   4,4  24,1   12:42    NE
----------------------------------------------------------------------------------
    14,8  28,9    31     6,4     3   113,7   4,0  60,2   4,0  43,5    23      NE

Max >=  30,0:  0
Max <=  20,0: 16
Min <=  30,0: 31
Min <=   0,0:  0
Max Rain: 20,6 on day 13
Days of Rain: 10 (> 0,2 mm)  5 (> 2,0 mm)  1 (> 20,0 mm)
Heat Base: 18,3  Cool Base: 18,3  Method: Integration