Temperatura máxima Desde: 20-07-2019 12:00 Hasta: 19:59 Aviso por: Temperatura máxima Nivel: Naranja info button
español:
Temperatura máxima: 40 ºC. Esté preparado. Tome precauciones y manténgase informado de la predicción meteorológica más actualizada. Las actividades habituales pueden verse alteradas y las realizadas al aire libre, interrumpidas.

english:
Maximum temperature: 40 ºC. Be prepared. Take precautions and keep up to date with the latest weather forecast. Expect some disruption to daily routines and be prepared for disruption to outdoor activities. 

Informes Estilo NOAA


Informe 2011 Febrero
                   Monthly Climatological Summary for feb 2011

Name: tiempoensevilla.es   City: Sevilla   State: España
Elevation: 6 m  Lat: N 37° 23' 01"   Lon: W 005° 59' 08"

                  Temperature (°C), Rain (mm), Wind Speed (km/h)

                                      Heat  Cool        Avg
    Mean                              Deg   Deg         Wind                 Dom
Day Temp  High   Time   Low    Time   Days  Days  Rain  Speed High   Time    Dir
----------------------------------------------------------------------------------
 1   8,9  13,8   16:51   4,8   06:47   9,4   0,0   0,0   4,0  20,9   13:02   NNE
 2   9,2  14,3   17:40   5,3   09:01   9,1   0,0   0,0   1,9  20,9   13:20    NE
 3   9,9  16,7   17:36   4,7   07:52   8,4   0,0   0,0   1,5  16,1   14:13    NE
 4  11,0  18,6   17:35   4,2   07:39   7,3   0,0   0,0   3,2  22,5   15:23   NNE
 5  12,0  19,6   16:31   6,4   05:14   6,3   0,0   0,0   3,0  17,7   08:23   NNE
 6  11,9  18,8   17:11   6,9   05:26   6,4   0,0   0,0   2,1  16,1   09:54   NNE
 7  11,3  17,7   16:32   5,4   08:30   7,0   0,0   0,0   1,6  14,5   16:56    SO
 8  10,9  16,4   17:49   7,3   07:59   7,4   0,0   0,0   1,0  11,3   11:51     N
 9  11,5  16,9   16:58   6,9   06:01   6,8   0,0   0,0   2,5  19,3   13:46   NNE
10  12,6  19,0   17:19   6,9   07:41   5,7   0,0   0,0   2,1  14,5   12:40     N
11  12,4  17,5   16:05   7,4   08:28   5,9   0,0   0,0   1,3  12,9   09:00   NNE
12  13,1  20,8   17:31   6,8   08:00   5,2   0,0   0,0   2,5  17,7   09:40   NNE
13  11,2  16,8   14:34   6,8   08:32   7,1   0,0   6,2   4,7  38,6   18:56    SO
14  11,0  14,8   15:19   7,0   08:36   7,3   0,0   1,8   4,0  29,0   16:08    SO
15  12,1  14,2   17:34  10,4   23:53   6,2   0,0  26,0   5,9  35,4   06:59    SO
16  10,3  14,2   16:49   7,6   06:39   8,0   0,0  10,0   6,0  82,1   11:17    SO
17  11,8  15,8   14:46   7,8   06:51   6,5   0,0   0,0   6,7  35,4   18:01   OSO
18  12,1  16,1   18:02   7,6   07:53   6,2   0,0   0,0   1,0  12,9   00:40   OSO
19  13,0  16,6   17:45  10,7   07:20   5,3   0,0   2,6   2,2  27,4   23:38   SSO
20  15,1  19,6   16:56  11,4   08:12   3,2   0,0   2,2   4,3  25,7   17:33     O
21  15,1  19,4   16:50  11,5   07:21   3,2   0,0   0,0   4,0  24,1   13:11   ONO
22  15,6  21,1   16:59  10,9   07:25   2,7   0,0   0,0   3,9  20,9   13:10     O
23  16,1  22,9   17:41  10,1   07:30   2,2   0,0   0,0   4,5  27,4   13:42   NNE
24  17,1  23,2   17:12  11,3   07:38   1,2   0,0   0,0   4,1  22,5   11:45    NE
25  17,9  25,2   17:56  11,9   08:51   0,4   0,0   0,0   1,8  14,5   10:48   NNE
26  16,7  24,1   16:13  10,2   08:47   1,6   0,0   0,0   2,0  22,5   18:16   OSO
27  15,5  20,0   17:37  11,3   08:19   2,8   0,0   0,0   3,5  37,0   15:13    NE
28  13,6  18,1   14:42   8,8   07:48   4,7   0,0   0,0   6,1  35,4   15:44     N
----------------------------------------------------------------------------------
    12,8  25,2    25     4,2     4   153,5   0,0  48,8   3,3  82,1    16      NO

Max >=  30,0:  0
Max <=  20,0: 22
Min <=  30,0: 28
Min <=   0,0:  0
Max Rain: 26,0 on day 15
Days of Rain: 6 (> 0,2 mm)  5 (> 2,0 mm)  1 (> 20,0 mm)
Heat Base: 18,3  Cool Base: 18,3  Method: Integration